000
CXUS54 KEWX 051854
CF6SSF
PRELIMINARY LOCAL CLIMATOLOGICAL DATA (WS FORM: F-6)
STATION: SAN ANTONIO STINSON FIELD
MONTH: JUNE
YEAR: 2022
LATITUDE: 29 19 N
LONGITUDE: 98 29 W
TEMPERATURE IN F: :PCPN: SNOW: WIND :SUNSHINE: SKY :PK WND
================================================================================
1 2 3 4 5 6A 6B 7 8 9 10 11 12 13 14 15 16 17 18
12Z AVG MX 2MIN
DY MAX MIN AVG DEP HDD CDD WTR SNW DPTH SPD SPD DIR MIN PSBL S-S WX SPD DR
================================================================================
1 100 77 89 7 0 24 0.00 M M 10.5 24 120 M M 6 34 110
2 98 72 85 3 0 20 0.00 M M 5.9 15 70 M M 3 23 70
3 97 77 87 5 0 22 0.00 M M 6.2 16 50 M M 3 25 40
4 100 72 86 3 0 21 T M M 5.1 25 130 M M 1 33 130
5 103 72 88 5 0 23 0.00 M M 9.8 21 150 M M 0 31 140
6 106 75 91 8 0 26 0.00 M M 12.8 23 140 M M 2 30 120
7 105 75 90 7 0 25 0.00 M M 11.4 20 140 M M 2 30 120
8 102 77 90 7 0 25 0.00 M M 10.0 21 130 M M 3 28 130
9 101 77 89 6 0 24 0.00 M M 6.4 18 160 M M 5 27 160
10 103 76 90 6 0 25 0.00 M M 7.7 17 140 M M 4 25 150
11 106 74 90 6 0 25 0.00 M M 6.1 21 150 M M 0 29 130
12 107 75 91 7 0 26 0.00 M M 9.9 22 150 M M 1 29 150
13 102 76 89 5 0 24 0.00 M M 13.7 25 130 M M 3 38 130
14 101 77 89 5 0 24 0.00 M M 14.8 26 160 M M 4 38 180
15 98 79 89 5 0 24 0.00 M M 13.3 25 130 M M 5 34 150
16 104 75 90 6 0 25 0.00 M M 9.9 20 130 M M 4 18 27 160
17 99 72 86 2 0 21 0.00 M M 6.1 17 140 M M 3 24 110
18 100 74 87 3 0 22 0.00 M M 7.6 21 130 M M 3 3 29 130
19 101 76 89 5 0 24 0.00 M M 5.9 21 140 M M 2 30 170
20 102 73 88 4 0 23 0.00 M M 7.6 20 140 M M 2 27 130
21 102 76 89 5 0 24 0.00 M M 7.8 22 130 M M 2 32 140
22 100 77 89 5 0 24 0.00 M M 6.5 16 160 M M 3 23 170
23 102 73 88 4 0 23 0.00 M M 5.1 18 120 M M 0 27 150
24 103 72 88 4 0 23 0.00 M M 7.6 22 150 M M 0 29 140
25 102 75 89 5 0 24 0.00 M M 9.1 21 150 M M 2 27 130
26 102 76 89 4 0 24 0.00 M M 4.9 18 140 M M 2 26 140
27 103 73 88 3 0 23 T M M 7.0 26 60 M M 1 38 42 60
28 92 70 81 -4 0 16 T M M 5.9 28 360 M M 3 138 42 360
29 98 71 85 0 0 20 M M M 4.9 15 130 M M 1 18 21 130
30 99 74 87 2 0 22 0.00 M M 5.8 17 130 M M 1 26 130
================================================================================
SM 3038 2238 0 696 T M 245.3 M 71
================================================================================
AV101.3 74.6 8.2 FASTST M M 2 MAX(MPH)
MISC ----> 28 360 # 42 60
================================================================================
NOTES:
# LAST OF SEVERAL OCCURRENCES
COLUMN 17 PEAK WIND IN M.P.H.
PRELIMINARY LOCAL CLIMATOLOGICAL DATA (WS FORM: F-6) , PAGE 2
STATION: SAN ANTONIO STINSON FIELD
MONTH: JUNE
YEAR: 2022
LATITUDE: 29 19 N
LONGITUDE: 98 29 W
[TEMPERATURE DATA] [PRECIPITATION DATA] SYMBOLS USED IN COLUMN 16
AVERAGE MONTHLY: 87.9 TOTAL FOR MONTH: T 1 = FOG OR MIST
DPTR FM NORMAL: 4.1 DPTR FM NORMAL: -3.17 2 = FOG REDUCING VISIBILITY
HIGHEST: 107 ON 12 GRTST 24HR T ON 4- 4 TO 1/4 MILE OR LESS
LOWEST: 70 ON 28 3 = THUNDER
SNOW, ICE PELLETS, HAIL 4 = ICE PELLETS
TOTAL MONTH: M 5 = HAIL
GRTST 24HR M ON M 6 = FREEZING RAIN OR DRIZZLE
GRTST DEPTH: M ON M 7 = DUSTSTORM OR SANDSTORM:
VSBY 1/2 MILE OR LESS
8 = SMOKE OR HAZE
[NO. OF DAYS WITH] [WEATHER - DAYS WITH] 9 = BLOWING SNOW
X = TORNADO
MAX 32 OR BELOW: 0 0.01 INCH OR MORE: 0
MAX 90 OR ABOVE: 30 0.10 INCH OR MORE: 0
MIN 32 OR BELOW: 0 0.50 INCH OR MORE: 0
MIN 0 OR BELOW: 0 1.00 INCH OR MORE: 0
[HDD (BASE 65) ]
TOTAL THIS MO. 0 CLEAR (SCALE 0-3) 17
DPTR FM NORMAL 0 PTCLDY (SCALE 4-7) 13
TOTAL FM JUL 1 923 CLOUDY (SCALE 8-10) 0
DPTR FM NORMAL -317
[CDD (BASE 65) ]
TOTAL THIS MO. 696
DPTR FM NORMAL 132 [PRESSURE DATA]
TOTAL FM JAN 1 1929 HIGHEST SLP 30.10 ON 29
DPTR FM NORMAL 608 LOWEST SLP 29.54 ON 6
[REMARKS]
#FINAL-06-22#