000
CXUS54 KEWX 011010
CF6SSF
PRELIMINARY LOCAL CLIMATOLOGICAL DATA (WS FORM: F-6)
STATION: SAN ANTONIO STINSON FIELD
MONTH: AUGUST
YEAR: 2023
LATITUDE: 29 19 N
LONGITUDE: 98 29 W
TEMPERATURE IN F: :PCPN: SNOW: WIND :SUNSHINE: SKY :PK WND
================================================================================
1 2 3 4 5 6A 6B 7 8 9 10 11 12 13 14 15 16 17 18
12Z AVG MX 2MIN
DY MAX MIN AVG DEP HDD CDD WTR SNW DPTH SPD SPD DIR MIN PSBL S-S WX SPD DR
================================================================================
1 104 77 91 4 0 26 0.00 M M 6.7 17 130 M M 2 28 150
2 103 79 91 4 0 26 0.00 M M 7.7 20 140 M M 2 27 140
3 104 78 91 4 0 26 0.00 M M 7.9 22 140 M M 2 31 150
4 106 78 92 5 0 27 0.00 M M 9.0 20 140 M M 0 28 140
5 105 76 91 4 0 26 0.00 M M 8.8 17 130 M M 0 28 150
6 107 77 92 5 0 27 0.00 M M 9.9 21 150 M M 1 32 150
7 108 76 92 5 0 27 0.00 M M 9.1 24 130 M M 0 36 140
8 106 78 92 5 0 27 0.00 M M 8.4 26 130 M M 1 33 130
9 108 77 93 6 0 28 0.00 M M 10.8 22 160 M M 1 31 140
10 107 79 93 6 0 28 0.00 M M 10.4 22 140 M M 2 30 140
11 107 80 94 7 0 29 0.00 M M 11.7 25 130 M M 2 32 130
12 106 78 92 5 0 27 0.00 M M 10.8 23 140 M M 2 31 150
13 105 79 92 5 0 27 0.00 M M 10.5 21 140 M M 2 27 160
14 105 78 92 5 0 27 0.00 M M 5.9 17 140 M M 2 25 140
15 105 80 93 6 0 28 0.00 M M 4.8 14 110 M M 0 19 20
16 106 82 94 7 0 29 0.00 M M 7.1 17 170 M M 0 23 170
17 108 75 92 5 0 27 0.00 M M 5.3 15 150 M M 0 22 170
18 105 76 91 4 0 26 0.00 M M 7.6 18 140 M M 0 29 130
19 105 75 90 3 0 25 0.00 M M 7.0 18 130 M M 0 30 140
20 104 76 90 4 0 25 0.00 M M 5.2 16 120 M M 1 21 120
21 107 79 93 7 0 28 0.00 M M 6.7 22 110 M M 1 33 100
22 91 78 85 -1 0 20 0.19 M M 9.9 21 50 M M 3 13 33 50
23 100 80 90 4 0 25 T M M 9.6 20 120 M M 5 26 110
24 103 75 89 3 0 24 0.00 M M 4.9 16 110 M M 1 1 25 150
25 105 76 91 5 0 26 0.00 M M 5.3 17 130 M M 0 23 130
26 104 76 90 4 0 25 0.00 M M 4.0 17 140 M M 0 24 130
27 107 76 92 6 0 27 0.00 M M 4.8 18 360 M M 1 25 10
28 104 80 92 7 0 27 0.03 M M 6.5 32 20 M M 2 3 49 30
29 100 77 89 4 0 24 0.00 M M 6.2 16 40 M M 1 24 50
30 103 75 89 4 0 24 T M M 4.4 16 290 M M 1 24 300
31 102 M M M M M 0.00 M M 4.0 13 80 M M 1 18 0
================================================================================
SM 3240 2326 0 788 0.22 M 230.9 M 36
================================================================================
AV104.5 77.5 7.4 FASTST M M 1 MAX(MPH)
MISC ----> 32 20 49 30
================================================================================
NOTES:
# LAST OF SEVERAL OCCURRENCES
COLUMN 17 PEAK WIND IN M.P.H.
PRELIMINARY LOCAL CLIMATOLOGICAL DATA (WS FORM: F-6) , PAGE 2
STATION: SAN ANTONIO STINSON FIELD
MONTH: AUGUST
YEAR: 2023
LATITUDE: 29 19 N
LONGITUDE: 98 29 W
[TEMPERATURE DATA] [PRECIPITATION DATA] SYMBOLS USED IN COLUMN 16
AVERAGE MONTHLY: 91.0 TOTAL FOR MONTH: 0.22 1 = FOG OR MIST
DPTR FM NORMAL: 4.4 DPTR FM NORMAL: -2.28 2 = FOG REDUCING VISIBILITY
HIGHEST: 108 ON 17, 9 GRTST 24HR 0.19 ON 22-22 TO 1/4 MILE OR LESS
LOWEST: 75 ON 30,24 3 = THUNDER
SNOW, ICE PELLETS, HAIL 4 = ICE PELLETS
TOTAL MONTH: M 5 = HAIL
GRTST 24HR M ON M 6 = FREEZING RAIN OR DRIZZLE
GRTST DEPTH: M ON M 7 = DUSTSTORM OR SANDSTORM:
VSBY 1/2 MILE OR LESS
8 = SMOKE OR HAZE
[NO. OF DAYS WITH] [WEATHER - DAYS WITH] 9 = BLOWING SNOW
X = TORNADO
MAX 32 OR BELOW: 0 0.01 INCH OR MORE: 2
MAX 90 OR ABOVE: 31 0.10 INCH OR MORE: 1
MIN 32 OR BELOW: 0 0.50 INCH OR MORE: 0
MIN 0 OR BELOW: 0 1.00 INCH OR MORE: 0
[HDD (BASE 65) ]
TOTAL THIS MO. 0 CLEAR (SCALE 0-3) 29
DPTR FM NORMAL 0 PTCLDY (SCALE 4-7) 2
TOTAL FM JUL 1 0 CLOUDY (SCALE 8-10) 0
DPTR FM NORMAL 0
[CDD (BASE 65) ]
TOTAL THIS MO. 788
DPTR FM NORMAL 120 [PRESSURE DATA]
TOTAL FM JAN 1 3028 HIGHEST SLP 30.06 ON 15
DPTR FM NORMAL 396 LOWEST SLP 29.66 ON 10
[REMARKS]
#FINAL-08-23#