000
CDUS43 KMPX 200624
CLISTC


CLIMATE REPORT
NATIONAL WEATHER SERVICE CHANHASSEN MN
122 AM CDT SUN MAY 20 2018


...................................

...THE ST CLOUD MN CLIMATE SUMMARY FOR MAY 19 2018...

CLIMATE NORMAL PERIOD 1981 TO 2010
CLIMATE RECORD PERIOD 1893 TO 2018


WEATHER ITEM   OBSERVED TIME   RECORD YEAR NORMAL DEPARTURE LAST
                VALUE   (LST)  VALUE       VALUE  FROM      YEAR
                                                  NORMAL
..................................................................
TEMPERATURE (F)
 YESTERDAY
  MAXIMUM         65   1202 AM  91    1921  70     -5       56
  MINIMUM         48   1159 PM  28    2000  45      3       39
                                      1981
  AVERAGE         57                        58     -1       48

PRECIPITATION (IN)
  YESTERDAY        0.00          2.41 1911   0.10  -0.10     0.00
  MONTH TO DATE    0.23                      1.78  -1.55     2.60
  SINCE MAR 1      3.63                      5.90  -2.27     6.54
  SINCE JAN 1      5.21                      7.14  -1.93     7.86

SNOWFALL (IN)
  YESTERDAY        0.0           3.2  1971   0.0    0.0      0.0
  MONTH TO DATE    0.0                       0.0    0.0      1.0
  SINCE MAR 1     30.2                      11.5   18.7      3.0
  SINCE JUL 1     62.7                      45.7   17.0     31.9
  SNOW DEPTH       0

DEGREE DAYS
 HEATING
  YESTERDAY        8                         8      0       17
  MONTH TO DATE  119                       206    -87      185
  SINCE MAR 1   2181                      1927    254     1808
  SINCE JUL 1   8636                      8373    263     7164

 COOLING
  YESTERDAY        0                         1     -1        0
  MONTH TO DATE   10                        11     -1        3
  SINCE MAR 1     10                        13     -3        3
  SINCE JAN 1     10                        13     -3        3
..................................................................


WIND (MPH)
  HIGHEST WIND SPEED    21   HIGHEST WIND DIRECTION     N (360)
  HIGHEST GUST SPEED    32   HIGHEST GUST DIRECTION     N (360)
  AVERAGE WIND SPEED    11.5


SKY COVER
  POSSIBLE SUNSHINE  MM
  AVERAGE SKY COVER 0.7


WEATHER CONDITIONS
 THE FOLLOWING WEATHER WAS RECORDED YESTERDAY.
  FOG


RELATIVE HUMIDITY (PERCENT)
 HIGHEST    96           700 AM
 LOWEST     57           400 PM
 AVERAGE    77

..........................................................


THE ST CLOUD MN CLIMATE NORMALS FOR TODAY
                         NORMAL    RECORD    YEAR
 MAXIMUM TEMPERATURE (F)   70        92      2009
 MINIMUM TEMPERATURE (F)   46        28      1967


SUNRISE AND SUNSET
MAY 20 2018...........SUNRISE   540 AM CDT   SUNSET   846 PM CDT
MAY 21 2018...........SUNRISE   539 AM CDT   SUNSET   847 PM CDT


-  INDICATES NEGATIVE NUMBERS.
R  INDICATES RECORD WAS SET OR TIED.
MM INDICATES DATA IS MISSING.
T  INDICATES TRACE AMOUNT.




$$
