000
CDUS43 KMPX 180707
CLISTC


CLIMATE REPORT
NATIONAL WEATHER SERVICE CHANHASSEN MN
205 AM CDT FRI MAY 18 2018


...................................

...THE ST CLOUD MN CLIMATE SUMMARY FOR MAY 17 2018...

CLIMATE NORMAL PERIOD 1981 TO 2010
CLIMATE RECORD PERIOD 1893 TO 2018


WEATHER ITEM   OBSERVED TIME   RECORD YEAR NORMAL DEPARTURE LAST
                VALUE   (LST)  VALUE       VALUE  FROM      YEAR
                                                  NORMAL
..................................................................
TEMPERATURE (F)
 YESTERDAY
  MAXIMUM         82    505 PM  90    1998  69     13       63
                                      1972
  MINIMUM         48    551 AM  28    1973  45      3       50
  AVERAGE         65                        57      8       57

PRECIPITATION (IN)
  YESTERDAY        0.00          1.41 2015   0.09  -0.09     0.81
  MONTH TO DATE    0.23                      1.59  -1.36     2.30
  SINCE MAR 1      3.63                      5.71  -2.08     6.24
  SINCE JAN 1      5.21                      6.95  -1.74     7.56

SNOWFALL (IN)
  YESTERDAY        0.0           T    1915   0.0    0.0      0.0
  MONTH TO DATE    0.0                       0.0    0.0      1.0
  SINCE MAR 1     30.2                      11.5   18.7      3.0
  SINCE JUL 1     62.7                      45.7   17.0     31.9
  SNOW DEPTH       0

DEGREE DAYS
 HEATING
  YESTERDAY        0                         9     -9        8
  MONTH TO DATE  111                       189    -78      152
  SINCE MAR 1   2173                      1910    263     1775
  SINCE JUL 1   8628                      8356    272     7131

 COOLING
  YESTERDAY        0                         1     -1        0
  MONTH TO DATE    6                         9     -3        3
  SINCE MAR 1      6                        11     -5        3
  SINCE JAN 1      6                        11     -5        3
..................................................................


WIND (MPH)
  HIGHEST WIND SPEED    20   HIGHEST WIND DIRECTION     E (70)
  HIGHEST GUST SPEED    33   HIGHEST GUST DIRECTION     E (80)
  AVERAGE WIND SPEED    10.1


SKY COVER
  POSSIBLE SUNSHINE  MM
  AVERAGE SKY COVER 0.1


WEATHER CONDITIONS
 THE FOLLOWING WEATHER WAS RECORDED YESTERDAY.
  NO SIGNIFICANT WEATHER WAS OBSERVED.


RELATIVE HUMIDITY (PERCENT)
 HIGHEST    71           200 AM
 LOWEST     34           400 PM
 AVERAGE    53

..........................................................


THE ST CLOUD MN CLIMATE NORMALS FOR TODAY
                         NORMAL    RECORD    YEAR
 MAXIMUM TEMPERATURE (F)   70        94      2012
                                             1998
 MINIMUM TEMPERATURE (F)   45        30      1976


SUNRISE AND SUNSET
MAY 18 2018...........SUNRISE   542 AM CDT   SUNSET   844 PM CDT
MAY 19 2018...........SUNRISE   541 AM CDT   SUNSET   845 PM CDT


-  INDICATES NEGATIVE NUMBERS.
R  INDICATES RECORD WAS SET OR TIED.
MM INDICATES DATA IS MISSING.
T  INDICATES TRACE AMOUNT.




$$
