000
CDUS43 KMPX 212126
CLISTC


CLIMATE REPORT
NATIONAL WEATHER SERVICE CHANHASSEN MN
426 PM CDT MON MAY 21 2018


...................................

...THE ST CLOUD MN CLIMATE SUMMARY FOR MAY 21 2018...
VALID TODAY AS OF 0400 PM LOCAL TIME.

CLIMATE NORMAL PERIOD 1981 TO 2010
CLIMATE RECORD PERIOD 1893 TO 2018


WEATHER ITEM   OBSERVED TIME   RECORD YEAR NORMAL DEPARTURE LAST
                VALUE   (LST)  VALUE       VALUE  FROM      YEAR
                                                  NORMAL
..................................................................
TEMPERATURE (F)
 TODAY
  MAXIMUM         59   1036 AM  95    1964  70    -11       48
  MINIMUM         43    105 AM  30    1986  46     -3       44
                                      1979
  AVERAGE         51                        58     -7       46

PRECIPITATION (IN)
  TODAY            0.17          2.00 1916   0.09   0.08     0.34
  MONTH TO DATE    0.40                      1.96  -1.56     4.31
  SINCE MAR 1      3.80                      6.08  -2.28     8.25
  SINCE JAN 1      5.38                      7.32  -1.94     9.57

SNOWFALL (IN)
  TODAY           MM             0.0    MM   0.0   MM        0.0
  MONTH TO DATE    0.0                       0.0    0.0      1.0
  SINCE MAR 1     30.2                      11.5   18.7      3.0
  SINCE JUL 1     62.7                      45.7   17.0     31.9
  SNOW DEPTH       0

DEGREE DAYS
 HEATING
  TODAY           14                         8      6       19
  MONTH TO DATE  144                       222    -78      225
  SINCE MAR 1   2206                      1943    263     1848
  SINCE JUL 1   8661                      8389    272     7204

 COOLING
  TODAY            0                         1     -1        0
  MONTH TO DATE   10                        13     -3        3
  SINCE MAR 1     10                        15     -5        3
  SINCE JAN 1     10                        15     -5        3
..................................................................


WIND (MPH)
  HIGHEST WIND SPEED     8   HIGHEST WIND DIRECTION    NE (40)
  HIGHEST GUST SPEED    12   HIGHEST GUST DIRECTION    NE (60)
  AVERAGE WIND SPEED     3.0


SKY COVER
  POSSIBLE SUNSHINE  MM
  AVERAGE SKY COVER 0.8


WEATHER CONDITIONS
 THE FOLLOWING WEATHER WAS RECORDED TODAY.
  LIGHT RAIN
  FOG


RELATIVE HUMIDITY (PERCENT)
 HIGHEST    89           300 PM
 LOWEST     50           400 AM
 AVERAGE    70

..........................................................


THE ST CLOUD MN CLIMATE NORMALS FOR TOMORROW
                         NORMAL    RECORD    YEAR
 MAXIMUM TEMPERATURE (F)   71        94      1964
 MINIMUM TEMPERATURE (F)   46        28      1963


SUNRISE AND SUNSET
MAY 21 2018...........SUNRISE   539 AM CDT   SUNSET   847 PM CDT
MAY 22 2018...........SUNRISE   538 AM CDT   SUNSET   848 PM CDT


-  INDICATES NEGATIVE NUMBERS.
R  INDICATES RECORD WAS SET OR TIED.
MM INDICATES DATA IS MISSING.
T  INDICATES TRACE AMOUNT.




$$
