000
CDUS43 KMPX 170045
CLISTC


CLIMATE REPORT
NATIONAL WEATHER SERVICE CHANHASSEN MN
743 PM CDT WED MAY 16 2018


...................................

...THE ST CLOUD MN CLIMATE SUMMARY FOR MAY 16 2018...
VALID TODAY AS OF 0500 PM LOCAL TIME.

CLIMATE NORMAL PERIOD 1981 TO 2010
CLIMATE RECORD PERIOD 1893 TO 2018


WEATHER ITEM   OBSERVED TIME   RECORD YEAR NORMAL DEPARTURE LAST
                VALUE   (LST)  VALUE       VALUE  FROM      YEAR
                                                  NORMAL
..................................................................
TEMPERATURE (F)
 TODAY
  MAXIMUM         87    438 PM  94    1934  69     18       80
  MINIMUM         49    257 AM  30    1983  44      5       53
                                      1956
                                      1930
  AVERAGE         68                        57     11       67

PRECIPITATION (IN)
  TODAY            0.00          5.00 1894   0.09  -0.09     0.31
  MONTH TO DATE    0.23                      1.50  -1.27     1.49
  SINCE MAR 1      3.63                      5.62  -1.99     5.43
  SINCE JAN 1      5.21                      6.86  -1.65     6.75

SNOWFALL (IN)
  TODAY            0.0           T    1943   0.0    0.0      0.0
  MONTH TO DATE    0.0                       0.0    0.0      1.0
  SINCE MAR 1     30.2                      11.5   18.7      3.0
  SINCE JUL 1     62.7                      45.7   17.0     31.9
  SNOW DEPTH       0

DEGREE DAYS
 HEATING
  TODAY            0                         9     -9        0
  MONTH TO DATE  111                       180    -69      144
  SINCE MAR 1   2173                      1901    272     1767
  SINCE JUL 1   8628                      8347    281     7123

 COOLING
  TODAY            3                         1      2        2
  MONTH TO DATE    6                         8     -2        3
  SINCE MAR 1      6                        10     -4        3
  SINCE JAN 1      6                        10     -4        3
..................................................................


WIND (MPH)
  HIGHEST WIND SPEED    18   HIGHEST WIND DIRECTION     W (260)
  HIGHEST GUST SPEED    29   HIGHEST GUST DIRECTION     W (280)
  AVERAGE WIND SPEED     7.1


SKY COVER
  POSSIBLE SUNSHINE  MM
  AVERAGE SKY COVER 0.1


WEATHER CONDITIONS
 THE FOLLOWING WEATHER WAS RECORDED TODAY.
  NO SIGNIFICANT WEATHER WAS OBSERVED.


RELATIVE HUMIDITY (PERCENT)
 HIGHEST    77           600 AM
 LOWEST     25           300 PM
 AVERAGE    51

..........................................................


THE ST CLOUD MN CLIMATE NORMALS FOR TOMORROW
                         NORMAL    RECORD    YEAR
 MAXIMUM TEMPERATURE (F)   69        90      1998
                                             1972
 MINIMUM TEMPERATURE (F)   45        28      1973


SUNRISE AND SUNSET
MAY 16 2018...........SUNRISE   544 AM CDT   SUNSET   842 PM CDT
MAY 17 2018...........SUNRISE   543 AM CDT   SUNSET   843 PM CDT


-  INDICATES NEGATIVE NUMBERS.
R  INDICATES RECORD WAS SET OR TIED.
MM INDICATES DATA IS MISSING.
T  INDICATES TRACE AMOUNT.




$$
