000
CDUS43 KMPX 122204
CLISTC


CLIMATE REPORT
NATIONAL WEATHER SERVICE CHANHASSEN MN
503 PM CDT THU APR 12 2018


...................................

...THE ST CLOUD MN CLIMATE SUMMARY FOR APRIL 12 2018...
VALID TODAY AS OF 0500 PM LOCAL TIME.

CLIMATE NORMAL PERIOD 1981 TO 2010
CLIMATE RECORD PERIOD 1893 TO 2018


WEATHER ITEM   OBSERVED TIME   RECORD YEAR NORMAL DEPARTURE LAST
                VALUE   (LST)  VALUE       VALUE  FROM      YEAR
                                                  NORMAL
..................................................................
TEMPERATURE (F)
 TODAY
  MAXIMUM         45    229 PM  82    1931  55    -10       56
  MINIMUM         32    555 AM  13    1992  31      1       30
                                      1950
  AVERAGE         39                        43     -4       43

PRECIPITATION (IN)
  TODAY            0.00          0.90 1897   0.08  -0.08     0.17
  MONTH TO DATE    0.61                      0.88  -0.27     0.24
  SINCE MAR 1      2.60                      2.43   0.17     0.91
  SINCE JAN 1      4.18                      3.67   0.51     2.23

SNOWFALL (IN)
  TODAY            0.0           3.4  1991   0.1   -0.1      0.0
  MONTH TO DATE    8.8                       1.6    7.2      0.0
  SINCE MAR 1     24.2                      10.1   14.1      2.0
  SINCE JUL 1     56.7                      44.3   12.4     30.9
  SNOW DEPTH       4

DEGREE DAYS
 HEATING
  TODAY           26                        22      4       22
  MONTH TO DATE  508                       300    208      227
  SINCE MAR 1   1640                      1404    236     1287
  SINCE JUL 1   8095                      7850    245     6643

 COOLING
  TODAY            0                         0      0        0
  MONTH TO DATE    0                         0      0        0
  SINCE MAR 1      0                         0      0        0
  SINCE JAN 1      0                         0      0        0
..................................................................


WIND (MPH)
  HIGHEST WIND SPEED    10   HIGHEST WIND DIRECTION     N (360)
  HIGHEST GUST SPEED    14   HIGHEST GUST DIRECTION     N (340)
  AVERAGE WIND SPEED     5.3


SKY COVER
  POSSIBLE SUNSHINE  MM
  AVERAGE SKY COVER 0.5


WEATHER CONDITIONS
 THE FOLLOWING WEATHER WAS RECORDED TODAY.
  NO SIGNIFICANT WEATHER WAS OBSERVED.


RELATIVE HUMIDITY (PERCENT)
 HIGHEST   100           700 AM
 LOWEST     64          1200 AM
 AVERAGE    82

..........................................................


THE ST CLOUD MN CLIMATE NORMALS FOR TOMORROW
                         NORMAL    RECORD    YEAR
 MAXIMUM TEMPERATURE (F)   55        81      2006
 MINIMUM TEMPERATURE (F)   32        12      1928


SUNRISE AND SUNSET
APRIL 12 2018.........SUNRISE   636 AM CDT   SUNSET   759 PM CDT
APRIL 13 2018.........SUNRISE   634 AM CDT   SUNSET   800 PM CDT


-  INDICATES NEGATIVE NUMBERS.
R  INDICATES RECORD WAS SET OR TIED.
MM INDICATES DATA IS MISSING.
T  INDICATES TRACE AMOUNT.




$$
