000
CDUS43 KMPX 160126
CLISTC


CLIMATE REPORT
NATIONAL WEATHER SERVICE CHANHASSEN MN
826 PM CDT SUN APR 15 2018


...................................

...THE ST CLOUD MN CLIMATE SUMMARY FOR APRIL 15 2018...
VALID TODAY AS OF 0800 PM LOCAL TIME.

CLIMATE NORMAL PERIOD 1981 TO 2010
CLIMATE RECORD PERIOD 1893 TO 2018


WEATHER ITEM   OBSERVED TIME   RECORD YEAR NORMAL DEPARTURE LAST
                VALUE   (LST)  VALUE       VALUE  FROM      YEAR
                                                  NORMAL
..................................................................
TEMPERATURE (F)
 TODAY
  MAXIMUM         26    138 PM  84    2002  56    -30       65
  MINIMUM         23    210 PM  16    2014  33    -10       45
  AVERAGE         25                        44    -19       55

PRECIPITATION (IN)
  TODAY            0.16          1.51 2012   0.08   0.08     0.31
  MONTH TO DATE    1.21                      1.14   0.07     0.57
  SINCE MAR 1      3.20                      2.69   0.51     1.24
  SINCE JAN 1      4.78                      3.93   0.85     2.56

SNOWFALL (IN)
  TODAY            1.6           3.3  1991   0.1    1.5      0.0
  MONTH TO DATE   14.6                       2.0   12.6      0.0
  SINCE MAR 1     30.0                      10.5   19.5      2.0
  SINCE JUL 1     62.5                      44.7   17.8     30.9
  SNOW DEPTH       5

DEGREE DAYS
 HEATING
  TODAY           40                        21     19       10
  MONTH TO DATE  617                       364    253      264
  SINCE MAR 1   1749                      1468    281     1324
  SINCE JUL 1   8204                      7914    290     6680

 COOLING
  TODAY            0                         0      0        0
  MONTH TO DATE    0                         0      0        0
  SINCE MAR 1      0                         0      0        0
  SINCE JAN 1      0                         0      0        0
..................................................................


WIND (MPH)
  HIGHEST WIND SPEED    18   HIGHEST WIND DIRECTION     N (10)
  HIGHEST GUST SPEED    32   HIGHEST GUST DIRECTION     N (20)
  AVERAGE WIND SPEED    14.0


SKY COVER
  POSSIBLE SUNSHINE  MM
  AVERAGE SKY COVER 0.9


WEATHER CONDITIONS
 THE FOLLOWING WEATHER WAS RECORDED TODAY.
  SNOW
  LIGHT SNOW
  FOG
  FOG W/VISIBILITY <= 1/4 MILE


RELATIVE HUMIDITY (PERCENT)
 HIGHEST    88           100 AM
 LOWEST     75          1200 PM
 AVERAGE    82

..........................................................


THE ST CLOUD MN CLIMATE NORMALS FOR TOMORROW
                         NORMAL    RECORD    YEAR
 MAXIMUM TEMPERATURE (F)   57        86      1913
 MINIMUM TEMPERATURE (F)   33        16      1907


SUNRISE AND SUNSET
APRIL 15 2018.........SUNRISE   631 AM CDT   SUNSET   803 PM CDT
APRIL 16 2018.........SUNRISE   629 AM CDT   SUNSET   804 PM CDT


-  INDICATES NEGATIVE NUMBERS.
R  INDICATES RECORD WAS SET OR TIED.
MM INDICATES DATA IS MISSING.
T  INDICATES TRACE AMOUNT.




$$
