000
CDUS43 KMPX 130802
CLISTC


CLIMATE REPORT
NATIONAL WEATHER SERVICE CHANHASSEN MN
302 AM CDT SUN MAY 13 2018


...................................

...THE ST CLOUD MN CLIMATE SUMMARY FOR MAY 12 2018...

CLIMATE NORMAL PERIOD 1981 TO 2010
CLIMATE RECORD PERIOD 1893 TO 2018


WEATHER ITEM   OBSERVED TIME   RECORD YEAR NORMAL DEPARTURE LAST
                VALUE   (LST)  VALUE       VALUE  FROM      YEAR
                                                  NORMAL
..................................................................
TEMPERATURE (F)
 YESTERDAY
  MAXIMUM         62    434 PM  95    1900  68     -6       77
  MINIMUM         39    238 AM  21    1946  43     -4       37
  AVERAGE         51                        55     -4       57

PRECIPITATION (IN)
  YESTERDAY        0.00          1.31 1999   0.09  -0.09     0.00
  MONTH TO DATE    0.14                      1.14  -1.00     0.72
  SINCE MAR 1      3.54                      5.26  -1.72     4.66
  SINCE JAN 1      5.12                      6.50  -1.38     5.98

SNOWFALL (IN)
  YESTERDAY        0.0           T    1953   0.0    0.0      0.0
  MONTH TO DATE    0.0                       0.0    0.0      1.0
  SINCE MAR 1     30.2                      11.5   18.7      3.0
  SINCE JUL 1     62.7                      45.7   17.0     31.9
  SNOW DEPTH       0

DEGREE DAYS
 HEATING
  YESTERDAY       14                        10      4        8
  MONTH TO DATE   95                       142    -47      136
  SINCE MAR 1   2157                      1863    294     1759
  SINCE JUL 1   8612                      8309    303     7115

 COOLING
  YESTERDAY        0                         1     -1        0
  MONTH TO DATE    3                         4     -1        0
  SINCE MAR 1      3                         6     -3        0
  SINCE JAN 1      3                         6     -3        0
..................................................................


WIND (MPH)
  HIGHEST WIND SPEED    14   HIGHEST WIND DIRECTION     E (80)
  HIGHEST GUST SPEED    20   HIGHEST GUST DIRECTION     E (90)
  AVERAGE WIND SPEED     3.5


SKY COVER
  POSSIBLE SUNSHINE  MM
  AVERAGE SKY COVER 0.4


WEATHER CONDITIONS
 THE FOLLOWING WEATHER WAS RECORDED YESTERDAY.
  NO SIGNIFICANT WEATHER WAS OBSERVED.


RELATIVE HUMIDITY (PERCENT)
 HIGHEST    76          1200 AM
 LOWEST     27           400 PM
 AVERAGE    52

..........................................................


THE ST CLOUD MN CLIMATE NORMALS FOR TODAY
                         NORMAL    RECORD    YEAR
 MAXIMUM TEMPERATURE (F)   68        93      2007
 MINIMUM TEMPERATURE (F)   43        24      1997
                                             1953


SUNRISE AND SUNSET
MAY 13 2018...........SUNRISE   548 AM CDT   SUNSET   838 PM CDT
MAY 14 2018...........SUNRISE   547 AM CDT   SUNSET   839 PM CDT


-  INDICATES NEGATIVE NUMBERS.
R  INDICATES RECORD WAS SET OR TIED.
MM INDICATES DATA IS MISSING.
T  INDICATES TRACE AMOUNT.




$$
