000
CDUS43 KMPX 092136
CLISTC


CLIMATE REPORT
NATIONAL WEATHER SERVICE CHANHASSEN MN
435 PM CDT MON APR 9 2018


...................................

...THE ST CLOUD MN CLIMATE SUMMARY FOR APRIL 9 2018...
VALID TODAY AS OF 0400 PM LOCAL TIME.

CLIMATE NORMAL PERIOD 1981 TO 2010
CLIMATE RECORD PERIOD 1893 TO 2018


WEATHER ITEM   OBSERVED TIME   RECORD YEAR NORMAL DEPARTURE LAST
                VALUE   (LST)  VALUE       VALUE  FROM      YEAR
                                                  NORMAL
..................................................................
TEMPERATURE (F)
 TODAY
  MAXIMUM         35    142 PM  79    1930  53    -18       63
  MINIMUM         16   1256 AM  13    2016  30    -14       48
  AVERAGE         26                        41    -15       56

PRECIPITATION (IN)
  TODAY            0.00          0.63 1915   0.08  -0.08     0.06
  MONTH TO DATE    0.60                      0.65  -0.05     0.06
  SINCE MAR 1      2.59                      2.20   0.39     0.73
  SINCE JAN 1      4.17                      3.44   0.73     2.05

SNOWFALL (IN)
  TODAY            0.0           1.2  1983   0.1   -0.1      0.0
  MONTH TO DATE    8.8                       1.3    7.5      0.0
  SINCE MAR 1     24.2                       9.8   14.4      2.0
  SINCE JUL 1     56.7                      44.0   12.7     30.9
  SNOW DEPTH       8

DEGREE DAYS
 HEATING
  TODAY           39                        24     15        9
  MONTH TO DATE  420                       232    188      160
  SINCE MAR 1   1552                      1336    216     1220
  SINCE JUL 1   8007                      7782    225     6576

 COOLING
  TODAY            0                         0      0        0
  MONTH TO DATE    0                         0      0        0
  SINCE MAR 1      0                         0      0        0
  SINCE JAN 1      0                         0      0        0
..................................................................


WIND (MPH)
  HIGHEST WIND SPEED    17   HIGHEST WIND DIRECTION    NW (300)
  HIGHEST GUST SPEED    20   HIGHEST GUST DIRECTION    NW (310)
  AVERAGE WIND SPEED     5.8


SKY COVER
  POSSIBLE SUNSHINE  MM
  AVERAGE SKY COVER 0.9


WEATHER CONDITIONS
 THE FOLLOWING WEATHER WAS RECORDED TODAY.
  FOG


RELATIVE HUMIDITY (PERCENT)
 HIGHEST   100          1200 AM
 LOWEST     61           200 PM
 AVERAGE    81

..........................................................


THE ST CLOUD MN CLIMATE NORMALS FOR TOMORROW
                         NORMAL    RECORD    YEAR
 MAXIMUM TEMPERATURE (F)   53        87      1977
 MINIMUM TEMPERATURE (F)   30         9      1940


SUNRISE AND SUNSET
APRIL  9 2018.........SUNRISE   642 AM CDT   SUNSET   755 PM CDT
APRIL 10 2018.........SUNRISE   640 AM CDT   SUNSET   756 PM CDT


-  INDICATES NEGATIVE NUMBERS.
R  INDICATES RECORD WAS SET OR TIED.
MM INDICATES DATA IS MISSING.
T  INDICATES TRACE AMOUNT.




$$
