000
CDUS43 KMPX 082127
CLISTC


CLIMATE REPORT
NATIONAL WEATHER SERVICE CHANHASSEN MN
426 PM CDT SUN APR 8 2018


...................................

...THE ST CLOUD MN CLIMATE SUMMARY FOR APRIL 8 2018...
VALID TODAY AS OF 0400 PM LOCAL TIME.

CLIMATE NORMAL PERIOD 1981 TO 2010
CLIMATE RECORD PERIOD 1893 TO 2018


WEATHER ITEM   OBSERVED TIME   RECORD YEAR NORMAL DEPARTURE LAST
                VALUE   (LST)  VALUE       VALUE  FROM      YEAR
                                                  NORMAL
..................................................................
TEMPERATURE (F)
 TODAY
  MAXIMUM         28    101 PM  81    1931  52    -24       73
  MINIMUM          3R   558 AM   7    1997  29    -26       43
  AVERAGE         16                        41    -25       58

PRECIPITATION (IN)
  TODAY            0.02          0.76 1969   0.08  -0.06     0.00
  MONTH TO DATE    0.54                      0.57  -0.03      T
  SINCE MAR 1      2.53                      2.12   0.41     0.67
  SINCE JAN 1      4.11                      3.36   0.75     1.99

SNOWFALL (IN)
  TODAY           MM             4.0  1908   0.2   MM        0.0
  MONTH TO DATE    7.7                       1.2    6.5      0.0
  SINCE MAR 1     23.1                       9.7   13.4      2.0
  SINCE JUL 1     55.6                      43.9   11.7     30.9
  SNOW DEPTH       7

DEGREE DAYS
 HEATING
  TODAY           49                        24     25        7
  MONTH TO DATE  381                       208    173      151
  SINCE MAR 1   1513                      1312    201     1211
  SINCE JUL 1   7968                      7758    210     6567

 COOLING
  TODAY            0                         0      0        0
  MONTH TO DATE    0                         0      0        0
  SINCE MAR 1      0                         0      0        0
  SINCE JAN 1      0                         0      0        0
..................................................................


WIND (MPH)
  HIGHEST WIND SPEED    13   HIGHEST WIND DIRECTION     S (160)
  HIGHEST GUST SPEED    14   HIGHEST GUST DIRECTION    SE (150)
  AVERAGE WIND SPEED     3.7


SKY COVER
  POSSIBLE SUNSHINE  MM
  AVERAGE SKY COVER 0.3


WEATHER CONDITIONS
 THE FOLLOWING WEATHER WAS RECORDED TODAY.
  LIGHT SNOW
  FOG
  HAZE


RELATIVE HUMIDITY (PERCENT)
 HIGHEST    96           600 AM
 LOWEST     50          1000 AM
 AVERAGE    73

..........................................................


THE ST CLOUD MN CLIMATE NORMALS FOR TOMORROW
                         NORMAL    RECORD    YEAR
 MAXIMUM TEMPERATURE (F)   53        79      1930
 MINIMUM TEMPERATURE (F)   30        13      2016


SUNRISE AND SUNSET
APRIL  8 2018.........SUNRISE   643 AM CDT   SUNSET   754 PM CDT
APRIL  9 2018.........SUNRISE   642 AM CDT   SUNSET   755 PM CDT


-  INDICATES NEGATIVE NUMBERS.
R  INDICATES RECORD WAS SET OR TIED.
MM INDICATES DATA IS MISSING.
T  INDICATES TRACE AMOUNT.




$$
