000
CDUS43 KMPX 080650
CLISTC


CLIMATE REPORT
NATIONAL WEATHER SERVICE CHANHASSEN MN
146 AM CDT SUN APR 8 2018


...................................

...THE ST CLOUD MN CLIMATE SUMMARY FOR APRIL 7 2018...

CLIMATE NORMAL PERIOD 1981 TO 2010
CLIMATE RECORD PERIOD 1893 TO 2018


WEATHER ITEM   OBSERVED TIME   RECORD YEAR NORMAL DEPARTURE LAST
                VALUE   (LST)  VALUE       VALUE  FROM      YEAR
                                                  NORMAL
..................................................................
TEMPERATURE (F)
 YESTERDAY
  MAXIMUM         29    409 PM  78    1988  52    -23       60
  MINIMUM          8R   600 AM   9    1997  29    -21       24
  AVERAGE         19                        40    -21       42

PRECIPITATION (IN)
  YESTERDAY        0.00          1.10 2001   0.07  -0.07     0.00
  MONTH TO DATE    0.52                      0.49   0.03      T
  SINCE MAR 1      2.51                      2.04   0.47     0.67
  SINCE JAN 1      4.09                      3.28   0.81     1.99

SNOWFALL (IN)
  YESTERDAY        0.0           3.5  1909   0.1   -0.1      0.0
  MONTH TO DATE    7.7                       1.0    6.7      0.0
  SINCE MAR 1     23.1                       9.5   13.6      2.0
  SINCE JUL 1     55.6                      43.7   11.9     30.9
  SNOW DEPTH       8

DEGREE DAYS
 HEATING
  YESTERDAY       46                        25     21       23
  MONTH TO DATE  332                       184    148      144
  SINCE MAR 1   1464                      1288    176     1204
  SINCE JUL 1   7919                      7734    185     6560

 COOLING
  YESTERDAY        0                         0      0        0
  MONTH TO DATE    0                         0      0        0
  SINCE MAR 1      0                         0      0        0
  SINCE JAN 1      0                         0      0        0
..................................................................


WIND (MPH)
  HIGHEST WIND SPEED    18   HIGHEST WIND DIRECTION    NW (310)
  HIGHEST GUST SPEED    22   HIGHEST GUST DIRECTION     W (270)
  AVERAGE WIND SPEED     8.8


SKY COVER
  POSSIBLE SUNSHINE  MM
  AVERAGE SKY COVER 0.0


WEATHER CONDITIONS
 THE FOLLOWING WEATHER WAS RECORDED YESTERDAY.
  NO SIGNIFICANT WEATHER WAS OBSERVED.


RELATIVE HUMIDITY (PERCENT)
 HIGHEST    83           400 AM
 LOWEST     46           300 PM
 AVERAGE    65

..........................................................


THE ST CLOUD MN CLIMATE NORMALS FOR TODAY
                         NORMAL    RECORD    YEAR
 MAXIMUM TEMPERATURE (F)   52        81      1931
 MINIMUM TEMPERATURE (F)   29         7      1997


SUNRISE AND SUNSET
APRIL  8 2018.........SUNRISE   643 AM CDT   SUNSET   754 PM CDT
APRIL  9 2018.........SUNRISE   642 AM CDT   SUNSET   755 PM CDT


-  INDICATES NEGATIVE NUMBERS.
R  INDICATES RECORD WAS SET OR TIED.
MM INDICATES DATA IS MISSING.
T  INDICATES TRACE AMOUNT.




$$
