000
CDUS43 KMPX 070648
CLISTC


CLIMATE REPORT
NATIONAL WEATHER SERVICE CHANHASSEN MN
148 AM CDT SAT APR 7 2018


...................................

...THE ST CLOUD MN CLIMATE SUMMARY FOR APRIL 6 2018...

CLIMATE NORMAL PERIOD 1981 TO 2010
CLIMATE RECORD PERIOD 1893 TO 2018


WEATHER ITEM   OBSERVED TIME   RECORD YEAR NORMAL DEPARTURE LAST
                VALUE   (LST)  VALUE       VALUE  FROM      YEAR
                                                  NORMAL
..................................................................
TEMPERATURE (F)
 YESTERDAY
  MAXIMUM         21   1208 AM  86    1991  51    -30       53
  MINIMUM          9    622 AM   2    1979  29    -20       30
                                      1936
  AVERAGE         15                        40    -25       42

PRECIPITATION (IN)
  YESTERDAY        T             0.83 1965   0.07  -0.07     0.00
  MONTH TO DATE    0.52                      0.42   0.10      T
  SINCE MAR 1      2.51                      1.97   0.54     0.67
  SINCE JAN 1      4.09                      3.21   0.88     1.99

SNOWFALL (IN)
  YESTERDAY        T             3.8  1923   0.1   -0.1      0.0
  MONTH TO DATE    7.7                       0.9    6.8      0.0
  SINCE MAR 1     23.1                       9.4   13.7      2.0
  SINCE JUL 1     55.6                      43.6   12.0     30.9
  SNOW DEPTH       9

DEGREE DAYS
 HEATING
  YESTERDAY       50                        25     25       23
  MONTH TO DATE  286                       159    127      121
  SINCE MAR 1   1418                      1263    155     1181
  SINCE JUL 1   7873                      7709    164     6537

 COOLING
  YESTERDAY        0                         0      0        0
  MONTH TO DATE    0                         0      0        0
  SINCE MAR 1      0                         0      0        0
  SINCE JAN 1      0                         0      0        0
..................................................................


WIND (MPH)
  HIGHEST WIND SPEED    33   HIGHEST WIND DIRECTION    NW (310)
  HIGHEST GUST SPEED    37   HIGHEST GUST DIRECTION    NW (310)
  AVERAGE WIND SPEED    18.7


SKY COVER
  POSSIBLE SUNSHINE  MM
  AVERAGE SKY COVER 0.0


WEATHER CONDITIONS
 THE FOLLOWING WEATHER WAS RECORDED YESTERDAY.
  LIGHT SNOW
  HAZE


RELATIVE HUMIDITY (PERCENT)
 HIGHEST    84           100 AM
 LOWEST     46          1100 AM
 AVERAGE    65

..........................................................


THE ST CLOUD MN CLIMATE NORMALS FOR TODAY
                         NORMAL    RECORD    YEAR
 MAXIMUM TEMPERATURE (F)   52        78      1988
 MINIMUM TEMPERATURE (F)   29         9      1997


SUNRISE AND SUNSET
APRIL  7 2018.........SUNRISE   645 AM CDT   SUNSET   752 PM CDT
APRIL  8 2018.........SUNRISE   643 AM CDT   SUNSET   754 PM CDT


-  INDICATES NEGATIVE NUMBERS.
R  INDICATES RECORD WAS SET OR TIED.
MM INDICATES DATA IS MISSING.
T  INDICATES TRACE AMOUNT.




$$
