000
CDUS43 KMPX 120042
CLISTC


CLIMATE REPORT
NATIONAL WEATHER SERVICE CHANHASSEN MN
742 PM CDT WED APR 11 2018


...................................

...THE ST CLOUD MN CLIMATE SUMMARY FOR APRIL 11 2018...
VALID TODAY AS OF 0700 PM LOCAL TIME.

CLIMATE NORMAL PERIOD 1981 TO 2010
CLIMATE RECORD PERIOD 1893 TO 2018


WEATHER ITEM   OBSERVED TIME   RECORD YEAR NORMAL DEPARTURE LAST
                VALUE   (LST)  VALUE       VALUE  FROM      YEAR
                                                  NORMAL
..................................................................
TEMPERATURE (F)
 TODAY
  MAXIMUM         45    404 PM  82    1968  54     -9       54
  MINIMUM         25    547 AM  10    1940  31     -6       32
  AVERAGE         35                        42     -7       43

PRECIPITATION (IN)
  TODAY            0.00          1.30 2001   0.08  -0.08     0.00
  MONTH TO DATE    0.60                      0.80  -0.20     0.07
  SINCE MAR 1      2.59                      2.35   0.24     0.74
  SINCE JAN 1      4.17                      3.59   0.58     2.06

SNOWFALL (IN)
  TODAY            0.0           8.7  2013   0.1   -0.1      0.0
  MONTH TO DATE    8.8                       1.5    7.3      0.0
  SINCE MAR 1     24.2                      10.0   14.2      2.0
  SINCE JUL 1     56.7                      44.2   12.5     30.9
  SNOW DEPTH       4

DEGREE DAYS
 HEATING
  TODAY           30                        23      7       22
  MONTH TO DATE  482                       278    204      205
  SINCE MAR 1   1614                      1382    232     1265
  SINCE JUL 1   8069                      7828    241     6621

 COOLING
  TODAY            0                         0      0        0
  MONTH TO DATE    0                         0      0        0
  SINCE MAR 1      0                         0      0        0
  SINCE JAN 1      0                         0      0        0
..................................................................


WIND (MPH)
  HIGHEST WIND SPEED    12   HIGHEST WIND DIRECTION    SE (150)
  HIGHEST GUST SPEED    15   HIGHEST GUST DIRECTION     E (110)
  AVERAGE WIND SPEED     5.1


SKY COVER
  POSSIBLE SUNSHINE  MM
  AVERAGE SKY COVER 0.2


WEATHER CONDITIONS
 THE FOLLOWING WEATHER WAS RECORDED TODAY.
  FOG
  HAZE


RELATIVE HUMIDITY (PERCENT)
 HIGHEST   100          1200 AM
 LOWEST     41           500 PM
 AVERAGE    71

..........................................................


THE ST CLOUD MN CLIMATE NORMALS FOR TOMORROW
                         NORMAL    RECORD    YEAR
 MAXIMUM TEMPERATURE (F)   55        82      1931
 MINIMUM TEMPERATURE (F)   31        13      1992
                                             1950


SUNRISE AND SUNSET
APRIL 11 2018.........SUNRISE   638 AM CDT   SUNSET   758 PM CDT
APRIL 12 2018.........SUNRISE   636 AM CDT   SUNSET   759 PM CDT


-  INDICATES NEGATIVE NUMBERS.
R  INDICATES RECORD WAS SET OR TIED.
MM INDICATES DATA IS MISSING.
T  INDICATES TRACE AMOUNT.




$$
