000
CDUS43 KMPX 070638
CLISTC


CLIMATE REPORT
NATIONAL WEATHER SERVICE CHANHASSEN MN
137 AM CDT MON MAY 7 2018


...................................

...THE ST CLOUD MN CLIMATE SUMMARY FOR MAY 6 2018...

CLIMATE NORMAL PERIOD 1981 TO 2010
CLIMATE RECORD PERIOD 1893 TO 2018


WEATHER ITEM   OBSERVED TIME   RECORD YEAR NORMAL DEPARTURE LAST
                VALUE   (LST)  VALUE       VALUE  FROM      YEAR
                                                  NORMAL
..................................................................
TEMPERATURE (F)
 YESTERDAY
  MAXIMUM         77    432 PM  89    2016  66     11       69
  MINIMUM         46    517 AM  24    1944  41      5       37
  AVERAGE         62                        54      8       53

PRECIPITATION (IN)
  YESTERDAY        T             1.88 1936   0.10  -0.10     0.00
  MONTH TO DATE    T                         0.58  -0.58     0.66
  SINCE MAR 1      3.40                      4.70  -1.30     4.60
  SINCE JAN 1      4.98                      5.94  -0.96     5.92

SNOWFALL (IN)
  YESTERDAY        0.0           T    1906   0.0    0.0      0.0
                                      1950
                                      1954
  MONTH TO DATE    0.0                       0.0    0.0      1.0
  SINCE MAR 1     30.2                      11.5   18.7      3.0
  SINCE JUL 1     62.7                      45.7   17.0     31.9
  SNOW DEPTH       0

DEGREE DAYS
 HEATING
  YESTERDAY        3                        12     -9       12
  MONTH TO DATE   38                        77    -39       87
  SINCE MAR 1   2100                      1798    302     1710
  SINCE JUL 1   8555                      8244    311     7066

 COOLING
  YESTERDAY        0                         0      0        0
  MONTH TO DATE    0                         0      0        0
  SINCE MAR 1      0                         2     -2        0
  SINCE JAN 1      0                         2     -2        0
..................................................................


WIND (MPH)
  HIGHEST WIND SPEED    14   HIGHEST WIND DIRECTION    NW (310)
  HIGHEST GUST SPEED    20   HIGHEST GUST DIRECTION    NW (330)
  AVERAGE WIND SPEED     5.6


SKY COVER
  POSSIBLE SUNSHINE  MM
  AVERAGE SKY COVER 0.2


WEATHER CONDITIONS
 THE FOLLOWING WEATHER WAS RECORDED YESTERDAY.
  NO SIGNIFICANT WEATHER WAS OBSERVED.


RELATIVE HUMIDITY (PERCENT)
 HIGHEST    77           500 AM
 LOWEST     21           200 PM
 AVERAGE    49

..........................................................


THE ST CLOUD MN CLIMATE NORMALS FOR TODAY
                         NORMAL    RECORD    YEAR
 MAXIMUM TEMPERATURE (F)   66        92      1990
 MINIMUM TEMPERATURE (F)   41        23      1906


SUNRISE AND SUNSET
MAY  7 2018...........SUNRISE   556 AM CDT   SUNSET   831 PM CDT
MAY  8 2018...........SUNRISE   554 AM CDT   SUNSET   832 PM CDT


-  INDICATES NEGATIVE NUMBERS.
R  INDICATES RECORD WAS SET OR TIED.
MM INDICATES DATA IS MISSING.
T  INDICATES TRACE AMOUNT.




$$
