757
CDUS43 KMPX 150831
CLISTC


CLIMATE REPORT
NATIONAL WEATHER SERVICE CHANHASSEN MN
320 AM CDT SUN APR 15 2018


...................................

...THE ST CLOUD MN CLIMATE SUMMARY FOR APRIL 14 2018...

CLIMATE NORMAL PERIOD 1981 TO 2010
CLIMATE RECORD PERIOD 1893 TO 2018


WEATHER ITEM   OBSERVED TIME   RECORD YEAR NORMAL DEPARTURE LAST
                VALUE   (LST)  VALUE       VALUE  FROM      YEAR
                                                  NORMAL
..................................................................
TEMPERATURE (F)
 YESTERDAY
  MAXIMUM         31    217 AM  89    2003  56    -25       65
  MINIMUM         22   1058 PM  15    2008  32    -10       46
                                      1935
  AVERAGE         27                        44    -17       56

PRECIPITATION (IN)
  YESTERDAY        0.28          1.50 1986   0.09   0.19     0.02
  MONTH TO DATE    1.05                      1.06  -0.01     0.26
  SINCE MAR 1      3.04                      2.61   0.43     0.93
  SINCE JAN 1      4.62                      3.85   0.77     2.25

SNOWFALL (IN)
  YESTERDAY        3.2           4.7  1993   0.2    3.0      0.0
  MONTH TO DATE   13.0                       1.9   11.1      0.0
  SINCE MAR 1     28.4                      10.4   18.0      2.0
  SINCE JUL 1     60.9                      44.6   16.3     30.9
  SNOW DEPTH       2

DEGREE DAYS
 HEATING
  YESTERDAY       38                        21     17        9
  MONTH TO DATE  577                       343    234      254
  SINCE MAR 1   1709                      1447    262     1314
  SINCE JUL 1   8164                      7893    271     6670

 COOLING
  YESTERDAY        0                         0      0        0
  MONTH TO DATE    0                         0      0        0
  SINCE MAR 1      0                         0      0        0
  SINCE JAN 1      0                         0      0        0
..................................................................


WIND (MPH)
  HIGHEST WIND SPEED    28   HIGHEST WIND DIRECTION    NE (40)
  HIGHEST GUST SPEED    39   HIGHEST GUST DIRECTION    NE (40)
  AVERAGE WIND SPEED    16.0


SKY COVER
  POSSIBLE SUNSHINE  MM
  AVERAGE SKY COVER 0.9


WEATHER CONDITIONS
 THE FOLLOWING WEATHER WAS RECORDED YESTERDAY.
  SNOW
  LIGHT SNOW
  FOG
  FOG W/VISIBILITY <= 1/4 MILE
  HAZE


RELATIVE HUMIDITY (PERCENT)
 HIGHEST    92           500 PM
 LOWEST     47           200 AM
 AVERAGE    70

..........................................................


THE ST CLOUD MN CLIMATE NORMALS FOR TODAY
                         NORMAL    RECORD    YEAR
 MAXIMUM TEMPERATURE (F)   56        84      2002
 MINIMUM TEMPERATURE (F)   33        16      2014


SUNRISE AND SUNSET
APRIL 15 2018.........SUNRISE   631 AM CDT   SUNSET   803 PM CDT
APRIL 16 2018.........SUNRISE   629 AM CDT   SUNSET   804 PM CDT


-  INDICATES NEGATIVE NUMBERS.
R  INDICATES RECORD WAS SET OR TIED.
MM INDICATES DATA IS MISSING.
T  INDICATES TRACE AMOUNT.




$$
