000
CDUS43 KMPX 210634
CLISTC


CLIMATE REPORT
NATIONAL WEATHER SERVICE CHANHASSEN MN
130 AM CDT MON MAY 21 2018


...................................

...THE ST CLOUD MN CLIMATE SUMMARY FOR MAY 20 2018...

CLIMATE NORMAL PERIOD 1981 TO 2010
CLIMATE RECORD PERIOD 1893 TO 2018


WEATHER ITEM   OBSERVED TIME   RECORD YEAR NORMAL DEPARTURE LAST
                VALUE   (LST)  VALUE       VALUE  FROM      YEAR
                                                  NORMAL
..................................................................
TEMPERATURE (F)
 YESTERDAY
  MAXIMUM         71    516 PM  92    2009  70      1       47
  MINIMUM         37    357 AM  28    1967  46     -9       41
  AVERAGE         54                        58     -4       44

PRECIPITATION (IN)
  YESTERDAY        0.00          1.72 1960   0.09  -0.09     1.37
  MONTH TO DATE    0.23                      1.87  -1.64     3.97
  SINCE MAR 1      3.63                      5.99  -2.36     7.91
  SINCE JAN 1      5.21                      7.23  -2.02     9.23

SNOWFALL (IN)
  YESTERDAY        0.0           T    1968   0.0    0.0      0.0
                                      1931
  MONTH TO DATE    0.0                       0.0    0.0      1.0
  SINCE MAR 1     30.2                      11.5   18.7      3.0
  SINCE JUL 1     62.7                      45.7   17.0     31.9
  SNOW DEPTH       0

DEGREE DAYS
 HEATING
  YESTERDAY       11                         8      3       21
  MONTH TO DATE  130                       214    -84      206
  SINCE MAR 1   2192                      1935    257     1829
  SINCE JUL 1   8647                      8381    266     7185

 COOLING
  YESTERDAY        0                         1     -1        0
  MONTH TO DATE   10                        12     -2        3
  SINCE MAR 1     10                        14     -4        3
  SINCE JAN 1     10                        14     -4        3
..................................................................


WIND (MPH)
  HIGHEST WIND SPEED    15   HIGHEST WIND DIRECTION     E (90)
  HIGHEST GUST SPEED    24   HIGHEST GUST DIRECTION     E (80)
  AVERAGE WIND SPEED     6.4


SKY COVER
  POSSIBLE SUNSHINE  MM
  AVERAGE SKY COVER 0.0


WEATHER CONDITIONS
 THE FOLLOWING WEATHER WAS RECORDED YESTERDAY.
  NO SIGNIFICANT WEATHER WAS OBSERVED.


RELATIVE HUMIDITY (PERCENT)
 HIGHEST    92           400 AM
 LOWEST     17           300 PM
 AVERAGE    55

..........................................................


THE ST CLOUD MN CLIMATE NORMALS FOR TODAY
                         NORMAL    RECORD    YEAR
 MAXIMUM TEMPERATURE (F)   70        95      1964
 MINIMUM TEMPERATURE (F)   46        30      1986
                                             1979


SUNRISE AND SUNSET
MAY 21 2018...........SUNRISE   539 AM CDT   SUNSET   847 PM CDT
MAY 22 2018...........SUNRISE   538 AM CDT   SUNSET   848 PM CDT


-  INDICATES NEGATIVE NUMBERS.
R  INDICATES RECORD WAS SET OR TIED.
MM INDICATES DATA IS MISSING.
T  INDICATES TRACE AMOUNT.




$$
