000
CDUS43 KMPX 210623
CLISTC


CLIMATE REPORT
NATIONAL WEATHER SERVICE CHANHASSEN MN
122 AM CDT SAT APR 21 2018


...................................

...THE ST CLOUD MN CLIMATE SUMMARY FOR APRIL 20 2018...

CLIMATE NORMAL PERIOD 1981 TO 2010
CLIMATE RECORD PERIOD 1893 TO 2018


WEATHER ITEM   OBSERVED TIME   RECORD YEAR NORMAL DEPARTURE LAST
                VALUE   (LST)  VALUE       VALUE  FROM      YEAR
                                                  NORMAL
..................................................................
TEMPERATURE (F)
 YESTERDAY
  MAXIMUM         51    147 PM  84    1980  59     -8       49
  MINIMUM         25    551 AM  16    2013  35    -10       36
  AVERAGE         38                        47     -9       43

PRECIPITATION (IN)
  YESTERDAY        0.00          1.08 1917   0.09  -0.09     0.14
  MONTH TO DATE    1.23                      1.58  -0.35     2.08
  SINCE MAR 1      3.22                      3.13   0.09     2.75
  SINCE JAN 1      4.80                      4.37   0.43     4.07

SNOWFALL (IN)
  YESTERDAY        0.0           4.1  1924   0.1   -0.1      0.0
  MONTH TO DATE   14.8                       2.4   12.4      0.0
  SINCE MAR 1     30.2                      10.9   19.3      2.0
  SINCE JUL 1     62.7                      45.1   17.6     30.9
  SNOW DEPTH       1

DEGREE DAYS
 HEATING
  YESTERDAY       27                        18      9       22
  MONTH TO DATE  765                       460    305      355
  SINCE MAR 1   1897                      1564    333     1415
  SINCE JUL 1   8352                      8010    342     6771

 COOLING
  YESTERDAY        0                         0      0        0
  MONTH TO DATE    0                         0      0        0
  SINCE MAR 1      0                         0      0        0
  SINCE JAN 1      0                         0      0        0
..................................................................


WIND (MPH)
  HIGHEST WIND SPEED    14   HIGHEST WIND DIRECTION     S (200)
  HIGHEST GUST SPEED    17   HIGHEST GUST DIRECTION    SW (210)
  AVERAGE WIND SPEED     3.6


SKY COVER
  POSSIBLE SUNSHINE  MM
  AVERAGE SKY COVER 0.0


WEATHER CONDITIONS
 THE FOLLOWING WEATHER WAS RECORDED YESTERDAY.
  NO SIGNIFICANT WEATHER WAS OBSERVED.


RELATIVE HUMIDITY (PERCENT)
 HIGHEST   100           300 AM
 LOWEST     32           300 PM
 AVERAGE    66

..........................................................


THE ST CLOUD MN CLIMATE NORMALS FOR TODAY
                         NORMAL    RECORD    YEAR
 MAXIMUM TEMPERATURE (F)   60        96      1980
 MINIMUM TEMPERATURE (F)   35        21      1950
                                             1936


SUNRISE AND SUNSET
APRIL 21 2018.........SUNRISE   620 AM CDT   SUNSET   810 PM CDT
APRIL 22 2018.........SUNRISE   619 AM CDT   SUNSET   812 PM CDT


-  INDICATES NEGATIVE NUMBERS.
R  INDICATES RECORD WAS SET OR TIED.
MM INDICATES DATA IS MISSING.
T  INDICATES TRACE AMOUNT.




$$
