120
CDUS43 KMPX 200803
CLISTC


CLIMATE REPORT
NATIONAL WEATHER SERVICE CHANHASSEN MN
301 AM CDT FRI APR 20 2018


...................................

...THE ST CLOUD MN CLIMATE SUMMARY FOR APRIL 19 2018...

CLIMATE NORMAL PERIOD 1981 TO 2010
CLIMATE RECORD PERIOD 1893 TO 2018


WEATHER ITEM   OBSERVED TIME   RECORD YEAR NORMAL DEPARTURE LAST
                VALUE   (LST)  VALUE       VALUE  FROM      YEAR
                                                  NORMAL
..................................................................
TEMPERATURE (F)
 YESTERDAY
  MAXIMUM         53    433 PM  87    1987  59     -6       50
  MINIMUM         25    601 AM  15    1897  34     -9       37
  AVERAGE         39                        46     -7       44

PRECIPITATION (IN)
  YESTERDAY        0.00          1.37 1970   0.08  -0.08     0.48
  MONTH TO DATE    1.23                      1.49  -0.26     1.94
  SINCE MAR 1      3.22                      3.04   0.18     2.61
  SINCE JAN 1      4.80                      4.28   0.52     3.93

SNOWFALL (IN)
  YESTERDAY        0.0           1.2  1914   0.1   -0.1      0.0
  MONTH TO DATE   14.8                       2.3   12.5      0.0
  SINCE MAR 1     30.2                      10.8   19.4      2.0
  SINCE JUL 1     62.7                      45.0   17.7     30.9
  SNOW DEPTH       3

DEGREE DAYS
 HEATING
  YESTERDAY       26                        19      7       21
  MONTH TO DATE  738                       442    296      333
  SINCE MAR 1   1870                      1546    324     1393
  SINCE JUL 1   8325                      7992    333     6749

 COOLING
  YESTERDAY        0                         0      0        0
  MONTH TO DATE    0                         0      0        0
  SINCE MAR 1      0                         0      0        0
  SINCE JAN 1      0                         0      0        0
..................................................................


WIND (MPH)
  HIGHEST WIND SPEED    15   HIGHEST WIND DIRECTION     W (250)
  HIGHEST GUST SPEED    24   HIGHEST GUST DIRECTION     W (290)
  AVERAGE WIND SPEED     4.5


SKY COVER
  POSSIBLE SUNSHINE  MM
  AVERAGE SKY COVER 0.0


WEATHER CONDITIONS
 THE FOLLOWING WEATHER WAS RECORDED YESTERDAY.
  NO SIGNIFICANT WEATHER WAS OBSERVED.


RELATIVE HUMIDITY (PERCENT)
 HIGHEST    85          1100 PM
 LOWEST     28          1200 PM
 AVERAGE    57

..........................................................


THE ST CLOUD MN CLIMATE NORMALS FOR TODAY
                         NORMAL    RECORD    YEAR
 MAXIMUM TEMPERATURE (F)   59        84      1980
 MINIMUM TEMPERATURE (F)   35        16      2013


SUNRISE AND SUNSET
APRIL 20 2018.........SUNRISE   622 AM CDT   SUNSET   809 PM CDT
APRIL 21 2018.........SUNRISE   620 AM CDT   SUNSET   810 PM CDT


-  INDICATES NEGATIVE NUMBERS.
R  INDICATES RECORD WAS SET OR TIED.
MM INDICATES DATA IS MISSING.
T  INDICATES TRACE AMOUNT.




$$
