000
CDUS43 KMPX 060709
CLISTC


CLIMATE REPORT
NATIONAL WEATHER SERVICE CHANHASSEN MN
208 AM CDT SUN MAY 6 2018


...................................

...THE ST CLOUD MN CLIMATE SUMMARY FOR MAY 5 2018...

CLIMATE NORMAL PERIOD 1981 TO 2010
CLIMATE RECORD PERIOD 1893 TO 2018


WEATHER ITEM   OBSERVED TIME   RECORD YEAR NORMAL DEPARTURE LAST
                VALUE   (LST)  VALUE       VALUE  FROM      YEAR
                                                  NORMAL
..................................................................
TEMPERATURE (F)
 YESTERDAY
  MAXIMUM         81    220 PM  91    2000  66     15       80
  MINIMUM         45    306 AM  25    1967  41      4       37
                                      1944
  AVERAGE         63                        53     10       59

PRECIPITATION (IN)
  YESTERDAY        T             1.86 1912   0.09  -0.09     0.00
  MONTH TO DATE    T                         0.48  -0.48     0.66
  SINCE MAR 1      3.40                      4.60  -1.20     4.60
  SINCE JAN 1      4.98                      5.84  -0.86     5.92

SNOWFALL (IN)
  YESTERDAY        0.0           0.3  1991   0.0    0.0      0.0
  MONTH TO DATE    0.0                       0.0    0.0      1.0
  SINCE MAR 1     30.2                      11.5   18.7      3.0
  SINCE JUL 1     62.7                      45.7   17.0     31.9
  SNOW DEPTH       0

DEGREE DAYS
 HEATING
  YESTERDAY        2                        12    -10        6
  MONTH TO DATE   35                        65    -30       75
  SINCE MAR 1   2097                      1786    311     1698
  SINCE JUL 1   8552                      8232    320     7054

 COOLING
  YESTERDAY        0                         0      0        0
  MONTH TO DATE    0                         0      0        0
  SINCE MAR 1      0                         2     -2        0
  SINCE JAN 1      0                         2     -2        0
..................................................................


WIND (MPH)
  HIGHEST WIND SPEED    22   HIGHEST WIND DIRECTION    NW (330)
  HIGHEST GUST SPEED    32   HIGHEST GUST DIRECTION     S (190)
  AVERAGE WIND SPEED     6.3


SKY COVER
  POSSIBLE SUNSHINE  MM
  AVERAGE SKY COVER 0.2


WEATHER CONDITIONS
 THE FOLLOWING WEATHER WAS RECORDED YESTERDAY.
  LIGHT RAIN


RELATIVE HUMIDITY (PERCENT)
 HIGHEST    76           500 AM
 LOWEST     20           200 PM
 AVERAGE    48

..........................................................


THE ST CLOUD MN CLIMATE NORMALS FOR TODAY
                         NORMAL    RECORD    YEAR
 MAXIMUM TEMPERATURE (F)   66        89      2016
 MINIMUM TEMPERATURE (F)   41        24      1944


SUNRISE AND SUNSET
MAY  6 2018...........SUNRISE   557 AM CDT   SUNSET   830 PM CDT
MAY  7 2018...........SUNRISE   556 AM CDT   SUNSET   831 PM CDT


-  INDICATES NEGATIVE NUMBERS.
R  INDICATES RECORD WAS SET OR TIED.
MM INDICATES DATA IS MISSING.
T  INDICATES TRACE AMOUNT.




$$
