936
CDUS43 KMPX 212211
CLISTC


CLIMATE REPORT
NATIONAL WEATHER SERVICE CHANHASSEN MN
511 PM CDT SAT APR 21 2018


...................................

...THE ST CLOUD MN CLIMATE SUMMARY FOR APRIL 21 2018...
VALID TODAY AS OF 0500 PM LOCAL TIME.

CLIMATE NORMAL PERIOD 1981 TO 2010
CLIMATE RECORD PERIOD 1893 TO 2018


WEATHER ITEM   OBSERVED TIME   RECORD YEAR NORMAL DEPARTURE LAST
                VALUE   (LST)  VALUE       VALUE  FROM      YEAR
                                                  NORMAL
..................................................................
TEMPERATURE (F)
 TODAY
  MAXIMUM         58    400 PM  96    1980  60     -2       63
  MINIMUM         27    531 AM  21    1950  35     -8       30
                                      1936
  AVERAGE         43                        47     -4       47

PRECIPITATION (IN)
  TODAY            0.00          0.81 1925   0.09  -0.09     0.00
  MONTH TO DATE    1.23                      1.67  -0.44     2.08
  SINCE MAR 1      3.22                      3.22   0.00     2.75
  SINCE JAN 1      4.80                      4.46   0.34     4.07

SNOWFALL (IN)
  TODAY            0.0           5.0  2002   0.1   -0.1      0.0
  MONTH TO DATE   14.8                       2.5   12.3      0.0
  SINCE MAR 1     30.2                      11.0   19.2      2.0
  SINCE JUL 1     62.7                      45.2   17.5     30.9
  SNOW DEPTH       T

DEGREE DAYS
 HEATING
  TODAY           22                        18      4       18
  MONTH TO DATE  787                       478    309      373
  SINCE MAR 1   1919                      1582    337     1433
  SINCE JUL 1   8374                      8028    346     6789

 COOLING
  TODAY            0                         0      0        0
  MONTH TO DATE    0                         0      0        0
  SINCE MAR 1      0                         0      0        0
  SINCE JAN 1      0                         0      0        0
..................................................................


WIND (MPH)
  HIGHEST WIND SPEED     6   HIGHEST WIND DIRECTION     S (170)
  HIGHEST GUST SPEED    MM   HIGHEST GUST DIRECTION    MM
  AVERAGE WIND SPEED     2.2


SKY COVER
  POSSIBLE SUNSHINE  MM
  AVERAGE SKY COVER 0.0


WEATHER CONDITIONS
 THE FOLLOWING WEATHER WAS RECORDED TODAY.
  NO SIGNIFICANT WEATHER WAS OBSERVED.


RELATIVE HUMIDITY (PERCENT)
 HIGHEST    92           500 AM
 LOWEST     33          1100 AM
 AVERAGE    63

..........................................................


THE ST CLOUD MN CLIMATE NORMALS FOR TOMORROW
                         NORMAL    RECORD    YEAR
 MAXIMUM TEMPERATURE (F)   60        86      1913
 MINIMUM TEMPERATURE (F)   36        23      1986
                                             1967
                                             1909


SUNRISE AND SUNSET
APRIL 21 2018.........SUNRISE   620 AM CDT   SUNSET   810 PM CDT
APRIL 22 2018.........SUNRISE   619 AM CDT   SUNSET   812 PM CDT


-  INDICATES NEGATIVE NUMBERS.
R  INDICATES RECORD WAS SET OR TIED.
MM INDICATES DATA IS MISSING.
T  INDICATES TRACE AMOUNT.




$$
