000
CDUS43 KMPX 190825
CLISTC


CLIMATE REPORT
NATIONAL WEATHER SERVICE CHANHASSEN MN
324 AM CDT THU APR 19 2018


...................................

...THE ST CLOUD MN CLIMATE SUMMARY FOR APRIL 18 2018...

CLIMATE NORMAL PERIOD 1981 TO 2010
CLIMATE RECORD PERIOD 1893 TO 2018


WEATHER ITEM   OBSERVED TIME   RECORD YEAR NORMAL DEPARTURE LAST
                VALUE   (LST)  VALUE       VALUE  FROM      YEAR
                                                  NORMAL
..................................................................
TEMPERATURE (F)
 YESTERDAY
  MAXIMUM         45    452 PM  88    1987  58    -13       57
  MINIMUM         28   1159 PM  17    1928  34     -6       40
  AVERAGE         37                        46     -9       49

PRECIPITATION (IN)
  YESTERDAY        0.00          0.93 1995   0.09  -0.09     0.89
  MONTH TO DATE    1.23                      1.41  -0.18     1.46
  SINCE MAR 1      3.22                      2.96   0.26     2.13
  SINCE JAN 1      4.80                      4.20   0.60     3.45

SNOWFALL (IN)
  YESTERDAY        0.0           9.4  2013   0.0    0.0      0.0
  MONTH TO DATE   14.8                       2.2   12.6      0.0
  SINCE MAR 1     30.2                      10.7   19.5      2.0
  SINCE JUL 1     62.7                      44.9   17.8     30.9
  SNOW DEPTH       4

DEGREE DAYS
 HEATING
  YESTERDAY       28                        19      9       16
  MONTH TO DATE  712                       423    289      312
  SINCE MAR 1   1844                      1527    317     1372
  SINCE JUL 1   8299                      7973    326     6728

 COOLING
  YESTERDAY        0                         0      0        0
  MONTH TO DATE    0                         0      0        0
  SINCE MAR 1      0                         0      0        0
  SINCE JAN 1      0                         0      0        0
..................................................................


WIND (MPH)
  HIGHEST WIND SPEED    16   HIGHEST WIND DIRECTION    NE (60)
  HIGHEST GUST SPEED    28   HIGHEST GUST DIRECTION    NE (40)
  AVERAGE WIND SPEED     7.3


SKY COVER
  POSSIBLE SUNSHINE  MM
  AVERAGE SKY COVER 0.4


WEATHER CONDITIONS
 THE FOLLOWING WEATHER WAS RECORDED YESTERDAY.
  NO SIGNIFICANT WEATHER WAS OBSERVED.


RELATIVE HUMIDITY (PERCENT)
 HIGHEST    78           300 AM
 LOWEST     30           700 PM
 AVERAGE    54

..........................................................


THE ST CLOUD MN CLIMATE NORMALS FOR TODAY
                         NORMAL    RECORD    YEAR
 MAXIMUM TEMPERATURE (F)   59        87      1987
 MINIMUM TEMPERATURE (F)   34        15      1897


SUNRISE AND SUNSET
APRIL 19 2018.........SUNRISE   624 AM CDT   SUNSET   808 PM CDT
APRIL 20 2018.........SUNRISE   622 AM CDT   SUNSET   809 PM CDT


-  INDICATES NEGATIVE NUMBERS.
R  INDICATES RECORD WAS SET OR TIED.
MM INDICATES DATA IS MISSING.
T  INDICATES TRACE AMOUNT.




$$
