000
CDUS43 KMPX 170630
CLISTC


CLIMATE REPORT
NATIONAL WEATHER SERVICE CHANHASSEN MN
130 AM CDT TUE APR 17 2018


...................................

...THE ST CLOUD MN CLIMATE SUMMARY FOR APRIL 16 2018...

CLIMATE NORMAL PERIOD 1981 TO 2010
CLIMATE RECORD PERIOD 1893 TO 2018


WEATHER ITEM   OBSERVED TIME   RECORD YEAR NORMAL DEPARTURE LAST
                VALUE   (LST)  VALUE       VALUE  FROM      YEAR
                                                  NORMAL
..................................................................
TEMPERATURE (F)
 YESTERDAY
  MAXIMUM         37    424 PM  86    1913  57    -20       65
  MINIMUM         22    527 AM  16    1907  33    -11       43
  AVERAGE         30                        45    -15       54

PRECIPITATION (IN)
  YESTERDAY        T             3.26 2003   0.09  -0.09     0.00
  MONTH TO DATE    1.23                      1.23   0.00     0.57
  SINCE MAR 1      3.22                      2.78   0.44     1.24
  SINCE JAN 1      4.80                      4.02   0.78     2.56

SNOWFALL (IN)
  YESTERDAY        T             8.5  2014   0.1   -0.1      0.0
  MONTH TO DATE   14.8                       2.1   12.7      0.0
  SINCE MAR 1     30.2                      10.6   19.6      2.0
  SINCE JUL 1     62.7                      44.8   17.9     30.9
  SNOW DEPTH       6

DEGREE DAYS
 HEATING
  YESTERDAY       35                        20     15       11
  MONTH TO DATE  653                       384    269      275
  SINCE MAR 1   1785                      1488    297     1335
  SINCE JUL 1   8240                      7934    306     6691

 COOLING
  YESTERDAY        0                         0      0        0
  MONTH TO DATE    0                         0      0        0
  SINCE MAR 1      0                         0      0        0
  SINCE JAN 1      0                         0      0        0
..................................................................


WIND (MPH)
  HIGHEST WIND SPEED    18   HIGHEST WIND DIRECTION     N (340)
  HIGHEST GUST SPEED    23   HIGHEST GUST DIRECTION     N (350)
  AVERAGE WIND SPEED    10.4


SKY COVER
  POSSIBLE SUNSHINE  MM
  AVERAGE SKY COVER 0.7


WEATHER CONDITIONS
 THE FOLLOWING WEATHER WAS RECORDED YESTERDAY.
  LIGHT SNOW
  FOG


RELATIVE HUMIDITY (PERCENT)
 HIGHEST    88           100 AM
 LOWEST     56           300 PM
 AVERAGE    72

..........................................................


THE ST CLOUD MN CLIMATE NORMALS FOR TODAY
                         NORMAL    RECORD    YEAR
 MAXIMUM TEMPERATURE (F)   58        86      1987
 MINIMUM TEMPERATURE (F)   33        15      1907


SUNRISE AND SUNSET
APRIL 17 2018.........SUNRISE   627 AM CDT   SUNSET   805 PM CDT
APRIL 18 2018.........SUNRISE   625 AM CDT   SUNSET   807 PM CDT


-  INDICATES NEGATIVE NUMBERS.
R  INDICATES RECORD WAS SET OR TIED.
MM INDICATES DATA IS MISSING.
T  INDICATES TRACE AMOUNT.




$$
