241
CDUS43 KMPX 152140
CLISTC


CLIMATE REPORT
NATIONAL WEATHER SERVICE CHANHASSEN MN
439 PM CDT TUE MAY 15 2018


...................................

...THE ST CLOUD MN CLIMATE SUMMARY FOR MAY 15 2018...
VALID TODAY AS OF 0400 PM LOCAL TIME.

CLIMATE NORMAL PERIOD 1981 TO 2010
CLIMATE RECORD PERIOD 1893 TO 2018


WEATHER ITEM   OBSERVED TIME   RECORD YEAR NORMAL DEPARTURE LAST
                VALUE   (LST)  VALUE       VALUE  FROM      YEAR
                                                  NORMAL
..................................................................
TEMPERATURE (F)
 TODAY
  MAXIMUM         75    236 PM  97    2001  69      6       66
  MINIMUM         44    450 AM  26    2004  44      0       52
  AVERAGE         60                        56      4       59

PRECIPITATION (IN)
  TODAY            0.00          2.24 1911   0.09  -0.09     0.46
  MONTH TO DATE    0.23                      1.41  -1.18     1.18
  SINCE MAR 1      3.63                      5.53  -1.90     5.12
  SINCE JAN 1      5.21                      6.77  -1.56     6.44

SNOWFALL (IN)
  TODAY            0.0           0.9  1929   0.0    0.0      0.0
  MONTH TO DATE    0.0                       0.0    0.0      1.0
  SINCE MAR 1     30.2                      11.5   18.7      3.0
  SINCE JUL 1     62.7                      45.7   17.0     31.9
  SNOW DEPTH       0

DEGREE DAYS
 HEATING
  TODAY            5                         9     -4        6
  MONTH TO DATE  111                       171    -60      144
  SINCE MAR 1   2173                      1892    281     1767
  SINCE JUL 1   8628                      8338    290     7123

 COOLING
  TODAY            0                         1     -1        0
  MONTH TO DATE    3                         7     -4        1
  SINCE MAR 1      3                         9     -6        1
  SINCE JAN 1      3                         9     -6        1
..................................................................


WIND (MPH)
  HIGHEST WIND SPEED    13   HIGHEST WIND DIRECTION    NE (40)
  HIGHEST GUST SPEED    18   HIGHEST GUST DIRECTION    NE (40)
  AVERAGE WIND SPEED     5.5


SKY COVER
  POSSIBLE SUNSHINE  MM
  AVERAGE SKY COVER 0.0


WEATHER CONDITIONS
 THE FOLLOWING WEATHER WAS RECORDED TODAY.
  NO SIGNIFICANT WEATHER WAS OBSERVED.


RELATIVE HUMIDITY (PERCENT)
 HIGHEST    93          1200 AM
 LOWEST     23           200 PM
 AVERAGE    58

..........................................................


THE ST CLOUD MN CLIMATE NORMALS FOR TOMORROW
                         NORMAL    RECORD    YEAR
 MAXIMUM TEMPERATURE (F)   69        94      1934
 MINIMUM TEMPERATURE (F)   44        30      1983
                                             1956
                                             1930


SUNRISE AND SUNSET
MAY 15 2018...........SUNRISE   545 AM CDT   SUNSET   840 PM CDT
MAY 16 2018...........SUNRISE   544 AM CDT   SUNSET   842 PM CDT


-  INDICATES NEGATIVE NUMBERS.
R  INDICATES RECORD WAS SET OR TIED.
MM INDICATES DATA IS MISSING.
T  INDICATES TRACE AMOUNT.




$$
