000
CDUS43 KMPX 050023
CLISTC


CLIMATE REPORT
NATIONAL WEATHER SERVICE CHANHASSEN MN
723 PM CDT WED APR 4 2018


...................................

...THE ST CLOUD MN CLIMATE SUMMARY FOR APRIL 4 2018...
VALID TODAY AS OF 0700 PM LOCAL TIME.

CLIMATE NORMAL PERIOD 1981 TO 2010
CLIMATE RECORD PERIOD 1893 TO 2018


WEATHER ITEM   OBSERVED TIME   RECORD YEAR NORMAL DEPARTURE LAST
                VALUE   (LST)  VALUE       VALUE  FROM      YEAR
                                                  NORMAL
..................................................................
TEMPERATURE (F)
 TODAY
  MAXIMUM         29    336 PM  81    1929  50    -21       60
  MINIMUM          1    627 AM  -3    1975  28    -27       34
  AVERAGE         15                        39    -24       47

PRECIPITATION (IN)
  TODAY            0.00          1.04 1927   0.07  -0.07     0.00
  MONTH TO DATE    0.52                      0.28   0.24      T
  SINCE MAR 1      2.51                      1.83   0.68     0.67
  SINCE JAN 1      4.09                      3.07   1.02     1.99

SNOWFALL (IN)
  TODAY            0.0           6.0  1930   0.1   -0.1      0.0
  MONTH TO DATE    7.7                       0.6    7.1      0.0
  SINCE MAR 1     23.1                       9.1   14.0      2.0
  SINCE JUL 1     55.6                      43.3   12.3     30.9
  SNOW DEPTH      10

DEGREE DAYS
 HEATING
  TODAY           50                        26     24       18
  MONTH TO DATE  188                       108     80       75
  SINCE MAR 1   1320                      1212    108     1135
  SINCE JUL 1   7775                      7658    117     6491

 COOLING
  TODAY            0                         0      0        0
  MONTH TO DATE    0                         0      0        0
  SINCE MAR 1      0                         0      0        0
  SINCE JAN 1      0                         0      0        0
..................................................................


WIND (MPH)
  HIGHEST WIND SPEED    16   HIGHEST WIND DIRECTION     W (260)
  HIGHEST GUST SPEED    20   HIGHEST GUST DIRECTION     W (250)
  AVERAGE WIND SPEED     9.7


SKY COVER
  POSSIBLE SUNSHINE  MM
  AVERAGE SKY COVER 0.1


WEATHER CONDITIONS
 THE FOLLOWING WEATHER WAS RECORDED TODAY.
  NO SIGNIFICANT WEATHER WAS OBSERVED.


RELATIVE HUMIDITY (PERCENT)
 HIGHEST    87           600 AM
 LOWEST     53           300 PM
 AVERAGE    70

..........................................................


THE ST CLOUD MN CLIMATE NORMALS FOR TOMORROW
                         NORMAL    RECORD    YEAR
 MAXIMUM TEMPERATURE (F)   50        81      1991
                                             1912
 MINIMUM TEMPERATURE (F)   28         8      1979


SUNRISE AND SUNSET
APRIL  4 2018.........SUNRISE   651 AM CDT   SUNSET   748 PM CDT
APRIL  5 2018.........SUNRISE   649 AM CDT   SUNSET   750 PM CDT


-  INDICATES NEGATIVE NUMBERS.
R  INDICATES RECORD WAS SET OR TIED.
MM INDICATES DATA IS MISSING.
T  INDICATES TRACE AMOUNT.




$$
