000
CDUS43 KMPX 140033
CLISTC


CLIMATE REPORT
NATIONAL WEATHER SERVICE CHANHASSEN MN
733 PM CDT SUN MAY 13 2018


...................................

...THE ST CLOUD MN CLIMATE SUMMARY FOR MAY 13 2018...
VALID TODAY AS OF 0500 PM LOCAL TIME.

CLIMATE NORMAL PERIOD 1981 TO 2010
CLIMATE RECORD PERIOD 1893 TO 2018


WEATHER ITEM   OBSERVED TIME   RECORD YEAR NORMAL DEPARTURE LAST
                VALUE   (LST)  VALUE       VALUE  FROM      YEAR
                                                  NORMAL
..................................................................
TEMPERATURE (F)
 TODAY
  MAXIMUM         74    559 PM  93    2007  68      6       80
  MINIMUM         36    251 AM  24    1997  43     -7       45
                                      1953
  AVERAGE         55                        56     -1       63

PRECIPITATION (IN)
  TODAY            0.00          1.67 1942   0.09  -0.09     0.00
  MONTH TO DATE    0.14                      1.23  -1.09     0.72
  SINCE MAR 1      3.54                      5.35  -1.81     4.66
  SINCE JAN 1      5.12                      6.59  -1.47     5.98

SNOWFALL (IN)
  TODAY            0.0          MM      MM   0.0    0.0      0.0
  MONTH TO DATE    0.0                       0.0    0.0      1.0
  SINCE MAR 1     30.2                      11.5   18.7      3.0
  SINCE JUL 1     62.7                      45.7   17.0     31.9
  SNOW DEPTH       0

DEGREE DAYS
 HEATING
  TODAY           10                        10      0        2
  MONTH TO DATE  105                       152    -47      138
  SINCE MAR 1   2167                      1873    294     1761
  SINCE JUL 1   8622                      8319    303     7117

 COOLING
  TODAY            0                         1     -1        0
  MONTH TO DATE    3                         5     -2        0
  SINCE MAR 1      3                         7     -4        0
  SINCE JAN 1      3                         7     -4        0
..................................................................


WIND (MPH)
  HIGHEST WIND SPEED    13   HIGHEST WIND DIRECTION    SW (240)
  HIGHEST GUST SPEED    20   HIGHEST GUST DIRECTION    SW (220)
  AVERAGE WIND SPEED     2.6


SKY COVER
  POSSIBLE SUNSHINE  MM
  AVERAGE SKY COVER 0.1


WEATHER CONDITIONS
 THE FOLLOWING WEATHER WAS RECORDED TODAY.
  NO SIGNIFICANT WEATHER WAS OBSERVED.


RELATIVE HUMIDITY (PERCENT)
 HIGHEST   100           200 AM
 LOWEST     35           300 PM
 AVERAGE    68

..........................................................


THE ST CLOUD MN CLIMATE NORMALS FOR TOMORROW
                         NORMAL    RECORD    YEAR
 MAXIMUM TEMPERATURE (F)   68        95      2013
 MINIMUM TEMPERATURE (F)   44        29      2016
                                             1921


SUNRISE AND SUNSET
MAY 13 2018...........SUNRISE   548 AM CDT   SUNSET   838 PM CDT
MAY 14 2018...........SUNRISE   547 AM CDT   SUNSET   839 PM CDT


-  INDICATES NEGATIVE NUMBERS.
R  INDICATES RECORD WAS SET OR TIED.
MM INDICATES DATA IS MISSING.
T  INDICATES TRACE AMOUNT.




$$
