000
CDUS43 KMPX 230707
CLISTC


CLIMATE REPORT
NATIONAL WEATHER SERVICE CHANHASSEN MN
204 AM CDT WED MAY 23 2018


...................................

...THE ST CLOUD MN CLIMATE SUMMARY FOR MAY 22 2018...

CLIMATE NORMAL PERIOD 1981 TO 2010
CLIMATE RECORD PERIOD 1893 TO 2018


WEATHER ITEM   OBSERVED TIME   RECORD YEAR NORMAL DEPARTURE LAST
                VALUE   (LST)  VALUE       VALUE  FROM      YEAR
                                                  NORMAL
..................................................................
TEMPERATURE (F)
 YESTERDAY
  MAXIMUM         75    449 PM  94    1964  71      4       62
  MINIMUM         46    327 AM  28    1963  46      0       39
  AVERAGE         61                        58      3       51

PRECIPITATION (IN)
  YESTERDAY        0.00          3.17 1962   0.10  -0.10     0.00
  MONTH TO DATE    0.40                      2.06  -1.66     4.31
  SINCE MAR 1      3.80                      6.18  -2.38     8.25
  SINCE JAN 1      5.38                      7.42  -2.04     9.57

SNOWFALL (IN)
  YESTERDAY        0.0           0.0    MM   0.0    0.0      0.0
  MONTH TO DATE    0.0                       0.0    0.0      1.0
  SINCE MAR 1     30.2                      11.5   18.7      3.0
  SINCE JUL 1     62.7                      45.7   17.0     31.9
  SNOW DEPTH       0

DEGREE DAYS
 HEATING
  YESTERDAY        4                         8     -4       14
  MONTH TO DATE  148                       230    -82      239
  SINCE MAR 1   2210                      1951    259     1862
  SINCE JUL 1   8665                      8397    268     7218

 COOLING
  YESTERDAY        0                         1     -1        0
  MONTH TO DATE   10                        14     -4        3
  SINCE MAR 1     10                        16     -6        3
  SINCE JAN 1     10                        16     -6        3
..................................................................


WIND (MPH)
  HIGHEST WIND SPEED    13   HIGHEST WIND DIRECTION     S (190)
  HIGHEST GUST SPEED    16   HIGHEST GUST DIRECTION    SW (210)
  AVERAGE WIND SPEED     4.0


SKY COVER
  POSSIBLE SUNSHINE  MM
  AVERAGE SKY COVER 0.5


WEATHER CONDITIONS
 THE FOLLOWING WEATHER WAS RECORDED YESTERDAY.
  FOG


RELATIVE HUMIDITY (PERCENT)
 HIGHEST   100           100 AM
 LOWEST     53           300 PM
 AVERAGE    77

..........................................................


THE ST CLOUD MN CLIMATE NORMALS FOR TODAY
                         NORMAL    RECORD    YEAR
 MAXIMUM TEMPERATURE (F)   71        94      1926
 MINIMUM TEMPERATURE (F)   46        28      1963


SUNRISE AND SUNSET
MAY 23 2018...........SUNRISE   537 AM CDT   SUNSET   849 PM CDT
MAY 24 2018...........SUNRISE   536 AM CDT   SUNSET   850 PM CDT


-  INDICATES NEGATIVE NUMBERS.
R  INDICATES RECORD WAS SET OR TIED.
MM INDICATES DATA IS MISSING.
T  INDICATES TRACE AMOUNT.




$$
