000
CXUS53 KMPX 011945
CLMSTC


CLIMATE REPORT
NATIONAL WEATHER SERVICE CHANHASSEN MN
142 PM CST THU FEB 1 2018

...................................

...THE ST CLOUD MN CLIMATE SUMMARY FOR THE MONTH OF JANUARY 2018...

CLIMATE NORMAL PERIOD 1981 TO 2010
CLIMATE RECORD PERIOD 1893 TO 2018

WEATHER         OBSERVED          NORMAL  DEPART  LAST YEAR`S
                 VALUE   DATE(S)  VALUE   FROM    VALUE  DATE(S)
                                          NORMAL
................................................................
TEMPERATURE (F)
RECORD
 HIGH              56   01/24/1981
 LOW              -43   01/09/1977
HIGHEST            46   01/19        33      13       41  01/30
LOWEST            -22   01/06       -15      -7      -19  01/13
                                                          01/06
AVG. MAXIMUM     22.6              21.4     1.2     24.5
AVG. MINIMUM      4.0               1.8     2.2      9.7
MEAN             13.3              11.6     1.7     17.1
DAYS MAX >= 90      0               0.0     0.0        0
DAYS MAX <= 32     22              24.5    -2.5       23
DAYS MIN <= 32     31              30.9     0.1       28
DAYS MIN <= 0      16              13.9     2.1       12

PRECIPITATION (INCHES)
RECORD
 MAXIMUM         2.75   1897
 MINIMUM            T   1898
TOTALS           0.18              0.65   -0.47     0.54
DAILY AVG.       0.01              0.02   -0.01     0.02
DAYS >= .01         3               7.4    -4.4        9
DAYS >= .10         1               2.1    -1.1        2
DAYS >= .50         0               0.2    -0.2        0
DAYS >= 1.00        0               0.0     0.0        0
GREATEST
 24 HR. TOTAL    0.11   01/14 TO 01/14

SNOWFALL (INCHES)
RECORDS
 TOTAL           29.5   5
                        0
TOTALS            4.6               8.6    -4.0     10.0
SINCE 7/1        16.4              27.2   -10.8     26.1
SNOWDEPTH AVG.      2                 7      -5        3
DAYS >= 1.0         2               3.0    -1.0        4
GREATEST
 SNOW DEPTH         5   01/17                          8  01/15
                        01/16                             01/14
                        01/15                             01/13
 24 HR TOTAL      3.4   01/14 TO 01/14

DEGREE_DAYS
HEATING TOTAL    1595              1655     -60     1478
 SINCE 7/1       4904              5102    -198     4316
COOLING TOTAL       0                 0       0        0
 SINCE 1/1          0                 0       0        0
.................................................................

WIND (MPH)
AVERAGE WIND SPEED              8.6
HIGHEST WIND SPEED/DIRECTION    30/150    DATE  01/30
HIGHEST GUST SPEED/DIRECTION    51/330    DATE  01/21

SKY COVER
POSSIBLE SUNSHINE (PERCENT)   MM
AVERAGE SKY COVER           0.40
NUMBER OF DAYS FAIR           14
NUMBER OF DAYS PC              9
NUMBER OF DAYS CLOUDY          8

AVERAGE RH (PERCENT)     77

WEATHER CONDITIONS. NUMBER OF DAYS WITH
THUNDERSTORM              0     MIXED PRECIP               0
HEAVY RAIN                0     RAIN                       0
LIGHT RAIN                0     FREEZING RAIN              0
LT FREEZING RAIN          0     HAIL                       0
HEAVY SNOW                0     SNOW                       1
LIGHT SNOW                4     SLEET                      0
FOG                       9     FOG W/VIS <= 1/4 MILE      3
HAZE                      3

-  INDICATES NEGATIVE NUMBERS.
R  INDICATES RECORD WAS SET OR TIED.
MM INDICATES DATA IS MISSING.
T  INDICATES TRACE AMOUNT.

$$
