281
CXUS53 KMPX 010652
CLMSTC


CLIMATE REPORT
NATIONAL WEATHER SERVICE CHANHASSEN MN
150 AM CDT TUE MAY 1 2018

...................................

...THE ST CLOUD MN CLIMATE SUMMARY FOR THE MONTH OF APRIL 2018...

CLIMATE NORMAL PERIOD 1981 TO 2010
CLIMATE RECORD PERIOD 1893 TO 2018

WEATHER         OBSERVED          NORMAL  DEPART  LAST YEAR`S
                 VALUE   DATE(S)  VALUE   FROM    VALUE  DATE(S)
                                          NORMAL
................................................................
TEMPERATURE (F)
RECORD
 HIGH              96   04/21/1980
 LOW               -3   04/04/1975
HIGHEST            80   04/30        67      13       73  04/08
LOWEST              0   04/05        25     -25       24  04/07
AVG. MAXIMUM     45.1              56.3   -11.2     56.5
AVG. MINIMUM     22.4              32.7   -10.3     35.4
MEAN             33.8              44.5   -10.7     46.0
DAYS MAX >= 90      0               0.0     0.0        0
DAYS MAX <= 32      9               0.6     8.4        0
DAYS MIN <= 32     26              14.2    11.8       13
DAYS MIN <= 0       1               0.0     1.0        0

PRECIPITATION (INCHES)
RECORD
 MAXIMUM         8.42   2001
 MINIMUM         0.05   1987
TOTALS           1.41              2.57   -1.16     3.27
DAILY AVG.       0.05              0.09   -0.04     0.11
DAYS >= .01         8               9.1    -1.1       11
DAYS >= .10         6               5.2     0.8        8
DAYS >= .50         0               1.7    -1.7        1
DAYS >= 1.00        0               0.4    -0.4        0
GREATEST
 24 HR. TOTAL    0.34   03/31 TO 04/01
                        04/01 TO 04/01
                        04/01 TO 04/02

SNOWFALL (INCHES)
RECORDS
 TOTAL           24.4   2013
TOTALS           14.8               3.0    11.8        T
SINCE 7/1        62.7              45.7    17.0     30.9
SNOWDEPTH AVG.      4                MM      MM        0
DAYS >= 1.0         6               1.0     5.0        0
GREATEST
 SNOW DEPTH        10R  04/04                          0  MM
 24 HR TOTAL      5.1   04/02 TO 04/02

DEGREE_DAYS
HEATING TOTAL     930               617     313      563
 SINCE 7/1       8517              8167     350     6979
COOLING TOTAL       0                 2      -2        0
 SINCE 1/1          0                 2      -2        0
.................................................................

WIND (MPH)
AVERAGE WIND SPEED              8.4
HIGHEST WIND SPEED/DIRECTION    33/310    DATE  04/06
HIGHEST GUST SPEED/DIRECTION    39/040    DATE  04/14

SKY COVER
POSSIBLE SUNSHINE (PERCENT)   MM
AVERAGE SKY COVER           0.30
NUMBER OF DAYS FAIR           17
NUMBER OF DAYS PC              7
NUMBER OF DAYS CLOUDY          6

AVERAGE RH (PERCENT)     67

WEATHER CONDITIONS. NUMBER OF DAYS WITH
  0
  0
  0
  0
  5
  0
  6
HAZE                      8

-  INDICATES NEGATIVE NUMBERS.
R  INDICATES RECORD WAS SET OR TIED.
MM INDICATES DATA IS MISSING.
T  INDICATES TRACE AMOUNT.

$$

2ND COLDEST APRIL ON RECORD.
