000
CXUS53 KMPX 020012
CLMSTC
CLIMATE REPORT
NATIONAL WEATHER SERVICE TWIN CITIES/CHANHASSEN MN
712 PM CDT SUN OCT 01 2023
...................................
...THE ST CLOUD MN CLIMATE SUMMARY FOR THE MONTH OF SEPTEMBER 2023...
CLIMATE NORMAL PERIOD 1991 TO 2020
CLIMATE RECORD PERIOD 1893 TO 2023
WEATHER OBSERVED NORMAL DEPART LAST YEAR`S
VALUE DATE(S) VALUE FROM VALUE DATE(S)
NORMAL
................................................................
TEMPERATURE (F)
RECORD
HIGH 106 09/10/1931
LOW 18 09/22/1974
09/28/1942
HIGHEST 96 09/03 79 17 88 09/01
09/04
09/02
LOWEST 35 09/13 38 -3 30 09/28
AVG. MAXIMUM 76.7 71.0 5.7 73.8
AVG. MINIMUM 54.5 48.0 6.5 50.2
MEAN 65.6 59.5 6.1 62.0
DAYS MAX >= 90 2 0.5 1.5 0
DAYS MAX <= 32 0 0.0 0.0 0
DAYS MIN <= 32 0 1.7 -1.7 1
DAYS MIN <= 0 0 0.0 0.0 0
PRECIPITATION (INCHES)
RECORD
MAXIMUM 10.72 1926
MINIMUM 0.07 1952
TOTALS 2.65 3.01 -0.36 2.23
DAILY AVG. 0.09 0.10 -0.01 0.07
DAYS >= .01 9 10.0 -1.0 8
DAYS >= .10 4 5.3 -1.3 4
DAYS >= .50 2 1.7 0.3 2
DAYS >= 1.00 1 0.7 0.3 0
GREATEST
24 HR. TOTAL 1.36 09/23 TO 09/23
SNOWFALL (INCHES)
RECORDS
TOTAL 1.8 5
TOTALS 0.0 0.0 0.0 0.0
SINCE 7/1 0.0 0.0 0.0 MM
SNOWDEPTH AVG. 0 0
DAYS >= 1.0 0 0.0 0.0 0
GREATEST
SNOW DEPTH 0 0 MM
24 HR TOTAL MM
DEGREE DAYS
HEATING TOTAL 74 206 -132 148
SINCE 7/1 94 261 -167 MM
COOLING TOTAL 101 41 60 63
SINCE 1/1 748 465 283 MM
................................................................
WIND (MPH)
AVERAGE WIND SPEED 6.5
HIGHEST WIND SPEED/DIRECTION 24/190 DATE 09/04
HIGHEST GUST SPEED/DIRECTION 32/190 DATE 09/04
32/140 09/23
32/140 09/29
SKY COVER
POSSIBLE SUNSHINE (PERCENT) MM
AVERAGE SKY COVER 0.43
NUMBER OF DAYS FAIR 13
NUMBER OF DAYS PC 12
NUMBER OF DAYS CLOUDY 5
AVERAGE RH (PERCENT) 73
WEATHER CONDITIONS. NUMBER OF DAYS WITH
THUNDERSTORM 5 MIXED PRECIP 0
HEAVY RAIN 2 RAIN 5
LIGHT RAIN 13 FREEZING RAIN 0
LT FREEZING RAIN 0 HAIL 0
HEAVY SNOW 0 SNOW 0
LIGHT SNOW 0 SLEET 0
FOG 20 FOG W/VIS <= 1/4 MILE 3
HAZE 2
- INDICATES NEGATIVE NUMBERS.
R INDICATES RECORD WAS SET OR TIED.
MM INDICATES DATA IS MISSING.
T INDICATES TRACE AMOUNT.
$$