000
CXUS53 KGRB 171614
CF6STE
PRELIMINARY LOCAL CLIMATOLOGICAL DATA (WS FORM: F-6)
STATION: STEVENS POINT WI
MONTH: JANUARY
YEAR: 2022
LATITUDE: 44 32 N
LONGITUDE: 89 32 W
TEMPERATURE IN F: :PCPN: SNOW: WIND :SUNSHINE: SKY :PK WND
================================================================================
1 2 3 4 5 6A 6B 7 8 9 10 11 12 13 14 15 16 17 18
12Z AVG MX 2MIN
DY MAX MIN AVG DEP HDD CDD WTR SNW DPTH SPD SPD DIR MIN PSBL S-S WX SPD DR
================================================================================
1 21 7 14 0 51 0 M M M 7.9 14 350 M M 4 20 10
2 16 -1 8 -6 57 0 M M M 3.6 8 270 M M 2 M M
3 23 -6 9 -4 56 0 M M M 2.7 9 190 M M 0 17 210
4 31 10 21 8 44 0 0.01 M M 4.3 9 160 M M 3 16 160
5 28 15 22 9 43 0 0.04 M M 8.7 15 270 M M 10 26 270
6 16 4 10 M 55 0 M M M 6.9 10 270 M M 9 8 17 310
7 14 -3 6 M 59 0 M M M 4.4 9 170 M M 5 M M
8 25 12 19 M 46 0 M M M 11.7 22 180 M M 10 1 28 170
9 26 0 13 M 52 0 M M M 11.6 20 280 M M 3 1 29 280
10 4 -11 -3 M 68 0 M M M 6.4 14 290 M M 0 22 290
11 28 -10 9 M 56 0 M M M 7.8 16 190 M M 1 24 200
12 35 25 30 M 35 0 M M M 3.0 7 330 M M 5 M M
13 37 21 29 M 36 0 M M M 4.3 14 30 M M 9 1 18 30
14 25 10 18 M 47 0 M M M 11.3 16 70 M M 7 22 60
15 17 -4 7 M 58 0 M M M 5.0 16 40 M M 4 21 40
16 21 -4 9 M 56 0 M M M 4.8 8 220 M M 8 8 M M
17 30 21 26 M 39 0 M M M 6.4 13 320 M M 10 20 340
18 37 27 32 M 33 0 M M M 8.3 15 150 M M 8 23 290
19 31 2 17 M 48 0 M M M 11.0 18 300 M M 6 36 280
20 10 -12 -1 M 66 0 M M M 4.0 8 290 M M 0 M M
21 17 -19 -1 M 66 0 M M M 7.8 16 190 M M 1 21 190
22 22 9 16 M 49 0 M M M 10.2 15 240 M M 8 8 28 290
23 10 -6 2 M 63 0 M M M 5.1 12 270 M M 4 16 260
24 18 2 10 M 55 0 M M M 5.6 15 320 M M 7 8 20 320
25 2 -8 -3 M 68 0 M M M 5.9 13 270 M M 0 18 290
26 13 -20 -3 M 68 0 M M M 8.6 16 210 M M 0 24 200
27 29 -1 14 M 51 0 M M M 9.6 18 330 M M 7 28 320
28 15 -14 1 M 64 0 M M M 3.3 9 260 M M 4 M M
29 26 10 18 M 47 0 M M M 5.2 12 170 M M 7 20 150
30 29 7 18 M 47 0 M M M 2.6 7 30 M M 7 M M
31 31 4 18 M 47 0 M M M 6.1 12 140 M M 3 18 150
================================================================================
SM 687 67 1630 0 0.05 M 204.1 M 152
================================================================================
AV 22.2 2.2 6.6 FASTST M M 5 MAX(MPH)
MISC ----> 22 180 36 280
================================================================================
NOTES:
# LAST OF SEVERAL OCCURRENCES
COLUMN 17 PEAK WIND IN M.P.H.
PRELIMINARY LOCAL CLIMATOLOGICAL DATA (WS FORM: F-6) , PAGE 2
STATION: STEVENS POINT WI
MONTH: JANUARY
YEAR: 2022
LATITUDE: 44 32 N
LONGITUDE: 89 32 W
[TEMPERATURE DATA] [PRECIPITATION DATA] SYMBOLS USED IN COLUMN 16
AVERAGE MONTHLY: 12.2 TOTAL FOR MONTH: 0.05 1 = FOG OR MIST
DPTR FM NORMAL: -0.8 DPTR FM NORMAL: M 2 = FOG REDUCING VISIBILITY
HIGHEST: 37 ON 18,13 GRTST 24HR 0.06 ON 4- 4 TO 1/4 MILE OR LESS
LOWEST: -20 ON 26 3 = THUNDER
SNOW, ICE PELLETS, HAIL 4 = ICE PELLETS
TOTAL MONTH: M 5 = HAIL
GRTST 24HR M ON M 6 = FREEZING RAIN OR DRIZZLE
GRTST DEPTH: M ON M 7 = DUSTSTORM OR SANDSTORM:
VSBY 1/2 MILE OR LESS
8 = SMOKE OR HAZE
[NO. OF DAYS WITH] [WEATHER - DAYS WITH] 9 = BLOWING SNOW
X = TORNADO
MAX 32 OR BELOW: 28 0.01 INCH OR MORE: 2
MAX 90 OR ABOVE: 0 0.10 INCH OR MORE: 0
MIN 32 OR BELOW: 31 0.50 INCH OR MORE: 0
MIN 0 OR BELOW: 15 1.00 INCH OR MORE: 0
[HDD (BASE 65) ]
TOTAL THIS MO. 1630 CLEAR (SCALE 0-3) 11
DPTR FM NORMAL 16 PTCLDY (SCALE 4-7) 15
TOTAL FM JUL 1 4412 CLOUDY (SCALE 8-10) 5
DPTR FM NORMAL 838
[CDD (BASE 65) ]
TOTAL THIS MO. 0
DPTR FM NORMAL 0 [PRESSURE DATA]
TOTAL FM JAN 1 0 HIGHEST SLP M ON M
DPTR FM NORMAL 0 LOWEST SLP M ON M
[REMARKS]
#FINAL-01-22#