000
CXUS55 KSTO 090546
CF6STO
PRELIMINARY LOCAL CLIMATOLOGICAL DATA (WS FORM: F-6)
STATION: SACRAMENTO CITY
MONTH: MARCH
YEAR: 2022
LATITUDE: 38 36 N
LONGITUDE: 121 23 W
TEMPERATURE IN F: :PCPN: SNOW: WIND :SUNSHINE: SKY :PK WND
================================================================================
1 2 3 4 5 6A 6B 7 8 9 10 11 12 13 14 15 16 17 18
12Z AVG MX 2MIN
DY MAX MIN AVG DEP HDD CDD WTR SNW DPTH SPD SPD DIR MIN PSBL S-S WX SPD DR
================================================================================
1 78 48 63 8 2 0 0.00 0.0 M M M M M M M M M
2 76 49 63 7 2 0 0.00 0.0 M M M M M M M M M
3 68 47 58 2 7 0 0.00 0.0 M M M M M M M M M
4 66 46 56 0 9 0 0.00 0.0 M M M M M M M M M
5 55 40 48 -8 17 0 0.00 0.0 M M M M M M M M M
6 63 35 49 -7 16 0 0.00 0.0 M M M M M M M M M
7 70 42 56 0 9 0 0.00 0.0 M M M M M M M M M
8 73 43 58 2 7 0 0.00 0.0 M M M M M M M M M
9 72 43 58 2 7 0 0.00 0.0 M M M M M M M M M
10 68 46 57 0 8 0 0.00 M M M M M M M M M M
11 72 38 55 -2 10 0 0.00 M M M M M M M M M M
12 74 44 59 2 6 0 0.00 M M M M M M M M M M
13 68 51 60 3 5 0 0.00 M M M M M M M M M M
14 73 44 59 2 6 0 0.00 M M M M M M M M M M
15 72 53 63 6 2 0 0.34 M M M M M M M M M M
16 73 48 61 4 4 0 0.00 M M M M M M M M M M
17 74 49 62 5 3 0 0.00 0.0 M M M M M M M M M
18 76 45 61 3 4 0 0.00 0.0 M M M M M M M M M
19 62 51 57 -1 8 0 0.00 0.0 M M M M M M M M M
20 71 46 59 1 6 0 0.00 M M M M M M M M M M
21 81 45 63 5 2 0 0.00 M M M M M M M M M M
22 82 58 70 12 0 5 0.00 0.0 M M M M M M M M M
23 83 58 71 13 0 6 0.00 0.0 M M M M M M M M M
24 87 52 70 12 0 5 0.00 0.0 M M M M M M M M M
25 81 49 65 7 0 0 0.00 0.0 M M M M M M M M M
26 81 50 66 8 0 1 0.00 0.0 M M M M M M M M M
27 72 52 62 4 3 0 0.10 0.0 M M M M M M M M M
28 60 49 55 -3 10 0 0.50 M M M M M M M M M M
29 72 45 59 0 6 0 0.00 M M M M M M M M M M
30 63 50 57 -2 8 0 0.00 0.0 M M M M M M M M M
31 73 48 61 2 4 0 0.00 0.0 M M M M M M M M M
================================================================================
SM 2239 1464 171 17 0.94 0.0 M M M
================================================================================
AV 72.2 47.2 M FASTST M M M MAX(MPH)
MISC ----> M M M M
================================================================================
NOTES:
# LAST OF SEVERAL OCCURRENCES
COLUMN 17 PEAK WIND IN M.P.H.
PRELIMINARY LOCAL CLIMATOLOGICAL DATA (WS FORM: F-6) , PAGE 2
STATION: SACRAMENTO CITY
MONTH: MARCH
YEAR: 2022
LATITUDE: 38 36 N
LONGITUDE: 121 23 W
[TEMPERATURE DATA] [PRECIPITATION DATA] SYMBOLS USED IN COLUMN 16
AVERAGE MONTHLY: 59.7 TOTAL FOR MONTH: 0.94 1 = FOG OR MIST
DPTR FM NORMAL: 2.5 DPTR FM NORMAL: -1.88 2 = FOG REDUCING VISIBILITY
HIGHEST: 87 ON 24 GRTST 24HR 0.50 ON 28-28 TO 1/4 MILE OR LESS
LOWEST: 35 ON 6 3 = THUNDER
SNOW, ICE PELLETS, HAIL 4 = ICE PELLETS
TOTAL MONTH: 0.0 INCH 5 = HAIL
GRTST 24HR 0.0 6 = FREEZING RAIN OR DRIZZLE
GRTST DEPTH: M ON M 7 = DUSTSTORM OR SANDSTORM:
VSBY 1/2 MILE OR LESS
8 = SMOKE OR HAZE
[NO. OF DAYS WITH] [WEATHER - DAYS WITH] 9 = BLOWING SNOW
X = TORNADO
MAX 32 OR BELOW: 0 0.01 INCH OR MORE: 3
MAX 90 OR ABOVE: 0 0.10 INCH OR MORE: 3
MIN 32 OR BELOW: 0 0.50 INCH OR MORE: 1
MIN 0 OR BELOW: 0 1.00 INCH OR MORE: 0
[HDD (BASE 65) ]
TOTAL THIS MO. 171 CLEAR (SCALE 0-3) 0
DPTR FM NORMAL -73 PTCLDY (SCALE 4-7) 0
TOTAL FM JUL 1 1776 CLOUDY (SCALE 8-10) 31
DPTR FM NORMAL -172
[CDD (BASE 65) ]
TOTAL THIS MO. 17
DPTR FM NORMAL 13 [PRESSURE DATA]
TOTAL FM JAN 1 17 HIGHEST SLP M ON M
DPTR FM NORMAL 13 LOWEST SLP M ON M
[REMARKS]
#FINAL-03-22#