000
CXUS53 KLSX 011400
CF6SUS
PRELIMINARY LOCAL CLIMATOLOGICAL DATA (WS FORM: F-6)
STATION: SPIRIT OF ST LOUIS MO
MONTH: SEPTEMBER
YEAR: 2021
LATITUDE: 38 39 N
LONGITUDE: 90 38 W
TEMPERATURE IN F: :PCPN: SNOW: WIND :SUNSHINE: SKY :PK WND
================================================================================
1 2 3 4 5 6A 6B 7 8 9 10 11 12 13 14 15 16 17 18
12Z AVG MX 2MIN
DY MAX MIN AVG DEP HDD CDD WTR SNW DPTH SPD SPD DIR MIN PSBL S-S WX SPD DR
================================================================================
1 84 63 74 0 0 9 T 0.0 0 5.9 16 40 M M 5 21 40
2 80 57 69 -4 0 4 0.00 0.0 0 2.7 12 110 M M 0 20 100
3 78 60 69 -4 0 4 T 0.0 0 4.7 12 140 M M 5 8 17 130
4 78 70 74 1 0 9 0.89 0.0 0 5.8 16 230 M M 9 138 23 220
5 83 62 73 1 0 8 0.00 0.0 0 3.3 10 30 M M 2 1 15 30
6 87 60 74 2 0 9 0.00 0.0 0 3.0 10 230 M M 0 16 210
7 89 62 76 4 0 11 0.00 0.0 0 6.4 18 340 M M 2 25 360
8 83 57 70 -1 0 5 0.00 0.0 0 6.9 21 330 M M 2 29 330
9 81 53 67 -4 0 2 0.00 0.0 0 3.3 10 290 M M 1 15 300
10 85 55 70 -1 0 5 0.00 0.0 0 4.9 14 200 M M 2 1 20 160
11 88 66 77 7 0 12 0.00 0.0 0 7.7 17 230 M M 0 26 230
12 89 68 79 9 0 14 0.00 0.0 0 8.0 15 200 M M 0 25 210
13 89 60 75 5 0 10 0.00 0.0 0 5.8 17 200 M M 1 1 24 180
14 92 70 81 12 0 16 0.04 0.0 0 6.2 18 240 M M 2 13 25 220
15 82 58 70 1 0 5 0.01 0.0 0 4.9 13 80 M M 2 1 19 70
16 86 54 70 1 0 5 0.00 0.0 0 2.1 10 90 M M 1 12 16 90
17 89 59 74 6 0 9 0.00 0.0 0 1.2 9 60 M M 1 18 12 90
18 89 64 77 9 0 12 0.00 0.0 0 2.5 9 70 M M 1 18 13 90
19 86 64 75 7 0 10 0.00 0.0 0 3.8 12 130 M M 4 123 19 110
20 87 68 78 11 0 13 0.00 0.0 0 6.3 16 190 M M 4 1 24 200
21 77 56 67 0 0 2 1.31 0.0 0 7.7 22 330 M M 8 13 29 330
22 73 49 61 -5 4 0 0.00 0.0 0 7.0 21 340 M M 3 31 330
23 74 45 60 -6 5 0 0.00 0.0 0 3.2 14 320 M M 1 12 19 290
24 81 46 64 -2 1 0 T 0.0 0 4.6 15 330 M M 1 1 22 180
25 76 49 63 -2 2 0 0.01 0.0 0 4.2 15 330 M M 3 128 21 240
26 85 46 66 1 0 1 0.00 0.0 0 6.4 16 190 M M 0 24 190
27 91 60 76 12 0 11 0.00 0.0 0 7.8 17 220 M M 0 27 250
28 90 58 74 10 0 9 0.00 0.0 0 0.9 10 250 M M 0 18 15 240
29 87 58 73 9 0 8 0.00 0.0 0 2.4 10 130 M M 1 128 17 130
30 85 61 73 10 0 8 T 0.0 0 2.3 18 210 M M 1 138 28 200
================================================================================
SM 2524 1758 12 211 2.26 0.0 141.9 M 62
================================================================================
AV 84.1 58.6 4.7 FASTST M M 2 MAX(MPH)
MISC ----> 22 330 31 330
================================================================================
NOTES:
# LAST OF SEVERAL OCCURRENCES
COLUMN 17 PEAK WIND IN M.P.H.
PRELIMINARY LOCAL CLIMATOLOGICAL DATA (WS FORM: F-6) , PAGE 2
STATION: SPIRIT OF ST LOUIS MO
MONTH: SEPTEMBER
YEAR: 2021
LATITUDE: 38 39 N
LONGITUDE: 90 38 W
[TEMPERATURE DATA] [PRECIPITATION DATA] SYMBOLS USED IN COLUMN 16
AVERAGE MONTHLY: 71.4 TOTAL FOR MONTH: 2.26 1 = FOG OR MIST
DPTR FM NORMAL: 2.7 DPTR FM NORMAL: -0.76 2 = FOG REDUCING VISIBILITY
HIGHEST: 92 ON 14 GRTST 24HR 1.31 ON 21-21 TO 1/4 MILE OR LESS
LOWEST: 45 ON 23 3 = THUNDER
SNOW, ICE PELLETS, HAIL 4 = ICE PELLETS
TOTAL MONTH: 0.0 INCH 5 = HAIL
GRTST 24HR 0.0 6 = FREEZING RAIN OR DRIZZLE
GRTST DEPTH: 0 7 = DUSTSTORM OR SANDSTORM:
VSBY 1/2 MILE OR LESS
8 = SMOKE OR HAZE
[NO. OF DAYS WITH] [WEATHER - DAYS WITH] 9 = BLOWING SNOW
X = TORNADO
MAX 32 OR BELOW: 0 0.01 INCH OR MORE: 5
MAX 90 OR ABOVE: 3 0.10 INCH OR MORE: 2
MIN 32 OR BELOW: 0 0.50 INCH OR MORE: 2
MIN 0 OR BELOW: 0 1.00 INCH OR MORE: 1
[HDD (BASE 65) ]
TOTAL THIS MO. 12 CLEAR (SCALE 0-3) 24
DPTR FM NORMAL -39 PTCLDY (SCALE 4-7) 5
TOTAL FM JUL 1 12 CLOUDY (SCALE 8-10) 1
DPTR FM NORMAL -39
[CDD (BASE 65) ]
TOTAL THIS MO. 211
DPTR FM NORMAL 49 [PRESSURE DATA]
TOTAL FM JAN 1 1459 HIGHEST SLP 30.19 ON 22
DPTR FM NORMAL 47 LOWEST SLP 29.73 ON 1
[REMARKS]
#FINAL-09-21#