000
CXUS53 KFSD 011521
CF6SUX
PRELIMINARY LOCAL CLIMATOLOGICAL DATA (WS FORM: F-6)
STATION: SIOUX CITY IA
MONTH: SEPTEMBER
YEAR: 2022
LATITUDE: 42 24 N
LONGITUDE: 96 23 W
TEMPERATURE IN F: :PCPN: SNOW: WIND :SUNSHINE: SKY :PK WND
================================================================================
1 2 3 4 5 6A 6B 7 8 9 10 11 12 13 14 15 16 17 18
12Z AVG MX 2MIN
DY MAX MIN AVG DEP HDD CDD WTR SNW DPTH SPD SPD DIR MIN PSBL S-S WX SPD DR
================================================================================
1 90 63 77 8 0 12 0.00 0.0 0 6.7 21 200 M M 0 1 27 220
2 93 62 78 10 0 13 0.00 0.0 0 8.1 16 30 M M 0 25 10
3 81 54 68 0 0 3 0.00 0.0 0 9.7 17 20 M M 0 23 30
4 81 47 64 -4 1 0 0.00 0.0 0 5.8 15 90 M M 0 1 19 80
5 82 54 68 0 0 3 0.00 0.0 0 8.1 15 160 M M 2 1 23 130
6 89 60 75 8 0 10 0.00 0.0 0 8.5 15 170 M M 0 1 21 150
7 88 61 75 8 0 10 0.00 0.0 0 7.8 17 150 M M 0 1 21 150
8 91 62 77 10 0 12 0.00 0.0 0 13.4 28 190 M M 0 38 190
9 71 58 65 -1 0 0 0.11 0.0 0 12.6 24 10 M M 5 1 32 360
10 73 46 60 -6 5 0 0.36 0.0 0 6.3 21 360 M M 5 1 25 10
11 77 40 59 -7 6 0 0.00 0.0 0 4.9 15 320 M M 0 1 23 350
12 82 40 61 -4 4 0 0.00 0.0 0 3.0 12 110 M M 0 1 14 110
13 87 47 67 2 0 2 0.00 0.0 0 9.1 20 120 M M 0 27 130
14 89 56 73 8 0 8 0.00 0.0 0 11.6 24 170 M M 0 35 180
15 87 61 74 10 0 9 0.17 0.0 0 12.8 23 160 M M 2 3 34 150
16 85 63 74 10 0 9 T 0.0 0 7.5 15 150 M M 5 3 21 150
17 86 62 74 10 0 9 0.09 0.0 0 7.7 21 120 M M 3 13 26 110
18 87 53 70 7 0 5 T 0.0 0 5.1 13 360 M M 1 1 16 350
19 91 53 72 9 0 7 0.00 0.0 0 10.0 22 170 M M 0 1 29 150
20 97 60 79 17 0 14 0.00 0.0 0 8.6 18 360 M M 0 25 10
21 72 50 61 -1 4 0 0.00 0.0 0 12.8 22 360 M M 1 29 360
22 70 49 60 -2 5 0 0.00 0.0 0 6.6 12 110 M M 1 17 130
23 67 52 60 -1 5 0 0.03 0.0 0 13.2 26 170 M M 7 13 36 170
24 83 44 64 3 1 0 0.00 0.0 0 9.8 25 320 M M 0 1 35 330
25 79 48 64 4 1 0 0.00 0.0 0 13.0 37 330 M M 0 49 340
26 76 39 58 -2 7 0 0.00 0.0 0 6.1 18 340 M M 1 26 320
27 78 40 59 -1 6 0 0.00 0.0 0 6.1 16 20 M M 1 1 23 10
28 70 37 54 -5 11 0 0.00 0.0 0 8.0 14 120 M M 0 24 140
29 76 38 57 -2 8 0 0.00 0.0 0 12.9 20 160 M M 0 31 170
30 81 49 65 7 0 0 0.00 0.0 0 12.7 26 160 M M 0 35 150
================================================================================
SM 2459 1548 64 126 0.76 0.0 268.5 M 34
================================================================================
AV 82.0 51.6 9.0 FASTST M M 1 MAX(MPH)
MISC ----> 37 330 49 340
================================================================================
NOTES:
# LAST OF SEVERAL OCCURRENCES
-COLUMN 17 PEAK WIND IN M.P.H.
-PRECIPITATION AMOUNTS IN COLUMNS 7,8 AND 9 ARE THE OFFICIAL
PRECIPITATION AMOUNTS FOR SIOUX CITY, IA.
-SNOW DEPTH IN COLUMN 9 IS RECORDED AT 6 AM CST (12Z).
PRELIMINARY LOCAL CLIMATOLOGICAL DATA (WS FORM: F-6) , PAGE 2
STATION: SIOUX CITY IA
MONTH: SEPTEMBER
YEAR: 2022
LATITUDE: 42 24 N
LONGITUDE: 96 23 W
[TEMPERATURE DATA] [PRECIPITATION DATA] SYMBOLS USED IN COLUMN 16
AVERAGE MONTHLY: 66.8 TOTAL FOR MONTH: 0.76 1 = FOG OR MIST
DPTR FM NORMAL: 2.9 DPTR FM NORMAL: -2.08 2 = FOG REDUCING VISIBILITY
HIGHEST: 97 ON 20 GRTST 24HR 0.47 ON 9-10 TO 1/4 MILE OR LESS
LOWEST: 37 ON 28 3 = THUNDER
SNOW, ICE PELLETS, HAIL 4 = ICE PELLETS
TOTAL MONTH: 0.0 INCH 5 = HAIL
GRTST 24HR 0.0 6 = FREEZING RAIN OR DRIZZLE
GRTST DEPTH: 0 7 = DUSTSTORM OR SANDSTORM:
VSBY 1/2 MILE OR LESS
8 = SMOKE OR HAZE
[NO. OF DAYS WITH] [WEATHER - DAYS WITH] 9 = BLOWING SNOW
X = TORNADO
MAX 32 OR BELOW: 0 0.01 INCH OR MORE: 5
MAX 90 OR ABOVE: 5 0.10 INCH OR MORE: 3
MIN 32 OR BELOW: 0 0.50 INCH OR MORE: 0
MIN 0 OR BELOW: 0 1.00 INCH OR MORE: 0
[HDD (BASE 65) ]
TOTAL THIS MO. 64 CLEAR (SCALE 0-3) 26
DPTR FM NORMAL -57 PTCLDY (SCALE 4-7) 4
TOTAL FM JUL 1 64 CLOUDY (SCALE 8-10) 0
DPTR FM NORMAL -73
[CDD (BASE 65) ]
TOTAL THIS MO. 126
DPTR FM NORMAL 38 [PRESSURE DATA]
TOTAL FM JAN 1 1136 HIGHEST SLP 30.51 ON 28
DPTR FM NORMAL 280 LOWEST SLP 29.64 ON 8
[REMARKS]
RECORD HIGH DAILY MAXIMUM TEMPERATURE WAS ESTABLISHED ON THE 20TH WITH
97 DEGREES. THE PREVIOUS RECORD WAS 94 DEGREES IN 2005.
#FINAL-09-22#