000
CXUS51 KBGM 011948
CLSSYR
CLIMATE REPORT
NATIONAL WEATHER SERVICE BINGHAMTON, NY
348 PM EDT WED SEP 01 2021
...................................
...THE SYRACUSE NY CLIMATE SUMMARY FOR THE SEASON, FROM
6/1/2021 TO 8/31/2021...
CLIMATE NORMAL PERIOD 1991 TO 2020
CLIMATE RECORD PERIOD 1902 TO 2021
WEATHER OBSERVED NORMAL DEPART LAST YEAR`S
VALUE DATE(S) VALUE FROM VALUE DATE(S)
NORMAL
................................................................
TEMPERATURE (F)
RECORD
HIGH 101 07/17/2012
08/14/2002
07/21/2011
LOW 35 06/01/1966
HIGHEST 96 06/28 79 17 98 07/09
LOWEST 49 06/02 58 -9 42 06/14
06/23
AVG. MAXIMUM 83.2 79.8 3.4 84.1
AVG. MINIMUM 63.7 59.7 4.0 62.2
MEAN 73.4 69.7 3.7 73.1
DAYS MAX >= 90 15 8.7 6.3 20
DAYS MAX <= 32 0 0.0 0.0 0
DAYS MIN <= 32 0 0.0 0.0 0
DAYS MIN <= 0 0 0.0 0.0 0
PRECIPITATION (INCHES)
RECORD
MAXIMUM 23.18 1922
MINIMUM 5.33 1965
TOTALS 19.93 11.12 8.81 11.29
DAILY AVG. 0.21 0.12 0.09 0.12
DAYS >= .01 27 34.4 -7.4 27
DAYS >= .10 17 21.5 -4.5 20
DAYS >= .50 9 7.5 1.5 6
DAYS >= 1.00 4 2.2 1.8 4
GREATEST
24 HR. TOTAL 3.64 08/18 TO 08/19 2.36 07/11 TO 07/12
SNOWFALL (INCHES)
RECORDS
TOTAL T 2016
24 HR TOTAL T 06/07/2016 TO 06/07/2016
08/07/2008 TO 08/07/2008
08/07/2008 TO 06/16/2008
SNOW DEPTH T 06/07/2016
TOTALS 0.0 0.0 0.0 0.0
SINCE 7/1 0.0 0.0 0.0 0.0
SNOWDEPTH AVG. 0 0
DAYS >= TRACE 0 0.0 0.0 0
DAYS >= 1.0 0 0.0 0.0 0
GREATEST
SNOW DEPTH 0 0 MM
24 HR TOTAL 0.0 MM 0.0
DEGREE DAYS
HEATING TOTAL 20 75 -55 49
SINCE 7/1 3 15 -12 2
COOLING TOTAL 813 513 300 825
SINCE 1/1 872 551 321 897
FREEZE DATES
RECORD
EARLIEST 09/23/1963
LATEST 05/24/1963
EARLIEST MM
LATEST 04/22
................................................................
WIND (MPH)
AVERAGE WIND SPEED 6.6
RESULTANT WIND SPEED/DIRECTION 2/250
HIGHEST WIND SPEED/DIRECTION 47/220 DATE 06/21
HIGHEST GUST SPEED/DIRECTION 65/220 DATE 06/21
SKY COVER
POSSIBLE SUNSHINE (PERCENT) MM
AVERAGE SKY COVER 0.65
AVERAGE RH (PERCENT) 67
WEATHER CONDITIONS. NUMBER OF DAYS WITH
THUNDERSTORM 23 MIXED PRECIP 0
HEAVY RAIN 20 RAIN 25
LIGHT RAIN 50 FREEZING RAIN 0
LT FREEZING RAIN 0 HAIL 0
HEAVY SNOW 0 SNOW 0
LIGHT SNOW 0 SLEET 0
FOG 41 FOG W/VIS <= 1/4 MILE 0
HAZE 17
- INDICATES NEGATIVE NUMBERS.
R INDICATES RECORD WAS SET OR TIED.
MM INDICATES DATA IS MISSING.
T INDICATES TRACE AMOUNT.
&&
2ND WETTEST JUNE TO AUGUST
TIED 2ND WARMEST JUNE TO AUGUST
$$
TAC