000
CXUS54 KEWX 011011
CF6T82
PRELIMINARY LOCAL CLIMATOLOGICAL DATA (WS FORM: F-6)
STATION: FREDERICKSBURG
MONTH: MARCH
YEAR: 2020
LATITUDE: 30 15 N
LONGITUDE: 98 55 W
TEMPERATURE IN F: :PCPN: SNOW: WIND :SUNSHINE: SKY :PK WND
================================================================================
1 2 3 4 5 6A 6B 7 8 9 10 11 12 13 14 15 16 17 18
12Z AVG MX 2MIN
DY MAX MIN AVG DEP HDD CDD WTR SNW DPTH SPD SPD DIR MIN PSBL S-S WX SPD DR
================================================================================
1 73 55 64 M 1 0 0.00 M M 10.5 14 230 M M 4 22 200
2 74 57 66 M 0 1 0.00 M M 4.7 15 220 M M 6 1 18 220
3 68 57 63 M 2 0 0.00 M M 3.5 10 90 M M 4 1 16 90
4 66 53 60 M 5 0 1.25 M M 8.6 18 350 M M 10 3 25 70
5 69 43 56 M 9 0 0.00 M M 9.3 16 350 M M 4 1 28 350
6 67 39 53 M 12 0 0.00 M M 3.6 10 60 M M 0 M M
7 63 42 53 M 12 0 0.00 M M 3.0 12 160 M M 4 18 170
8 67 51 59 M 6 0 0.00 M M 10.3 22 190 M M 7 33 180
9 66 61 64 M 1 0 0.03 M M 10.4 17 170 M M 8 27 170
10 74 56 65 M 0 0 0.00 M M 4.2 10 220 M M 8 12 M M
11 81 59 70 M 0 5 0.00 M M 8.5 15 220 M M 6 16 240
12 79 62 71 M 0 6 0.00 M M 8.2 16 210 M M 2 16 210
13 76 64 70 M 0 5 0.00 M M 4.3 8 140 M M 7 M M
14 78 66 72 M 0 7 0.00 M M 7.5 14 150 M M 9 1 20 150
15 76 58 67 M 0 2 0.03 M M 4.2 8 80 M M 10 12 M M
16 73 57 65 M 0 0 0.26 M M 5.8 10 140 M M 9 12 M M
17 76 64 70 M 0 5 0.00 M M 6.7 14 170 M M 9 1 18 160
18 76 64 70 M 0 5 0.01 M M 9.6 17 190 M M 8 25 190
19 77 65 71 M 0 6 0.00 M M 7.1 15 170 M M 7 23 170
20 76 50 63 M 2 0 0.33 M M 7.7 22 320 M M 8 33 360
21 53 43 48 M 17 0 0.39 M M 8.3 12 40 M M 10 13 16 30
22 66 46 56 M 9 0 0.08 M M 1.2 7 360 M M 10 1 M M
23 73 61 67 M 0 2 0.00 M M 4.1 13 180 M M 10 1 16 170
24 83 61 72 M 0 7 0.00 M M 5.7 13 300 M M 5 M M
25 86 48 67 M 0 2 0.00 M M 4.4 13 200 M M 0 17 200
26 84 58 71 M 0 6 0.00 M M 5.5 12 190 M M 4 1 M M
27 82 64 73 M 0 8 0.00 M M 7.1 17 200 M M 6 24 200
28 79 58 69 M 0 4 0.00 M M 7.3 18 310 M M 2 24 340
29 74 41 58 M 7 0 0.00 M M 4.3 9 90 M M 2 M M
30 70 60 65 M 0 0 0.01 M M 3.3 8 230 M M 10 1 M M
31 71 51 61 M 4 0 0.00 M M 6.8 16 360 M M 3 12 22 360
================================================================================
SM 2276 1714 87 71 2.39 M 195.7 M 192
================================================================================
AV 73.4 55.3 6.3 FASTST M M 6 MAX(MPH)
MISC ----> # 22 190 # 33 180
================================================================================
NOTES:
# LAST OF SEVERAL OCCURRENCES
COLUMN 17 PEAK WIND IN M.P.H.
PRELIMINARY LOCAL CLIMATOLOGICAL DATA (WS FORM: F-6) , PAGE 2
STATION: FREDERICKSBURG
MONTH: MARCH
YEAR: 2020
LATITUDE: 30 15 N
LONGITUDE: 98 55 W
[TEMPERATURE DATA] [PRECIPITATION DATA] SYMBOLS USED IN COLUMN 16
AVERAGE MONTHLY: 64.4 TOTAL FOR MONTH: 2.39 1 = FOG OR MIST
DPTR FM NORMAL: M DPTR FM NORMAL: M 2 = FOG REDUCING VISIBILITY
HIGHEST: 86 ON 25 GRTST 24HR 1.25 ON 4- 4 TO 1/4 MILE OR LESS
LOWEST: 39 ON 6 3 = THUNDER
SNOW, ICE PELLETS, HAIL 4 = ICE PELLETS
TOTAL MONTH: M 5 = HAIL
GRTST 24HR M ON M 6 = FREEZING RAIN OR DRIZZLE
GRTST DEPTH: M ON M 7 = DUSTSTORM OR SANDSTORM:
VSBY 1/2 MILE OR LESS
8 = SMOKE OR HAZE
[NO. OF DAYS WITH] [WEATHER - DAYS WITH] 9 = BLOWING SNOW
X = TORNADO
MAX 32 OR BELOW: 0 0.01 INCH OR MORE: 9
MAX 90 OR ABOVE: 0 0.10 INCH OR MORE: 4
MIN 32 OR BELOW: 0 0.50 INCH OR MORE: 1
MIN 0 OR BELOW: 0 1.00 INCH OR MORE: 1
[HDD (BASE 65) ]
TOTAL THIS MO. 87 CLEAR (SCALE 0-3) 6
DPTR FM NORMAL M PTCLDY (SCALE 4-7) 14
TOTAL FM JUL 1 1762 CLOUDY (SCALE 8-10) 11
DPTR FM NORMAL M
[CDD (BASE 65) ]
TOTAL THIS MO. 71
DPTR FM NORMAL M [PRESSURE DATA]
TOTAL FM JAN 1 75 HIGHEST SLP M ON M
DPTR FM NORMAL M LOWEST SLP M ON M
[REMARKS]
#FINAL-03-20#