000
CXUS54 KBMX 011110
CF6TCL
PRELIMINARY LOCAL CLIMATOLOGICAL DATA (WS FORM: F-6)
STATION: TUSCALOOSA
MONTH: FEBRUARY
YEAR: 2023
LATITUDE: 33 13 N
LONGITUDE: 87 37 W
TEMPERATURE IN F: :PCPN: SNOW: WIND :SUNSHINE: SKY :PK WND
================================================================================
1 2 3 4 5 6A 6B 7 8 9 10 11 12 13 14 15 16 17 18
12Z AVG MX 2MIN
DY MAX MIN AVG DEP HDD CDD WTR SNW DPTH SPD SPD DIR MIN PSBL S-S WX SPD DR
================================================================================
1 48 40 44 -3 21 0 0.12 0.0 0 6.0 13 10 M M 10 1 16 320
2 47 41 44 -3 21 0 0.79 0.0 0 6.3 12 10 M M 10 1 15 360
3 52 33 43 -4 22 0 0.02 0.0 0 8.2 18 10 M M 2 23 20
4 58 27 43 -4 22 0 0.00 0.0 0 2.5 10 170 M M 0 13 190
5 66 32 49 2 16 0 0.00 0.0 0 3.3 14 260 M M 0 18 230
6 70 34 52 4 13 0 0.00 0.0 M 1.8 9 210 M M 0 1 14 140
7 73 37 55 7 10 0 T M M 4.0 13 170 M M 5 1 16 170
8 74 59 67 19 0 2 0.01 0.0 M 6.7 20 180 M M 9 1 26 160
9 69 46 58 10 7 0 0.59 0.0 0 8.3 21 140 M M 5 1 33 140
10 62 41 52 4 13 0 0.00 0.0 0 7.5 16 10 M M 0 20 360
11 50 43 47 -2 18 0 1.16 0.0 0 10.6 21 30 M M 7 1 27 30
12 61 35 48 -1 17 0 0.19 0.0 0 7.5 16 310 M M 4 1 21 320
13 68 30 49 0 16 0 0.00 0.0 0 3.1 14 240 M M 0 18 230
14 74 38 56 7 9 0 0.00 0.0 0 9.3 24 180 M M 1 33 180
15 73 61 67 17 0 2 0.24 0.0 0 7.6 15 170 M M 9 1 24 170
16 74 52 63 13 2 0 0.52 0.0 0 9.9 24 310 M M 9 18 31 310
17 52 34 43 -7 22 0 0.76 0.0 0 11.1 18 310 M M 7 1 27 300
18 59 26 43 -7 22 0 0.00 0.0 0 3.9 15 30 M M 0 18 20
19 65 39 52 1 13 0 0.00 0.0 0 4.7 14 180 M M 0 17 210
20 72 48 60 9 5 0 0.00 0.0 0 7.9 18 220 M M 2 1 24 200
21 79 58 69 18 0 4 0.79 0.0 0 7.8 18 230 M M 5 1 27 230
22 83 66 75 24 0 10 0.00 0.0 0 14.6 26 180 M M 5 37 150
23 83 70 77 25 0 12 T 0.0 0 7.4 17 190 M M 7 22 180
24 71 56 64 12 1 0 T 0.0 0 7.7 17 20 M M 9 18 20 30
25 74 56 65 13 0 0 T 0.0 0 3.3 12 320 M M 9 18 14 340
26 77 55 66 14 0 1 0.00 0.0 0 2.0 9 170 M M 5 1 12 160
27 82 58 70 17 0 5 T 0.0 0 9.6 28 230 M M 5 1 39 240
28 81 49 65 12 0 0 0.00 0.0 0 2.4 14 260 M M 0 18 19 260
================================================================================
SM 1897 1264 270 36 5.19 0.0 185.0 M 125
================================================================================
AV 67.8 45.1 6.6 FASTST M M 4 MAX(MPH)
MISC ----> 28 230 39 240
================================================================================
NOTES:
# LAST OF SEVERAL OCCURRENCES
COLUMN 17 PEAK WIND IN M.P.H.
PRELIMINARY LOCAL CLIMATOLOGICAL DATA (WS FORM: F-6) , PAGE 2
STATION: TUSCALOOSA
MONTH: FEBRUARY
YEAR: 2023
LATITUDE: 33 13 N
LONGITUDE: 87 37 W
[TEMPERATURE DATA] [PRECIPITATION DATA] SYMBOLS USED IN COLUMN 16
AVERAGE MONTHLY: 56.4 TOTAL FOR MONTH: 5.19 1 = FOG OR MIST
DPTR FM NORMAL: 6.8 DPTR FM NORMAL: -0.18 2 = FOG REDUCING VISIBILITY
HIGHEST: 83 ON 23,22 GRTST 24HR 1.35 ON 11-12 TO 1/4 MILE OR LESS
LOWEST: 26 ON 18 3 = THUNDER
SNOW, ICE PELLETS, HAIL 4 = ICE PELLETS
TOTAL MONTH: 0.0 INCH 5 = HAIL
GRTST 24HR 0.0 6 = FREEZING RAIN OR DRIZZLE
GRTST DEPTH: 0 7 = DUSTSTORM OR SANDSTORM:
VSBY 1/2 MILE OR LESS
8 = SMOKE OR HAZE
[NO. OF DAYS WITH] [WEATHER - DAYS WITH] 9 = BLOWING SNOW
X = TORNADO
MAX 32 OR BELOW: 0 0.01 INCH OR MORE: 11
MAX 90 OR ABOVE: 0 0.10 INCH OR MORE: 9
MIN 32 OR BELOW: 4 0.50 INCH OR MORE: 6
MIN 0 OR BELOW: 0 1.00 INCH OR MORE: 1
[HDD (BASE 65) ]
TOTAL THIS MO. 270 CLEAR (SCALE 0-3) 11
DPTR FM NORMAL -168 PTCLDY (SCALE 4-7) 10
TOTAL FM JUL 1 1567 CLOUDY (SCALE 8-10) 7
DPTR FM NORMAL -443
[CDD (BASE 65) ]
TOTAL THIS MO. 36
DPTR FM NORMAL 31 [PRESSURE DATA]
TOTAL FM JAN 1 43 HIGHEST SLP 30.56 ON 4
DPTR FM NORMAL 41 LOWEST SLP 29.67 ON 27
[REMARKS]
#FINAL-02-23#