000
CXUS54 KBMX 011110
CF6TCL
PRELIMINARY LOCAL CLIMATOLOGICAL DATA (WS FORM: F-6)
STATION: TUSCALOOSA
MONTH: DECEMBER
YEAR: 2021
LATITUDE: 33 13 N
LONGITUDE: 87 37 W
TEMPERATURE IN F: :PCPN: SNOW: WIND :SUNSHINE: SKY :PK WND
================================================================================
1 2 3 4 5 6A 6B 7 8 9 10 11 12 13 14 15 16 17 18
12Z AVG MX 2MIN
DY MAX MIN AVG DEP HDD CDD WTR SNW DPTH SPD SPD DIR MIN PSBL S-S WX SPD DR
================================================================================
1 71 39 55 5 10 0 0.00 0.0 0 2.5 12 190 M M 0 1 16 210
2 75 44 60 10 5 0 0.00 0.0 0 1.9 10 300 M M 1 12 13 250
3 75 42 59 9 6 0 0.00 0.0 0 1.0 8 250 M M 1 128 12 250
4 70 47 59 9 6 0 T 0.0 0 0.6 6 180 M M 9 18 9 350
5 78 56 67 17 0 2 0.00 0.0 0 5.8 15 200 M M 6 128 20 200
6 68 44 56 6 9 0 1.19 0.0 0 9.7 23 210 M M 8 13 31 210
7 48 37 43 -6 22 0 0.01 0.0 0 5.5 14 20 M M 7 17 10
8 59 37 48 -1 17 0 T 0.0 0 3.5 12 10 M M 4 1 17 310
9 64 34 49 0 16 0 0.11 0.0 0 3.6 12 170 M M 5 1 14 180
10 75 61 68 19 0 3 0.05 0.0 0 7.8 16 180 M M 9 1 23 200
11 73 45 59 10 6 0 0.94 0.0 0 10.1 24 290 M M 6 18 30 300
12 58 34 46 -2 19 0 0.00 0.0 0 4.2 13 60 M M 0 16 30
13 66 31 49 1 16 0 0.00 0.0 0 1.8 8 200 M M 0 10 200
14 70 39 55 7 10 0 0.00 0.0 M 1.2 7 110 M M 0 10 110
15 72 45 59 11 6 0 0.00 0.0 0 5.8 14 170 M M 1 18 120
16 75 50 63 15 2 0 0.00 0.0 0 5.4 15 190 M M 1 1 20 180
17 71 56 64 16 1 0 0.43 0.0 0 5.9 12 170 M M 10 12 17 180
18 76 59 68 20 0 3 0.26 0.0 0 6.2 14 320 M M 8 1 18 210
19 59 35 47 -1 18 0 0.06 0.0 0 8.6 16 10 M M 7 1 21 340
20 50 33 42 -5 23 0 T M M 4.2 9 40 M M 7 1 11 30
21 53 38 46 -1 19 0 0.04 M M 4.9 10 320 M M 7 1 15 290
22 58 32 45 -2 20 0 0.00 0.0 0 3.5 15 20 M M 0 1 17 10
23 64 29 47 0 18 0 0.00 0.0 0 2.6 12 200 M M 0 14 200
24 73 37 55 8 10 0 0.00 0.0 0 8.3 21 200 M M 4 27 210
25 73 60 67 20 0 2 0.00 0.0 0 7.4 14 190 M M 9 19 210
26 75 54 65 18 0 0 0.00 0.0 M 2.4 9 170 M M 6 12 12 170
27 75 59 67 20 0 2 0.00 0.0 0 7.2 16 230 M M 9 1 22 200
28 78 65 72 26 0 7 T 0.0 0 11.1 21 200 M M 9 1 30 170
29 81 64 73 27 0 8 0.85 0.0 0 7.4 20 190 M M 8 13 24 180
30 73 56 65 19 0 0 0.49 0.0 0 1.6 13 200 M M 7 123 18 210
31 79 56 68 22 0 3 0.01 0.0 0 5.8 14 180 M M 6 12 19 190
================================================================================
SM 2135 1418 259 30 4.44 0.0 157.5 M 155
================================================================================
AV 68.9 45.7 5.1 FASTST M M 5 MAX(MPH)
MISC ----> 24 290 31 210
================================================================================
NOTES:
# LAST OF SEVERAL OCCURRENCES
COLUMN 17 PEAK WIND IN M.P.H.
PRELIMINARY LOCAL CLIMATOLOGICAL DATA (WS FORM: F-6) , PAGE 2
STATION: TUSCALOOSA
MONTH: DECEMBER
YEAR: 2021
LATITUDE: 33 13 N
LONGITUDE: 87 37 W
[TEMPERATURE DATA] [PRECIPITATION DATA] SYMBOLS USED IN COLUMN 16
AVERAGE MONTHLY: 57.3 TOTAL FOR MONTH: 4.44 1 = FOG OR MIST
DPTR FM NORMAL: 9.3 DPTR FM NORMAL: -0.62 2 = FOG REDUCING VISIBILITY
HIGHEST: 81 ON 29 GRTST 24HR 1.19 ON 6- 6 TO 1/4 MILE OR LESS
LOWEST: 29 ON 23 3 = THUNDER
SNOW, ICE PELLETS, HAIL 4 = ICE PELLETS
TOTAL MONTH: 0.0 INCH 5 = HAIL
GRTST 24HR 0.0 6 = FREEZING RAIN OR DRIZZLE
GRTST DEPTH: 0 7 = DUSTSTORM OR SANDSTORM:
VSBY 1/2 MILE OR LESS
8 = SMOKE OR HAZE
[NO. OF DAYS WITH] [WEATHER - DAYS WITH] 9 = BLOWING SNOW
X = TORNADO
MAX 32 OR BELOW: 0 0.01 INCH OR MORE: 12
MAX 90 OR ABOVE: 0 0.10 INCH OR MORE: 7
MIN 32 OR BELOW: 3 0.50 INCH OR MORE: 3
MIN 0 OR BELOW: 0 1.00 INCH OR MORE: 1
[HDD (BASE 65) ]
TOTAL THIS MO. 259 CLEAR (SCALE 0-3) 10
DPTR FM NORMAL -271 PTCLDY (SCALE 4-7) 14
TOTAL FM JUL 1 695 CLOUDY (SCALE 8-10) 7
DPTR FM NORMAL -279
[CDD (BASE 65) ]
TOTAL THIS MO. 30
DPTR FM NORMAL 26 [PRESSURE DATA]
TOTAL FM JAN 1 2300 HIGHEST SLP 30.44 ON 14
DPTR FM NORMAL 38 LOWEST SLP 29.76 ON 29
[REMARKS]
#FINAL-12-21#