000
CXUS54 KFWD 220504
CF6TKI
PRELIMINARY LOCAL CLIMATOLOGICAL DATA (WS FORM: F-6)
STATION: MCKINNEY
MONTH: JULY
YEAR: 2022
LATITUDE: 33 10 N
LONGITUDE: 96 35 W
TEMPERATURE IN F: :PCPN: SNOW: WIND :SUNSHINE: SKY :PK WND
================================================================================
1 2 3 4 5 6A 6B 7 8 9 10 11 12 13 14 15 16 17 18
12Z AVG MX 2MIN
DY MAX MIN AVG DEP HDD CDD WTR SNW DPTH SPD SPD DIR MIN PSBL S-S WX SPD DR
================================================================================
1 94 73 84 1 0 19 0.00 M M 7.4 17 170 M M 1 23 170
2 97 75 86 3 0 21 0.00 M M 6.6 21 160 M M 1 27 170
3 99 75 87 4 0 22 0.00 M M 7.0 16 140 M M 1 23 180
4 98 77 88 5 0 23 0.00 M M 10.0 21 150 M M 0 29 160
5 99 76 88 5 0 23 0.00 M M 9.7 18 150 M M 0 25 180
6 100 79 90 7 0 25 0.00 M M 9.5 17 170 M M 0 23 130
7 100 78 89 6 0 24 0.00 M M 9.5 16 140 M M 0 23 170
8 103 76 90 6 0 25 0.00 M M 7.7 17 150 M M 0 24 190
9 104 78 91 7 0 26 0.00 M M 5.3 17 340 M M 1 3 22 340
10 100 77 89 5 0 24 0.00 M M 6.9 16 350 M M 0 20 340
11 101 77 89 5 0 24 0.00 M M 5.3 14 40 M M 0 20 50
12 101 71 86 2 0 21 0.00 M M 6.3 20 60 M M 0 29 40
13 104 74 89 5 0 24 0.00 M M 4.4 12 30 M M 0 17 20
14 94 76 85 1 0 20 0.00 M M 9.3 28 170 M M 0 3 33 170
15 99 72 86 2 0 21 0.00 M M 5.8 14 130 M M 1 20 130
16 99 75 87 3 0 22 0.00 M M 8.4 17 170 M M 0 23 180
17 103 77 90 5 0 25 0.00 M M 7.7 17 150 M M 0 25 180
18 107 82 95 10 0 30 M M M 11.6 20 180 M M 0 8 25 220
19 108 83 96 11 0 31 M M M 14.7 23 180 M M 0 31 190
20 107 81 94 9 0 29 0.00 M M 11.8 22 190 M M 0 33 200
21 97 81 89 4 0 24 M M M 7.5 18 190 M M 1 25 80
22 99 79 89 4 0 24 0.00 M M 10.1 25 140 M M 0 33 150
23 99 76 88 3 0 23 0.00 M M 10.2 17 150 M M 1 25 150
24 101 79 90 5 0 25 0.00 M M 10.2 17 160 M M 0 30 140
25 102 79 91 6 0 26 0.00 M M 9.3 17 140 M M 0 24 170
26 101 78 90 5 0 25 0.00 M M 11.2 21 190 M M 0 27 190
27 101 81 91 5 0 26 0.00 M M 10.4 18 170 M M 0 28 170
28 101 79 90 4 0 25 0.00 M M 9.2 18 150 M M 0 23 130
29 101 80 91 5 0 26 0.00 M M 9.2 18 60 M M 0 24 60
30 98 78 88 2 0 23 0.39 M M 8.1 32 40 M M 2 3 44 50
31 101 79 90 4 0 25 0.00 M M 10.0 17 140 M M 1 23 120
================================================================================
SM 3118 2401 0 751 0.39 M 270.3 M 10
================================================================================
AV100.6 77.5 8.7 FASTST M M 0 MAX(MPH)
MISC ----> 32 40 44 50
================================================================================
NOTES:
# LAST OF SEVERAL OCCURRENCES
COLUMN 17 PEAK WIND IN M.P.H.
PRELIMINARY LOCAL CLIMATOLOGICAL DATA (WS FORM: F-6) , PAGE 2
STATION: MCKINNEY
MONTH: JULY
YEAR: 2022
LATITUDE: 33 10 N
LONGITUDE: 96 35 W
[TEMPERATURE DATA] [PRECIPITATION DATA] SYMBOLS USED IN COLUMN 16
AVERAGE MONTHLY: 89.0 TOTAL FOR MONTH: 0.39 1 = FOG OR MIST
DPTR FM NORMAL: 4.6 DPTR FM NORMAL: -1.57 2 = FOG REDUCING VISIBILITY
HIGHEST: 108 ON 19 GRTST 24HR 0.39 ON 30-30 TO 1/4 MILE OR LESS
LOWEST: 71 ON 12 3 = THUNDER
SNOW, ICE PELLETS, HAIL 4 = ICE PELLETS
TOTAL MONTH: M 5 = HAIL
GRTST 24HR M ON M 6 = FREEZING RAIN OR DRIZZLE
GRTST DEPTH: M ON M 7 = DUSTSTORM OR SANDSTORM:
VSBY 1/2 MILE OR LESS
8 = SMOKE OR HAZE
[NO. OF DAYS WITH] [WEATHER - DAYS WITH] 9 = BLOWING SNOW
X = TORNADO
MAX 32 OR BELOW: 0 0.01 INCH OR MORE: 1
MAX 90 OR ABOVE: 31 0.10 INCH OR MORE: 1
MIN 32 OR BELOW: 0 0.50 INCH OR MORE: 0
MIN 0 OR BELOW: 0 1.00 INCH OR MORE: 0
[HDD (BASE 65) ]
TOTAL THIS MO. 0 CLEAR (SCALE 0-3) 31
DPTR FM NORMAL 0 PTCLDY (SCALE 4-7) 0
TOTAL FM JUL 1 0 CLOUDY (SCALE 8-10) 0
DPTR FM NORMAL 0
[CDD (BASE 65) ]
TOTAL THIS MO. 751
DPTR FM NORMAL 150 [PRESSURE DATA]
TOTAL FM JAN 1 1745 HIGHEST SLP 30.08 ON 15
DPTR FM NORMAL 320 LOWEST SLP 29.71 ON 19
[REMARKS]
#FINAL-07-22#