000
CXUS54 KBMX 011110
CF6TOI
PRELIMINARY LOCAL CLIMATOLOGICAL DATA (WS FORM: F-6)
STATION: TROY
MONTH: MARCH
YEAR: 2020
LATITUDE: 31 51 N
LONGITUDE: 86 1 W
TEMPERATURE IN F: :PCPN: SNOW: WIND :SUNSHINE: SKY :PK WND
================================================================================
1 2 3 4 5 6A 6B 7 8 9 10 11 12 13 14 15 16 17 18
12Z AVG MX 2MIN
DY MAX MIN AVG DEP HDD CDD WTR SNW DPTH SPD SPD DIR MIN PSBL S-S WX SPD DR
================================================================================
1 69 32 51 -2 14 0 0.00 0.0 0 4.8 16 190 M M 0 20 210
2 72 52 62 9 3 0 0.02 0.0 0 8.5 20 200 M M 7 28 180
3 79 62 71 18 0 6 0.01 0.0 0 8.3 22 220 M M 9 1 29 210
4 M M M M M M 3.63 0.0 0 9.6 49 350 M M 10 13 60 350
5 M M M M M M 0.37 0.0 0 9.0 14 10 M M 10 138 17 70
6 M M M M M M 0.00 0.0 0 10.6 22 330 M M 2 12 30 330
7 M M M M M M 0.00 0.0 0 6.2 13 20 M M 0 M M
8 M M M M M M 0.00 0.0 0 5.7 15 100 M M 0 20 130
9 M M M M M M 0.00 0.0 M 4.0 13 190 M M 3 23 190
10 M M M M M M T M 0 3.6 9 190 M M 7 12 M M
11 M M M M M M 0.01 0.0 0 4.7 9 210 M M 8 128 M M
12 M M M M M M 0.00 0.0 0 7.4 13 190 M M 4 8 21 210
13 82 M M M M M 0.00 0.0 0 5.0 10 250 M M 4 8 M M
14 84 60 72 16 0 7 0.00 0.0 0 2.9 15 210 M M 3 12 17 210
15 86 59 73 17 0 8 0.00 0.0 0 2.2 10 320 M M 2 14 40
16 85 60 73 17 0 8 T 0.0 0 3.4 12 220 M M 3 15 220
17 81 61 71 14 0 6 0.00 0.0 0 2.0 12 170 M M 7 1 16 170
18 82 62 72 15 0 7 0.00 0.0 0 6.4 17 210 M M 6 1 23 210
19 86 59 73 16 0 8 0.00 0.0 0 5.6 15 200 M M 4 128 19 210
20 86 64 75 18 0 10 0.00 0.0 0 6.8 17 200 M M 6 1 25 210
21 77 59 68 10 0 3 T 0.0 0 5.3 15 340 M M 7 8 18 350
22 71 56 64 6 1 0 1.14 0.0 0 4.4 16 340 M M 5 13 19 320
23 83 63 73 15 0 8 0.13 0.0 0 5.7 21 210 M M 9 1 27 220
24 85 69 77 19 0 12 0.00 0.0 0 9.4 22 220 M M 6 28 200
25 85 61 73 15 0 8 0.00 0.0 0 5.4 15 230 M M 4 20 240
26 87 56 72 14 0 7 0.00 0.0 0 2.9 10 210 M M 0 15 240
27 88 62 75 16 0 10 0.00 0.0 0 6.0 13 210 M M 3 12 16 180
28 89 70 80 21 0 15 0.00 0.0 0 9.1 17 190 M M 5 23 210
29 85 61 73 14 0 8 0.00 0.0 0 6.7 17 310 M M 6 18 21 300
30 83 60 72 13 0 7 0.00 0.0 0 3.7 14 340 M M 1 17 20
31 77 50 64 4 1 0 M 0.0 0 10.2 29 310 M M 6 13 47 290
================================================================================
SM 1802 1238 19 138 5.31 0.0 185.5 M 147
================================================================================
AV 81.9 59.0 6.0 FASTST M M 5 MAX(MPH)
MISC ----> # 49 350 # 60 350
================================================================================
NOTES:
# LAST OF SEVERAL OCCURRENCES
COLUMN 17 PEAK WIND IN M.P.H.
PRELIMINARY LOCAL CLIMATOLOGICAL DATA (WS FORM: F-6) , PAGE 2
STATION: TROY
MONTH: MARCH
YEAR: 2020
LATITUDE: 31 51 N
LONGITUDE: 86 1 W
[TEMPERATURE DATA] [PRECIPITATION DATA] SYMBOLS USED IN COLUMN 16
AVERAGE MONTHLY: 70.4 TOTAL FOR MONTH: 5.31 1 = FOG OR MIST
DPTR FM NORMAL: 14.0 DPTR FM NORMAL: -0.72 2 = FOG REDUCING VISIBILITY
HIGHEST: 89 ON 28 GRTST 24HR 3.63 ON 4- 4 TO 1/4 MILE OR LESS
LOWEST: 32 ON 1 3 = THUNDER
SNOW, ICE PELLETS, HAIL 4 = ICE PELLETS
TOTAL MONTH: 0.0 INCH 5 = HAIL
GRTST 24HR 0.0 6 = FREEZING RAIN OR DRIZZLE
GRTST DEPTH: 0 7 = DUSTSTORM OR SANDSTORM:
VSBY 1/2 MILE OR LESS
8 = SMOKE OR HAZE
[NO. OF DAYS WITH] [WEATHER - DAYS WITH] 9 = BLOWING SNOW
X = TORNADO
MAX 32 OR BELOW: 0 0.01 INCH OR MORE: 7
MAX 90 OR ABOVE: 0 0.10 INCH OR MORE: 4
MIN 32 OR BELOW: 1 0.50 INCH OR MORE: 2
MIN 0 OR BELOW: 0 1.00 INCH OR MORE: 2
[HDD (BASE 65) ]
TOTAL THIS MO. 19 CLEAR (SCALE 0-3) 10
DPTR FM NORMAL -263 PTCLDY (SCALE 4-7) 17
TOTAL FM JUL 1 1577 CLOUDY (SCALE 8-10) 4
DPTR FM NORMAL -624
[CDD (BASE 65) ]
TOTAL THIS MO. 138
DPTR FM NORMAL 124 [PRESSURE DATA]
TOTAL FM JAN 1 166 HIGHEST SLP 30.34 ON 22
DPTR FM NORMAL 147 LOWEST SLP 29.65 ON 31
[REMARKS]
#FINAL-03-20#