000
CXUS53 KTOP 010810
CF6TOP
PRELIMINARY LOCAL CLIMATOLOGICAL DATA (WS FORM: F-6)
STATION: TOPEKA KS
MONTH: OCTOBER
YEAR: 2022
LATITUDE: 39 4 N
LONGITUDE: 95 38 W
TEMPERATURE IN F: :PCPN: SNOW: WIND :SUNSHINE: SKY :PK WND
================================================================================
1 2 3 4 5 6A 6B 7 8 9 10 11 12 13 14 15 16 17 18
12Z AVG MX 2MIN
DY MAX MIN AVG DEP HDD CDD WTR SNW DPTH SPD SPD DIR MIN PSBL S-S WX SPD DR
================================================================================
1 81 45 63 0 2 0 0.00 0.0 0 4.0 15 100 M M 0 19 100
2 83 46 65 2 0 0 0.00 0.0 0 2.7 13 90 M M 0 16 90
3 85 47 66 4 0 1 0.00 0.0 0 3.8 14 140 M M 0 18 160
4 86 49 68 6 0 3 0.00 0.0 0 5.4 16 150 M M 0 21 160
5 83 57 70 8 0 5 T 0.0 0 6.0 17 310 M M 4 25 250
6 85 52 69 8 0 4 0.00 0.0 0 7.9 18 360 M M 1 28 10
7 61 38 50 -11 15 0 T 0.0 0 7.1 15 350 M M 2 24 350
8 68 36 52 -8 13 0 0.00 0.0 0 2.2 12 240 M M 2 1 16 210
9 80 38 59 -1 6 0 0.00 0.0 0 3.0 13 280 M M 0 19 240
10 84 37 61 1 4 0 0.00 0.0 0 3.8 14 180 M M 1 18 20 180
11 83 66 75 16 0 10 0.00 0.0 0 14.9 25 170 M M 6 37 180
12 75 52 64 5 1 0 0.60 0.0 0 10.4 29 350 M M 3 13 41 310
13 68 38 53 -5 12 0 0.00 0.0 0 10.1 29 310 M M 0 43 310
14 80 34 57 -1 8 0 0.00 0.0 0 8.1 21 250 M M 1 33 240
15 78 36 57 0 8 0 0.00 0.0 0 1.7 13 250 M M 0 8 17 230
16 69 41 55 -2 10 0 0.00 0.0 0 7.3 18 340 M M 2 1 26 350
17 54 33 44 -13 21 0 0.00 0.0 0 8.5 20 340 M M 0 29 350
18 48 24 36 -20 29 0 0.00 0.0 0 6.7 18 360 M M 0 27 320
19 63 22 43 -13 22 0 0.00 0.0 0 2.1 12 240 M M 0 8 14 240
20 80 31 56 1 9 0 0.00 0.0 0 2.6 13 240 M M 0 18 260
21 90 43 67 12 0 2 0.00 0.0 0 8.7 20 180 M M 0 32 190
22 83 61 72 18 0 7 0.00 0.0 0 13.8 25 170 M M 0 36 180
23 86 72 79 25 0 14 0.02 0.0 0 20.7 32 170 M M 0 3 49 160
24 77 45 61 7 4 0 0.65 0.0 0 9.3 23 180 M M 7 1 39 160
25 61 38 50 -3 15 0 0.00 0.0 0 7.3 23 310 M M 0 33 320
26 66 35 51 -2 14 0 0.00 0.0 0 3.3 10 140 M M 0 15 80
27 67 42 55 3 10 0 T 0.0 0 8.9 21 130 M M 1 27 140
28 71 42 57 5 8 0 0.00 0.0 0 2.8 10 80 M M 3 15 80
29 72 37 55 3 10 0 0.00 0.0 0 2.2 12 80 M M 0 1 15 90
30 69 46 58 7 7 0 0.00 0.0 0 3.3 13 340 M M 0 20 70
31 72 44 58 7 7 0 0.00 0.0 0 2.8 10 270 M M 2 8 14 250
================================================================================
SM 2308 1327 235 46 1.27 0.0 201.4 M 35
================================================================================
AV 74.5 42.8 6.5 FASTST M M 1 MAX(MPH)
MISC ----> 32 170 49 160
================================================================================
NOTES:
# LAST OF SEVERAL OCCURRENCES
COLUMN 17 PEAK WIND IN M.P.H.
PRELIMINARY LOCAL CLIMATOLOGICAL DATA (WS FORM: F-6) , PAGE 2
STATION: TOPEKA KS
MONTH: OCTOBER
YEAR: 2022
LATITUDE: 39 4 N
LONGITUDE: 95 38 W
[TEMPERATURE DATA] [PRECIPITATION DATA] SYMBOLS USED IN COLUMN 16
AVERAGE MONTHLY: 58.6 TOTAL FOR MONTH: 1.27 1 = FOG OR MIST
DPTR FM NORMAL: 1.6 DPTR FM NORMAL: -1.58 2 = FOG REDUCING VISIBILITY
HIGHEST: 90 ON 21 GRTST 24HR 0.65 ON 24-24 TO 1/4 MILE OR LESS
LOWEST: 22 ON 19 3 = THUNDER
SNOW, ICE PELLETS, HAIL 4 = ICE PELLETS
TOTAL MONTH: 0.0 INCH 5 = HAIL
GRTST 24HR 0.0 6 = FREEZING RAIN OR DRIZZLE
GRTST DEPTH: 0 7 = DUSTSTORM OR SANDSTORM:
VSBY 1/2 MILE OR LESS
8 = SMOKE OR HAZE
[NO. OF DAYS WITH] [WEATHER - DAYS WITH] 9 = BLOWING SNOW
X = TORNADO
MAX 32 OR BELOW: 0 0.01 INCH OR MORE: 3
MAX 90 OR ABOVE: 1 0.10 INCH OR MORE: 2
MIN 32 OR BELOW: 3 0.50 INCH OR MORE: 2
MIN 0 OR BELOW: 0 1.00 INCH OR MORE: 0
[HDD (BASE 65) ]
TOTAL THIS MO. 235 CLEAR (SCALE 0-3) 28
DPTR FM NORMAL -46 PTCLDY (SCALE 4-7) 3
TOTAL FM JUL 1 252 CLOUDY (SCALE 8-10) 0
DPTR FM NORMAL -80
[CDD (BASE 65) ]
TOTAL THIS MO. 46
DPTR FM NORMAL 13 [PRESSURE DATA]
TOTAL FM JAN 1 1851 HIGHEST SLP M ON M
DPTR FM NORMAL 319 LOWEST SLP 29.44 ON 23
[REMARKS]
#FINAL-10-22#