000
CXUS53 KTOP 010810
CF6TOP
PRELIMINARY LOCAL CLIMATOLOGICAL DATA (WS FORM: F-6)
STATION: TOPEKA KS
MONTH: OCTOBER
YEAR: 2023
LATITUDE: 39 4 N
LONGITUDE: 95 38 W
TEMPERATURE IN F: :PCPN: SNOW: WIND :SUNSHINE: SKY :PK WND
================================================================================
1 2 3 4 5 6A 6B 7 8 9 10 11 12 13 14 15 16 17 18
12Z AVG MX 2MIN
DY MAX MIN AVG DEP HDD CDD WTR SNW DPTH SPD SPD DIR MIN PSBL S-S WX SPD DR
================================================================================
1 94 63 79 16 0 14 0.00 0.0 0 5.7 16 150 M M 0 21 120
2 92 62 77 14 0 12 0.00 0.0 0 6.5 16 150 M M 1 23 170
3 87 64 76 14 0 11 0.03 0.0 0 11.0 25 300 M M 3 3 34 290
4 78 55 67 5 0 2 0.13 0.0 0 4.0 14 10 M M 1 123 19 10
5 82 48 65 3 0 0 0.00 0.0 0 5.5 21 340 M M 0 1 30 10
6 64 40 52 -9 13 0 T 0.0 0 7.9 25 340 M M 3 38 350
7 66 34 50 -11 15 0 0.00 0.0 0 3.9 13 250 M M 0 18 300
8 83 40 62 2 3 0 0.00 0.0 0 5.0 15 310 M M 0 25 290
9 73 43 58 -2 7 0 0.00 0.0 0 2.5 13 350 M M 0 8 20 30
10 78 38 58 -2 7 0 0.03 0.0 0 5.1 20 140 M M 1 13 26 140
11 85 54 70 11 0 5 0.00 0.0 0 11.8 22 180 M M 1 32 180
12 75 65 70 11 0 5 T 0.0 0 16.1 30 160 M M 9 44 150
13 70 53 62 4 3 0 0.00 0.0 0 15.5 26 290 M M 7 43 300
14 57 50 54 -4 11 0 T 0.0 0 12.8 21 340 M M 10 30 300
15 59 45 52 -5 13 0 T 0.0 0 11.2 20 340 M M 10 26 340
16 69 38 54 -3 11 0 0.00 0.0 0 6.5 16 310 M M 0 22 310
17 75 33 54 -3 11 0 0.00 0.0 0 5.1 14 170 M M 0 1 21 170
18 68 49 59 3 6 0 T 0.0 0 5.4 14 300 M M 2 22 270
19 77 49 63 7 2 0 0.00 0.0 0 6.7 15 280 M M 0 23 280
20 85 46 66 11 0 1 0.00 0.0 0 2.9 12 240 M M 0 8 17 270
21 84 44 64 9 1 0 0.00 0.0 0 5.3 16 350 M M 0 24 340
22 78 43 61 7 4 0 0.00 0.0 0 10.3 20 120 M M 0 26 110
23 88 64 76 22 0 11 0.01 0.0 0 13.6 26 170 M M 1 3 37 170
24 73 63 68 14 0 3 0.31 0.0 0 9.6 24 180 M M 9 1 35 160
25 70 65 68 15 0 3 0.28 0.0 0 6.2 15 140 M M 9 1 20 140
26 81 67 74 21 0 9 0.01 0.0 0 9.1 20 200 M M 6 1 32 240
27 71 35 53 1 12 0 T 0.0 0 11.8 23 350 M M 6 31 340
28 42 30 36 -16 29 0 0.42 0.0 0 8.7 16 360 M M 6 13 23 40
29 39 32 36 -16 29 0 T T 0 11.3 21 340 M M 8 4 27 350
30 45 25 35 -16 30 0 0.00 0.0 0 6.0 16 310 M M 0 23 310
31 43 20 32 -19 33 0 0.00 0.0 M 7.5 21 310 M M 0 8 30 310
================================================================================
SM 2231 1457 240 76 1.22 T 250.5 M 93
================================================================================
AV 72.0 47.0 8.1 FASTST M M 3 MAX(MPH)
MISC ----> 30 160 44 150
================================================================================
NOTES:
# LAST OF SEVERAL OCCURRENCES
COLUMN 17 PEAK WIND IN M.P.H.
PRELIMINARY LOCAL CLIMATOLOGICAL DATA (WS FORM: F-6) , PAGE 2
STATION: TOPEKA KS
MONTH: OCTOBER
YEAR: 2023
LATITUDE: 39 4 N
LONGITUDE: 95 38 W
[TEMPERATURE DATA] [PRECIPITATION DATA] SYMBOLS USED IN COLUMN 16
AVERAGE MONTHLY: 59.5 TOTAL FOR MONTH: 1.22 1 = FOG OR MIST
DPTR FM NORMAL: 2.5 DPTR FM NORMAL: -1.63 2 = FOG REDUCING VISIBILITY
HIGHEST: 94 ON 1 GRTST 24HR 0.46 ON 24-25 TO 1/4 MILE OR LESS
LOWEST: 20 ON 31 3 = THUNDER
SNOW, ICE PELLETS, HAIL 4 = ICE PELLETS
TOTAL MONTH: T 5 = HAIL
GRTST 24HR T ON 29-29 6 = FREEZING RAIN OR DRIZZLE
GRTST DEPTH: 0 7 = DUSTSTORM OR SANDSTORM:
VSBY 1/2 MILE OR LESS
8 = SMOKE OR HAZE
[NO. OF DAYS WITH] [WEATHER - DAYS WITH] 9 = BLOWING SNOW
X = TORNADO
MAX 32 OR BELOW: 0 0.01 INCH OR MORE: 8
MAX 90 OR ABOVE: 2 0.10 INCH OR MORE: 4
MIN 32 OR BELOW: 4 0.50 INCH OR MORE: 0
MIN 0 OR BELOW: 0 1.00 INCH OR MORE: 0
[HDD (BASE 65) ]
TOTAL THIS MO. 240 CLEAR (SCALE 0-3) 21
DPTR FM NORMAL -41 PTCLDY (SCALE 4-7) 4
TOTAL FM JUL 1 241 CLOUDY (SCALE 8-10) 6
DPTR FM NORMAL -91
[CDD (BASE 65) ]
TOTAL THIS MO. 76
DPTR FM NORMAL 43 [PRESSURE DATA]
TOTAL FM JAN 1 1883 HIGHEST SLP M ON M
DPTR FM NORMAL 351 LOWEST SLP 29.44 ON 12
[REMARKS]
#FINAL-10-23#