000
CXUS55 KCYS 082144
CF6TOR
PRELIMINARY LOCAL CLIMATOLOGICAL DATA (WS FORM: F-6)
STATION: TORRINGTON WY AIRPORT
MONTH: DECEMBER
YEAR: 2021
LATITUDE: 42 3 N
LONGITUDE: 104 9 W
TEMPERATURE IN F: :PCPN: SNOW: WIND :SUNSHINE: SKY :PK WND
================================================================================
1 2 3 4 5 6A 6B 7 8 9 10 11 12 13 14 15 16 17 18
12Z AVG MX 2MIN
DY MAX MIN AVG DEP HDD CDD WTR SNW DPTH SPD SPD DIR MIN PSBL S-S WX SPD DR
================================================================================
1 71 32 52 21 13 0 0.00 M M 12.0 24 270 M M 0 38 270
2 74 43 59 29 6 0 0.00 M M 11.7 25 250 M M 0 37 260
3 56 28 42 12 23 0 0.00 M M 8.1 16 110 M M 0 22 110
4 62 23 43 13 22 0 0.00 M M 10.5 29 280 M M 0 43 280
5 60 20 40 10 25 0 T M M 18.4 38 280 M M 5 57 280
6 46 10 28 -1 37 0 0.00 M M 10.7 30 280 M M 3 42 290
7 48 21 35 6 30 0 0.00 M M 5.3 28 360 M M 2 40 300
8 57 16 37 8 28 0 0.00 M M 16.3 38 250 M M 0 53 250
9 49 29 39 10 26 0 0.04 M M 11.5 31 270 M M 4 1 44 260
10 29 11 20 -9 45 0 T M M 9.1 21 40 M M 8 18 25 30
11 39 10 25 -3 40 0 0.00 M M 18.4 31 260 M M 0 43 270
12 50 29 40 12 25 0 0.00 M M 10.4 36 280 M M 0 51 270
13 48 21 35 7 30 0 0.00 M M 4.9 13 80 M M 0 15 130
14 37 21 29 1 36 0 0.00 M M 3.4 12 290 M M 0 1 14 290
15 38 21 30 2 35 0 T M M 14.8 47 310 M M 1 1 69 320
16 44 16 30 2 35 0 0.00 M M 8.4 21 270 M M 2 30 270
17 42 10 26 -2 39 0 T M M 12.6 30 280 M M 4 42 270
18 38 2 20 -8 45 0 0.00 M M 4.4 13 270 M M 0 17 280
19 50 33 42 14 23 0 0.00 M M 15.4 32 270 M M 0 46 260
20 47 16 32 4 33 0 0.00 M M 8.4 20 280 M M 3 30 280
21 56 18 37 9 28 0 0.00 M M 18.5 32 280 M M 0 48 290
22 59 39 49 21 16 0 0.00 M M 13.4 26 260 M M 0 40 280
23 58 31 45 17 20 0 0.00 M M 8.2 25 250 M M 0 8 36 240
24 53 33 43 15 22 0 0.00 M M 12.9 32 270 M M 1 49 290
25 48 23 36 8 29 0 0.00 M M 12.5 35 270 M M 1 48 270
26 49 20 35 7 30 0 0.00 M M 14.1 46 250 M M 2 8 60 250
27 47 15 31 3 34 0 0.00 M M 11.5 30 230 M M 2 43 230
28 34 10 22 -6 43 0 0.00 M M 9.5 28 270 M M 2 36 270
29 33 19 26 -2 39 0 0.00 M M 11.1 22 280 M M 3 32 320
30 48 18 33 5 32 0 0.00 M M 15.3 45 270 M M 3 8 65 280
31 37 2 20 -8 45 0 T M M 11.4 31 10 M M 10 1 39 10
================================================================================
SM 1507 640 934 0 0.04 M 353.1 M 56
================================================================================
AV 48.6 20.6 11.4 FASTST M M 2 MAX(MPH)
MISC ----> 47 310 69 320
================================================================================
NOTES:
# LAST OF SEVERAL OCCURRENCES
COLUMN 17 PEAK WIND IN M.P.H.
PRELIMINARY LOCAL CLIMATOLOGICAL DATA (WS FORM: F-6) , PAGE 2
STATION: TORRINGTON WY AIRPORT
MONTH: DECEMBER
YEAR: 2021
LATITUDE: 42 3 N
LONGITUDE: 104 9 W
[TEMPERATURE DATA] [PRECIPITATION DATA] SYMBOLS USED IN COLUMN 16
AVERAGE MONTHLY: 34.6 TOTAL FOR MONTH: 0.04 1 = FOG OR MIST
DPTR FM NORMAL: 6.3 DPTR FM NORMAL: -0.19 2 = FOG REDUCING VISIBILITY
HIGHEST: 74 ON 2 GRTST 24HR 0.04 ON 9- 9 TO 1/4 MILE OR LESS
LOWEST: 2 ON 31,18 3 = THUNDER
SNOW, ICE PELLETS, HAIL 4 = ICE PELLETS
TOTAL MONTH: M 5 = HAIL
GRTST 24HR M ON M 6 = FREEZING RAIN OR DRIZZLE
GRTST DEPTH: M ON M 7 = DUSTSTORM OR SANDSTORM:
VSBY 1/2 MILE OR LESS
8 = SMOKE OR HAZE
[NO. OF DAYS WITH] [WEATHER - DAYS WITH] 9 = BLOWING SNOW
X = TORNADO
MAX 32 OR BELOW: 1 0.01 INCH OR MORE: 1
MAX 90 OR ABOVE: 0 0.10 INCH OR MORE: 0
MIN 32 OR BELOW: 27 0.50 INCH OR MORE: 0
MIN 0 OR BELOW: 0 1.00 INCH OR MORE: 0
[HDD (BASE 65) ]
TOTAL THIS MO. 934 CLEAR (SCALE 0-3) 24
DPTR FM NORMAL -202 PTCLDY (SCALE 4-7) 6
TOTAL FM JUL 1 1958 CLOUDY (SCALE 8-10) 1
DPTR FM NORMAL -717
[CDD (BASE 65) ]
TOTAL THIS MO. 0
DPTR FM NORMAL 0 [PRESSURE DATA]
TOTAL FM JAN 1 951 HIGHEST SLP 30.47 ON 18
DPTR FM NORMAL 226 LOWEST SLP 29.29 ON 24
[REMARKS]
#FINAL-12-21#