000
CXUS52 KTBW 011243
CF6TPA
PRELIMINARY LOCAL CLIMATOLOGICAL DATA (WS FORM: F-6)
STATION: TAMPA
MONTH: JUNE
YEAR: 2023
LATITUDE: 27 58 N
LONGITUDE: 82 32 W
TEMPERATURE IN F: :PCPN: SNOW: WIND :SUNSHINE: SKY :PK WND
================================================================================
1 2 3 4 5 6A 6B 7 8 9 10 11 12 13 14 15 16 17 18
12Z AVG MX 2MIN
DY MAX MIN AVG DEP HDD CDD WTR SNW DPTH SPD SPD DIR MIN PSBL S-S WX SPD DR
================================================================================
1 90 71 81 -1 0 16 0.30 0.0 0 6.2 24 330 M M 7 13 32 330
2 87 72 80 -2 0 15 1.20 0.0 0 6.9 26 360 M M 7 123 43 350
3 89 70 80 -2 0 15 T 0.0 0 6.6 17 290 M M 6 30 280
4 89 70 80 -2 0 15 0.11 0.0 0 7.0 26 350 M M 5 13 37 350
5 90 70 80 -2 0 15 T 0.0 0 6.3 13 80 M M 5 22 90
6 91 73 82 0 0 17 0.00 0.0 0 5.5 13 250 M M 4 19 220
7 87 76 82 0 0 17 0.00 0.0 0 7.8 18 200 M M 6 25 270
8 87 77 82 0 0 17 0.00 0.0 0 8.7 14 250 M M 4 24 270
9 88 78 83 0 0 18 0.00 0.0 0 8.1 15 270 M M 5 25 270
10 89 77 83 0 0 18 0.00 0.0 0 5.6 15 270 M M 3 3 22 270
11 90 77 84 1 0 19 0.00 0.0 0 6.3 15 250 M M 3 24 280
12 91 79 85 2 0 20 0.00 0.0 0 8.2 15 270 M M 4 22 290
13 92 79 86 3 0 21 0.00 0.0 0 7.5 15 300 M M 5 22 290
14 92 80 86 3 0 21 0.00 0.0 0 9.5 16 190 M M 4 21 220
15 93 74 84 1 0 19 0.00 0.0 0 8.9 20 190 M M 7 26 190
16 90 77 84 1 0 19 0.11 0.0 0 11.3 24 330 M M 5 13 38 300
17 94 70 82 -1 0 17 0.82 0.0 0 12.1 28 250 M M 6 138 37 250
18 91 72 82 -1 0 17 0.65 0.0 0 9.8 18 320 M M 8 13 30 270
19 91 78 85 2 0 20 0.11 0.0 0 7.9 16 280 M M 7 38 24 260
20 90 81 86 3 0 21 0.10 0.0 0 13.9 24 240 M M 7 38 36 250
21 86 71 79 -4 0 14 0.75 0.0 0 9.2 28 300 M M 8 13 41 290
22 90 74 82 -1 0 17 T 0.0 0 8.9 17 180 M M 7 3 26 220
23 91 76 84 1 0 19 0.05 0.0 0 6.6 23 280 M M 8 13 40 280
24 92 78 85 1 0 20 0.00 0.0 0 5.4 14 270 M M 6 3 22 280
25 92 79 86 2 0 21 0.00 0.0 0 6.5 16 280 M M 6 3 29 290
26 91 77 84 0 0 19 0.00 0.0 0 7.2 15 270 M M 3 29 270
27 91 80 86 2 0 21 0.00 0.0 0 9.2 14 250 M M 3 21 260
28 92 83 88 4 0 23 0.00 0.0 0 9.9 17 280 M M 5 30 270
29 94 82 88 4 0 23 T 0.0 0 7.1 17 270 M M 5 3 28 280
30 96 77 87 3 0 22 0.00 0.0 0 6.7 15 360 M M 3 24 310
================================================================================
SM 2716 2278 0 556 4.20 0.0 240.8 M 162
================================================================================
AV 90.5 75.9 8.0 FASTST M M 5 MAX(MPH)
MISC ----> # 28 250 43 350
================================================================================
NOTES:
# LAST OF SEVERAL OCCURRENCES
COLUMN 17 PEAK WIND IN M.P.H.
PRELIMINARY LOCAL CLIMATOLOGICAL DATA (WS FORM: F-6) , PAGE 2
STATION: TAMPA
MONTH: JUNE
YEAR: 2023
LATITUDE: 27 58 N
LONGITUDE: 82 32 W
[TEMPERATURE DATA] [PRECIPITATION DATA] SYMBOLS USED IN COLUMN 16
AVERAGE MONTHLY: 83.2 TOTAL FOR MONTH: 4.20 1 = FOG OR MIST
DPTR FM NORMAL: 0.3 DPTR FM NORMAL: -3.17 2 = FOG REDUCING VISIBILITY
HIGHEST: 96 ON 30 GRTST 24HR 1.50 ON 1- 2 TO 1/4 MILE OR LESS
LOWEST: 70 ON 17, 5 3 = THUNDER
SNOW, ICE PELLETS, HAIL 4 = ICE PELLETS
TOTAL MONTH: 0.0 INCH 5 = HAIL
GRTST 24HR 0.0 6 = FREEZING RAIN OR DRIZZLE
GRTST DEPTH: 0 7 = DUSTSTORM OR SANDSTORM:
VSBY 1/2 MILE OR LESS
8 = SMOKE OR HAZE
[NO. OF DAYS WITH] [WEATHER - DAYS WITH] 9 = BLOWING SNOW
X = TORNADO
MAX 32 OR BELOW: 0 0.01 INCH OR MORE: 10
MAX 90 OR ABOVE: 22 0.10 INCH OR MORE: 9
MIN 32 OR BELOW: 0 0.50 INCH OR MORE: 4
MIN 0 OR BELOW: 0 1.00 INCH OR MORE: 1
[HDD (BASE 65) ]
TOTAL THIS MO. 0 CLEAR (SCALE 0-3) 3
DPTR FM NORMAL 0 PTCLDY (SCALE 4-7) 26
TOTAL FM JUL 1 266 CLOUDY (SCALE 8-10) 1
DPTR FM NORMAL -167
[CDD (BASE 65) ]
TOTAL THIS MO. 556
DPTR FM NORMAL 18 [PRESSURE DATA]
TOTAL FM JAN 1 1893 HIGHEST SLP 30.08 ON 23
DPTR FM NORMAL 337 LOWEST SLP 29.66 ON 3
[REMARKS]
#FINAL-06-23#