000
CXUS52 KTBW 021139
CF6TPA
PRELIMINARY LOCAL CLIMATOLOGICAL DATA (WS FORM: F-6)
STATION: TAMPA
MONTH: SEPTEMBER
YEAR: 2021
LATITUDE: 27 58 N
LONGITUDE: 82 32 W
TEMPERATURE IN F: :PCPN: SNOW: WIND :SUNSHINE: SKY :PK WND
================================================================================
1 2 3 4 5 6A 6B 7 8 9 10 11 12 13 14 15 16 17 18
12Z AVG MX 2MIN
DY MAX MIN AVG DEP HDD CDD WTR SNW DPTH SPD SPD DIR MIN PSBL S-S WX SPD DR
================================================================================
1 84 75 80 -4 0 15 2.22 0.0 0 11.3 23 260 M M 8 13 28 240
2 89 75 82 -2 0 17 0.48 0.0 0 6.1 18 220 M M 7 138 25 270
3 91 78 85 1 0 20 T 0.0 0 5.4 15 250 M M 5 3 21 280
4 90 76 83 -1 0 18 1.04 0.0 0 5.3 14 170 M M 5 13 19 270
5 90 77 84 0 0 19 0.00 0.0 0 4.6 12 290 M M 4 18 280
6 89 80 85 1 0 20 0.02 0.0 0 5.0 14 170 M M 6 38 18 190
7 89 76 83 -1 0 18 0.16 0.0 0 3.7 20 250 M M 5 138 24 240
8 92 79 86 3 0 21 T 0.0 0 6.5 17 210 M M 6 3 23 220
9 90 79 85 2 0 20 0.21 0.0 0 9.7 20 330 M M 7 13 28 280
10 89 77 83 0 0 18 T 0.0 0 4.9 13 260 M M 7 3 17 270
11 87 78 83 0 0 18 T 0.0 0 3.3 8 40 M M 8 8 13 100
12 93 78 86 3 0 21 T 0.0 0 6.8 14 60 M M 6 3 21 60
13 95 76 86 3 0 21 1.02 0.0 0 5.3 17 10 M M 7 138 21 10
14 91 74 83 0 0 18 0.56 0.0 0 4.6 16 350 M M 8 13 21 70
15 90 74 82 -1 0 17 T 0.0 0 4.5 15 150 M M 5 20 150
16 87 78 83 0 0 18 0.02 0.0 0 4.2 14 190 M M 8 3 17 190
17 86 79 83 0 0 18 T 0.0 0 3.2 14 210 M M 6 3 17 210
18 87 78 83 0 0 18 0.01 0.0 0 3.0 9 230 M M 8 13 230
19 88 76 82 -1 0 17 0.33 0.0 0 3.3 13 310 M M 7 13 16 240
20 87 78 83 1 0 18 T 0.0 0 2.5 12 200 M M 8 38 14 320
21 91 76 84 2 0 19 1.20 0.0 0 3.9 18 140 M M 6 13 32 130
22 90 76 83 1 0 18 0.00 0.0 0 4.4 13 270 M M 4 16 270
23 89 78 84 2 0 19 0.00 0.0 0 5.9 13 20 M M 6 18 270
24 93 77 85 3 0 20 0.00 0.0 0 4.9 9 70 M M 4 15 70
25 92 76 84 2 0 19 T 0.0 0 6.4 13 310 M M 3 19 270
26 90 76 83 1 0 18 0.12 0.0 0 3.8 12 300 M M 5 17 270
27 90 75 83 1 0 18 0.00 0.0 0 4.9 12 110 M M 3 17 350
28 90 71 81 -1 0 16 0.00 0.0 0 4.2 10 10 M M 4 15 70
29 90 72 81 0 0 16 0.00 0.0 0 4.2 10 90 M M 5 17 40
30 92 75 84 3 0 19 0.00 0.0 0 5.2 13 70 M M 4 18 360
================================================================================
SM 2691 2293 0 552 7.39 0.0 151.0 M 175
================================================================================
AV 89.7 76.4 5.0 FASTST M M 6 MAX(MPH)
MISC ----> 23 260 32 130
================================================================================
NOTES:
# LAST OF SEVERAL OCCURRENCES
COLUMN 17 PEAK WIND IN M.P.H.
PRELIMINARY LOCAL CLIMATOLOGICAL DATA (WS FORM: F-6) , PAGE 2
STATION: TAMPA
MONTH: SEPTEMBER
YEAR: 2021
LATITUDE: 27 58 N
LONGITUDE: 82 32 W
[TEMPERATURE DATA] [PRECIPITATION DATA] SYMBOLS USED IN COLUMN 16
AVERAGE MONTHLY: 83.1 TOTAL FOR MONTH: 7.39 1 = FOG OR MIST
DPTR FM NORMAL: 0.4 DPTR FM NORMAL: 1.30 2 = FOG REDUCING VISIBILITY
HIGHEST: 95 ON 13 GRTST 24HR 2.41 ON 1- 2 TO 1/4 MILE OR LESS
LOWEST: 71 ON 28 3 = THUNDER
SNOW, ICE PELLETS, HAIL 4 = ICE PELLETS
TOTAL MONTH: 0.0 INCH 5 = HAIL
GRTST 24HR 0.0 6 = FREEZING RAIN OR DRIZZLE
GRTST DEPTH: 0 7 = DUSTSTORM OR SANDSTORM:
VSBY 1/2 MILE OR LESS
8 = SMOKE OR HAZE
[NO. OF DAYS WITH] [WEATHER - DAYS WITH] 9 = BLOWING SNOW
X = TORNADO
MAX 32 OR BELOW: 0 0.01 INCH OR MORE: 13
MAX 90 OR ABOVE: 18 0.10 INCH OR MORE: 10
MIN 32 OR BELOW: 0 0.50 INCH OR MORE: 5
MIN 0 OR BELOW: 0 1.00 INCH OR MORE: 4
[HDD (BASE 65) ]
TOTAL THIS MO. 0 CLEAR (SCALE 0-3) 1
DPTR FM NORMAL 0 PTCLDY (SCALE 4-7) 27
TOTAL FM JUL 1 0 CLOUDY (SCALE 8-10) 2
DPTR FM NORMAL 0
[CDD (BASE 65) ]
TOTAL THIS MO. 552
DPTR FM NORMAL 20 [PRESSURE DATA]
TOTAL FM JAN 1 3540 HIGHEST SLP 30.21 ON 12
DPTR FM NORMAL 280 LOWEST SLP 29.85 ON 23
[REMARKS]
#FINAL-09-21#