716
CXUS52 KTBW 020626
CF6TPA
PRELIMINARY LOCAL CLIMATOLOGICAL DATA (WS FORM: F-6)
STATION: Tampa
MONTH: JULY
YEAR: 2020
LATITUDE: 27 58 N
LONGITUDE: 82 32 W
TEMPERATURE IN F: :PCPN: SNOW: WIND :SUNSHINE: SKY :PK WND
================================================================================
1 2 3 4 5 6A 6B 7 8 9 10 11 12 13 14 15 16 17 18
12Z AVG MX 2MIN
DY MAX MIN AVG DEP HDD CDD WTR SNW DPTH SPD SPD DIR MIN PSBL S-S WX SPD DR
================================================================================
1 93 82 88 5 0 23 0.00 0.0 0 8.0 17 270 M M 7 23 290
2 93 83 88 5 0 23 0.00 0.0 0 8.9 17 270 M M 7 22 270
3 90 77 84 1 0 19 0.11 0.0 0 9.6 25 260 M M 7 3 32 260
4 92 81 87 4 0 22 T 0.0 0 8.0 23 260 M M 7 38 31 250
5 91 76 84 1 0 19 0.29 0.0 0 9.0 17 230 M M 7 3 23 230
6 92 77 85 2 0 20 0.15 0.0 0 7.3 21 240 M M 6 38 27 230
7 91 76 84 1 0 19 0.69 0.0 0 7.5 22 200 M M 5 138 29 200
8 91 81 86 3 0 21 0.00 0.0 0 9.6 17 290 M M 7 23 260
9 92 81 87 4 0 22 0.00 0.0 0 9.1 18 290 M M 4 27 300
10 92 80 86 3 0 21 0.13 0.0 0 10.8 20 290 M M 6 18 32 280
11 91 82 87 4 0 22 T 0.0 0 9.8 21 300 M M 6 27 320
12 93 83 88 5 0 23 0.00 0.0 0 8.3 15 280 M M 5 20 270
13 94 82 88 5 0 23 0.00 0.0 0 9.5 24 280 M M 5 3 34 270
14 94 80 87 4 0 22 T 0.0 0 7.9 16 290 M M 5 3 20 290
15 94 74 84 1 0 19 0.64 0.0 0 4.7 18 140 M M 5 13 29 160
16 95 74 85 2 0 20 0.04 0.0 0 4.6 17 290 M M 6 13 22 280
17 96 78 87 4 0 22 T 0.0 0 4.8 17 190 M M 5 3 23 150
18 94 77 86 3 0 21 0.52 0.0 0 5.8 14 110 M M 5 13 22 120
19 94 77 86 3 0 21 0.32 0.0 0 5.1 17 100 M M 4 13 26 30
20 96 77 87 4 0 22 0.00 0.0 0 5.3 17 180 M M 3 3 23 110
21 93 79 86 3 0 21 0.01 0.0 0 6.8 20 110 M M 5 29 110
22 90 77 84 1 0 19 0.06 0.0 0 6.1 25 140 M M 8 138 38 140
23 89 76 83 0 0 18 0.27 0.0 0 4.9 16 110 M M 8 13 25 110
24 94 75 85 2 0 20 0.39 0.0 0 6.0 22 110 M M 6 13 30 120
25 94 77 86 3 0 21 0.08 0.0 0 4.8 18 150 M M 7 38 25 130
26 92 78 85 2 0 20 0.58 0.0 0 5.2 15 330 M M 5 13 19 170
27 93 77 85 2 0 20 0.02 0.0 0 5.6 14 230 M M 4 3 18 260
28 91 76 84 1 0 19 0.01 0.0 0 3.1 15 250 M M 7 38 21 240
29 92 78 85 2 0 20 0.12 0.0 0 4.6 13 250 M M 8 38 16 250
30 92 77 85 2 0 20 0.00 0.0 0 4.8 13 320 M M 6 3 15 280
31 94 80 87 4 0 22 0.00 0.0 0 4.8 13 330 M M 4 3 17 330
================================================================================
SM 2872 2428 0 644 4.43 0.0 210.3 M 180
================================================================================
AV 92.7 78.3 6.8 FASTST M M 6 MAX(MPH)
MISC ----> # 25 260 # 38 140
================================================================================
NOTES:
# LAST OF SEVERAL OCCURRENCES
COLUMN 17 PEAK WIND IN M.P.H.
PRELIMINARY LOCAL CLIMATOLOGICAL DATA (WS FORM: F-6) , PAGE 2
STATION: Tampa
MONTH: JULY
YEAR: 2020
LATITUDE: 27 58 N
LONGITUDE: 82 32 W
[TEMPERATURE DATA] [PRECIPITATION DATA] SYMBOLS USED IN COLUMN 16
AVERAGE MONTHLY: 85.5 TOTAL FOR MONTH: 4.43 1 = FOG OR MIST
DPTR FM NORMAL: 2.5 DPTR FM NORMAL: -2.64 2 = FOG REDUCING VISIBILITY
HIGHEST: 96 ON 20,17 GRTST 24HR 0.69 ON 7- 7 TO 1/4 MILE OR LESS
LOWEST: 74 ON 16,15 3 = THUNDER
SNOW, ICE PELLETS, HAIL 4 = ICE PELLETS
TOTAL MONTH: 0.0 INCH 5 = HAIL
GRTST 24HR 0.0 6 = FREEZING RAIN OR DRIZZLE
GRTST DEPTH: 0 7 = DUSTSTORM OR SANDSTORM:
VSBY 1/2 MILE OR LESS
8 = SMOKE OR HAZE
[NO. OF DAYS WITH] [WEATHER - DAYS WITH] 9 = BLOWING SNOW
X = TORNADO
MAX 32 OR BELOW: 0 0.01 INCH OR MORE: 18
MAX 90 OR ABOVE: 30 0.10 INCH OR MORE: 12
MIN 32 OR BELOW: 0 0.50 INCH OR MORE: 4
MIN 0 OR BELOW: 0 1.00 INCH OR MORE: 0
[HDD (BASE 65) ]
TOTAL THIS MO. 0 CLEAR (SCALE 0-3) 1
DPTR FM NORMAL 0 PTCLDY (SCALE 4-7) 29
TOTAL FM JUL 1 0 CLOUDY (SCALE 8-10) 1
DPTR FM NORMAL 0
[CDD (BASE 65) ]
TOTAL THIS MO. 644
DPTR FM NORMAL 86 [PRESSURE DATA]
TOTAL FM JAN 1 2521 HIGHEST SLP 30.14 ON 29
DPTR FM NORMAL 570 LOWEST SLP 29.86 ON 12
[REMARKS]
#FINAL-07-20#