000
CXUS56 KLKN 070741
CF6TPH
PRELIMINARY LOCAL CLIMATOLOGICAL DATA (WS FORM: F-6)
STATION: TONOPAH AIRPORT NV
MONTH: OCTOBER
YEAR: 2020
LATITUDE: 38 3 N
LONGITUDE: 117 5 W
TEMPERATURE IN F: :PCPN: SNOW: WIND :SUNSHINE: SKY :PK WND
================================================================================
1 2 3 4 5 6A 6B 7 8 9 10 11 12 13 14 15 16 17 18
12Z AVG MX 2MIN
DY MAX MIN AVG DEP HDD CDD WTR SNW DPTH SPD SPD DIR MIN PSBL S-S WX SPD DR
================================================================================
1 89 49 69 10 0 4 0.00 M M 7.3 18 10 M M 0 21 10
2 88 47 68 10 0 3 0.00 M M 9.2 20 320 M M 0 25 290
3 85 51 68 10 0 3 0.00 M M 8.9 20 20 M M 0 22 20
4 86 46 66 8 0 1 0.00 M M 6.7 15 360 M M 0 18 170
5 83 44 64 7 1 0 0.00 M M 6.9 16 360 M M 0 8 18 360
6 84 44 64 7 1 0 0.00 M M 6.6 14 360 M M 0 16 360
7 83 45 64 8 1 0 0.00 M M 8.0 17 220 M M 0 24 200
8 79 48 64 8 1 0 0.00 M M 7.8 16 200 M M 0 20 200
9 79 42 61 5 4 0 0.00 M M 6.2 13 210 M M 0 19 160
10 76 43 60 5 5 0 0.00 M M 7.9 17 200 M M 0 20 220
11 71 48 60 5 5 0 0.00 M M 14.4 25 320 M M 0 30 300
12 77 35 56 2 9 0 0.00 M M 9.5 18 320 M M 0 23 320
13 80 41 61 7 4 0 0.00 M M 7.9 17 10 M M 0 24 290
14 80 43 62 8 3 0 0.00 M M 13.5 28 320 M M 0 34 320
15 78 46 62 9 3 0 0.00 M M 13.2 25 320 M M 0 30 320
16 76 43 60 7 5 0 0.00 M M 11.5 20 320 M M 0 27 280
17 80 38 59 7 6 0 0.00 M M 9.9 18 320 M M 0 24 340
18 79 44 62 10 3 0 0.00 M M 11.4 28 320 M M 0 34 320
19 79 41 60 8 5 0 0.00 M M 9.3 21 310 M M 0 27 300
20 76 41 59 8 6 0 0.00 M M 7.3 18 10 M M 0 8 22 20
21 77 37 57 6 8 0 0.00 M M 6.2 14 350 M M 0 16 300
22 69 38 54 4 11 0 0.00 M M 15.0 28 320 M M 0 34 320
23 66 35 51 1 14 0 0.00 M M 6.5 17 360 M M 0 19 10
24 71 33 52 2 13 0 0.00 M M 6.4 14 360 M M 0 16 10
25 52 25 39 -10 26 0 0.00 M M 21.9 41 330 M M 0 53 320
26 48 20 34 -15 31 0 0.00 M M 18.4 31 330 M M 0 38 320
27 59 31 45 -3 20 0 0.00 M M 17.5 32 320 M M 0 40 320
28 69 34 52 4 13 0 0.00 M M 15.0 30 320 M M 0 35 320
29 69 31 50 2 15 0 0.00 M M 8.2 16 360 M M 0 19 10
30 70 27 49 2 16 0 0.00 M M 7.6 15 360 M M 0 18 10
31 72 28 50 3 15 0 0.00 M M 7.3 15 360 M M 0 18 10
================================================================================
SM 2330 1218 244 11 0.00 M 313.4 M 0
================================================================================
AV 75.2 39.3 10.1 FASTST M M 0 MAX(MPH)
MISC ----> # 41 330 # 53 320
================================================================================
NOTES:
# LAST OF SEVERAL OCCURRENCES
COLUMN 17 PEAK WIND IN M.P.H.
PRELIMINARY LOCAL CLIMATOLOGICAL DATA (WS FORM: F-6) , PAGE 2
STATION: TONOPAH AIRPORT NV
MONTH: OCTOBER
YEAR: 2020
LATITUDE: 38 3 N
LONGITUDE: 117 5 W
[TEMPERATURE DATA] [PRECIPITATION DATA] SYMBOLS USED IN COLUMN 16
AVERAGE MONTHLY: 57.2 TOTAL FOR MONTH: 0.00 1 = FOG OR MIST
DPTR FM NORMAL: 4.4 DPTR FM NORMAL: -0.34 2 = FOG REDUCING VISIBILITY
HIGHEST: 89 ON 1 GRTST 24HR 0.00 ON 31-31 TO 1/4 MILE OR LESS
LOWEST: 20 ON 26 3 = THUNDER
SNOW, ICE PELLETS, HAIL 4 = ICE PELLETS
TOTAL MONTH: M 5 = HAIL
GRTST 24HR M ON M 6 = FREEZING RAIN OR DRIZZLE
GRTST DEPTH: M ON M 7 = DUSTSTORM OR SANDSTORM:
VSBY 1/2 MILE OR LESS
8 = SMOKE OR HAZE
[NO. OF DAYS WITH] [WEATHER - DAYS WITH] 9 = BLOWING SNOW
X = TORNADO
MAX 32 OR BELOW: 0 0.01 INCH OR MORE: 0
MAX 90 OR ABOVE: 0 0.10 INCH OR MORE: 0
MIN 32 OR BELOW: 6 0.50 INCH OR MORE: 0
MIN 0 OR BELOW: 0 1.00 INCH OR MORE: 0
[HDD (BASE 65) ]
TOTAL THIS MO. 244 CLEAR (SCALE 0-3) 31
DPTR FM NORMAL -137 PTCLDY (SCALE 4-7) 0
TOTAL FM JUL 1 259 CLOUDY (SCALE 8-10) 0
DPTR FM NORMAL -213
[CDD (BASE 65) ]
TOTAL THIS MO. 11
DPTR FM NORMAL 9 [PRESSURE DATA]
TOTAL FM JAN 1 1111 HIGHEST SLP 30.55 ON 26
DPTR FM NORMAL 328 LOWEST SLP 29.81 ON 24
[REMARKS]
#FINAL-10-20#