000
CXUS56 KLKN 021613
CF6TPH
PRELIMINARY LOCAL CLIMATOLOGICAL DATA (WS FORM: F-6)
STATION: TONOPAH AIRPORT NV
MONTH: AUGUST
YEAR: 2023
LATITUDE: 38 3 N
LONGITUDE: 117 5 W
TEMPERATURE IN F: :PCPN: SNOW: WIND :SUNSHINE: SKY :PK WND
================================================================================
1 2 3 4 5 6A 6B 7 8 9 10 11 12 13 14 15 16 17 18
12Z AVG MX 2MIN
DY MAX MIN AVG DEP HDD CDD WTR SNW DPTH SPD SPD DIR MIN PSBL S-S WX SPD DR
================================================================================
1 85 69 77 1 0 12 T M M 8.3 23 70 M M 4 30 80
2 88 63 76 0 0 11 T M M 10.7 28 20 M M 4 36 20
3 89 55 72 -4 0 7 0.00 M M 8.7 23 200 M M 0 8 32 150
4 91 53 72 -4 0 7 0.00 M M 7.7 18 180 M M 0 24 180
5 91 56 74 -2 0 9 0.00 M M 8.3 18 300 M M 0 25 300
6 92 61 77 2 0 12 0.00 M M 10.7 20 300 M M 0 31 290
7 94 59 77 2 0 12 0.00 M M 10.4 22 310 M M 0 30 300
8 90 63 77 2 0 12 0.00 M M 9.9 20 300 M M 0 27 290
9 91 57 74 -1 0 9 0.00 M M 9.3 22 190 M M 0 30 200
10 86 55 71 -4 0 6 0.00 M M 7.6 28 120 M M 1 39 170
11 88 61 75 0 0 10 0.00 M M 9.2 21 320 M M 2 32 310
12 89 59 74 0 0 9 0.00 M M 7.6 30 30 M M 1 3 40 30
13 87 63 75 1 0 10 T M M 8.1 28 360 M M 3 3 35 360
14 90 58 74 0 0 9 0.00 M M 8.5 21 210 M M 1 3 33 210
15 90 58 74 0 0 9 0.00 M M 8.4 20 100 M M 1 27 80
16 92 62 77 3 0 12 0.00 M M 10.7 28 40 M M 2 38 60
17 92 63 78 4 0 13 0.00 M M 9.7 23 190 M M 3 32 210
18 90 56 73 -1 0 8 0.00 M M 11.5 26 180 M M 0 36 220
19 78 57 68 -5 0 3 0.24 M M 9.8 26 180 M M 3 1 36 160
20 62 57 60 -13 5 0 2.55 M M 8.3 32 130 M M 10 1 43 130
21 63 62 63 -10 2 0 0.67 M M 26.5 29 170 M M 10 1 44 170
22 71 54 63 -10 2 0 0.00 M M 9.0 10 180 M M M 20 180
23 79 54 67 -6 0 2 0.00 M M 10.0 10 160 M M M 20 160
24 81 57 69 -3 0 4 0.00 M M M 10 160 M M M 20 160
25 81 62 72 0 0 7 0.00 M M 8.0 98 131 M M M 14 130
26 87 57 72 0 0 7 0.00 M M 10.0 24 190 M M 0 33 190
27 88 51 70 -2 0 5 0.00 M M 6.5 14 10 M M 0 17 10
28 89 54 72 0 0 7 0.00 M M 7.2 15 140 M M 0 23 150
29 92 55 74 3 0 9 0.00 M M 8.9 20 180 M M 0 32 150
30 90 57 74 3 0 9 0.00 M M 6.3 16 350 M M 0 19 350
31 91 54 73 2 0 8 0.00 M M 13.7 29 190 M M 0 48 190
================================================================================
SM 2667 1802 9 238 3.46 M 289.5 M 45
================================================================================
AV 86.0 58.1 9.6 FASTST M M 2 MAX(MPH)
MISC ----> 98 131 48 190
================================================================================
NOTES:
# LAST OF SEVERAL OCCURRENCES
COLUMN 17 PEAK WIND IN M.P.H.
PRELIMINARY LOCAL CLIMATOLOGICAL DATA (WS FORM: F-6) , PAGE 2
STATION: TONOPAH AIRPORT NV
MONTH: AUGUST
YEAR: 2023
LATITUDE: 38 3 N
LONGITUDE: 117 5 W
[TEMPERATURE DATA] [PRECIPITATION DATA] SYMBOLS USED IN COLUMN 16
AVERAGE MONTHLY: 72.1 TOTAL FOR MONTH: 3.46 1 = FOG OR MIST
DPTR FM NORMAL: -1.6 DPTR FM NORMAL: 3.07 2 = FOG REDUCING VISIBILITY
HIGHEST: 94 ON 7 GRTST 24HR 2.55 ON 20-20 TO 1/4 MILE OR LESS
LOWEST: 51 ON 27 3 = THUNDER
SNOW, ICE PELLETS, HAIL 4 = ICE PELLETS
TOTAL MONTH: M 5 = HAIL
GRTST 24HR M ON M 6 = FREEZING RAIN OR DRIZZLE
GRTST DEPTH: M ON M 7 = DUSTSTORM OR SANDSTORM:
VSBY 1/2 MILE OR LESS
8 = SMOKE OR HAZE
[NO. OF DAYS WITH] [WEATHER - DAYS WITH] 9 = BLOWING SNOW
X = TORNADO
MAX 32 OR BELOW: 0 0.01 INCH OR MORE: 3
MAX 90 OR ABOVE: 14 0.10 INCH OR MORE: 3
MIN 32 OR BELOW: 0 0.50 INCH OR MORE: 2
MIN 0 OR BELOW: 0 1.00 INCH OR MORE: 1
[HDD (BASE 65) ]
TOTAL THIS MO. 9 CLEAR (SCALE 0-3) 23
DPTR FM NORMAL 7 PTCLDY (SCALE 4-7) 2
TOTAL FM JUL 1 9 CLOUDY (SCALE 8-10) 6
DPTR FM NORMAL 8
[CDD (BASE 65) ]
TOTAL THIS MO. 238
DPTR FM NORMAL -34 [PRESSURE DATA]
TOTAL FM JAN 1 721 HIGHEST SLP 30.13 ON 15
DPTR FM NORMAL -83 LOWEST SLP 29.63 ON 31
[REMARKS]
#FINAL-08-23#