000
CXUS53 KOAX 010930
CF6TQE
PRELIMINARY LOCAL CLIMATOLOGICAL DATA (WS FORM: F-6)
STATION: TEKAMAH NE
MONTH: MAY
YEAR: 2021
LATITUDE: 41 46 N
LONGITUDE: 96 11 W
TEMPERATURE IN F: :PCPN: SNOW: WIND :SUNSHINE: SKY :PK WND
================================================================================
1 2 3 4 5 6A 6B 7 8 9 10 11 12 13 14 15 16 17 18
12Z AVG MX 2MIN
DY MAX MIN AVG DEP HDD CDD WTR SNW DPTH SPD SPD DIR MIN PSBL S-S WX SPD DR
================================================================================
1 93 57 75 19 0 10 0.00 M M 21.5 37 200 M M 0 48 210
2 87 60 74 17 0 9 1.05 M M 13.0 35 240 M M 5 13 45 230
3 67 47 57 0 8 0 0.16 M M 17.4 35 350 M M 7 1 44 350
4 65 39 52 -5 13 0 0.00 M M 13.8 29 330 M M 0 37 340
5 65 33 49 -9 16 0 0.13 M M 8.8 23 340 M M 5 3 29 340
6 68 39 54 -4 11 0 0.00 M M 10.6 22 330 M M 3 34 320
7 71 44 58 -1 7 0 0.00 M M 9.1 21 40 M M 5 25 30
8 57 43 50 -9 15 0 0.81 M M 17.8 29 80 M M 10 13 41 100
9 61 42 52 -8 13 0 0.02 M M 10.7 24 30 M M 8 1 31 30
10 65 40 53 -7 12 0 0.00 M M 8.5 18 360 M M 2 23 350
11 63 37 50 -10 15 0 0.00 M M 6.7 14 110 M M 0 20 60
12 67 35 51 -10 14 0 0.00 M M 6.7 18 140 M M 0 24 140
13 72 37 55 -6 10 0 0.00 M M 11.8 22 170 M M 1 30 190
14 71 51 61 -1 4 0 0.21 M M 10.2 18 140 M M 6 25 150
15 79 48 64 2 1 0 0.01 M M 6.2 15 50 M M 2 12 19 50
16 65 58 62 0 3 0 T M M 9.6 16 120 M M 8 1 22 140
17 69 58 64 1 1 0 0.09 M M 9.8 18 90 M M 9 18 23 90
18 70 56 63 0 2 0 0.02 M M 6.8 16 90 M M 8 12 21 80
19 75 55 65 1 0 0 0.95 M M 8.4 22 170 M M 7 12 27 170
20 74 64 69 5 0 4 0.02 M M 11.5 22 160 M M 8 1 28 160
21 82 65 74 9 0 9 0.01 M M 17.7 29 170 M M 6 1 36 180
22 85 67 76 11 0 11 0.00 M M 13.8 23 150 M M 6 28 150
23 87 64 76 11 0 11 0.00 M M 13.3 25 160 M M 5 32 150
24 85 62 74 8 0 9 0.13 M M 17.4 32 180 M M 8 18 40 170
25 88 60 74 8 0 9 0.00 M M 10.9 18 240 M M 5 26 190
26 83 54 69 3 0 4 0.08 M M 7.1 14 100 M M 1 23 120
27 67 49 58 -9 7 0 0.94 M M 12.4 25 110 M M 10 13 30 110
28 54 46 50 -17 15 0 0.01 M M 11.3 20 360 M M 10 1 24 10
29 66 41 54 -14 11 0 0.00 M M 8.1 16 140 M M 3 21 140
30 62 52 57 -11 8 0 0.19 M M 3.7 13 160 M M 8 1 15 160
31 77 52 65 -3 0 0 0.00 M M 3.6 9 200 M M 0 1 12 160
================================================================================
SM 2240 1555 186 76 4.83 M 338.2 M 156
================================================================================
AV 72.3 50.2 10.9 FASTST M M 5 MAX(MPH)
MISC ----> 37 200 48 210
================================================================================
NOTES:
# LAST OF SEVERAL OCCURRENCES
COLUMN 17 PEAK WIND IN M.P.H.
PRELIMINARY LOCAL CLIMATOLOGICAL DATA (WS FORM: F-6) , PAGE 2
STATION: TEKAMAH NE
MONTH: MAY
YEAR: 2021
LATITUDE: 41 46 N
LONGITUDE: 96 11 W
[TEMPERATURE DATA] [PRECIPITATION DATA] SYMBOLS USED IN COLUMN 16
AVERAGE MONTHLY: 61.2 TOTAL FOR MONTH: 4.83 1 = FOG OR MIST
DPTR FM NORMAL: -1.2 DPTR FM NORMAL: 0.88 2 = FOG REDUCING VISIBILITY
HIGHEST: 93 ON 1 GRTST 24HR 1.21 ON 2- 3 TO 1/4 MILE OR LESS
LOWEST: 33 ON 5 3 = THUNDER
SNOW, ICE PELLETS, HAIL 4 = ICE PELLETS
TOTAL MONTH: M 5 = HAIL
GRTST 24HR M ON M 6 = FREEZING RAIN OR DRIZZLE
GRTST DEPTH: M ON M 7 = DUSTSTORM OR SANDSTORM:
VSBY 1/2 MILE OR LESS
8 = SMOKE OR HAZE
[NO. OF DAYS WITH] [WEATHER - DAYS WITH] 9 = BLOWING SNOW
X = TORNADO
MAX 32 OR BELOW: 0 0.01 INCH OR MORE: 17
MAX 90 OR ABOVE: 1 0.10 INCH OR MORE: 9
MIN 32 OR BELOW: 0 0.50 INCH OR MORE: 4
MIN 0 OR BELOW: 0 1.00 INCH OR MORE: 1
[HDD (BASE 65) ]
TOTAL THIS MO. 186 CLEAR (SCALE 0-3) 10
DPTR FM NORMAL 29 PTCLDY (SCALE 4-7) 16
TOTAL FM JUL 1 6264 CLOUDY (SCALE 8-10) 5
DPTR FM NORMAL -130
[CDD (BASE 65) ]
TOTAL THIS MO. 76
DPTR FM NORMAL 0 [PRESSURE DATA]
TOTAL FM JAN 1 101 HIGHEST SLP 30.46 ON 12
DPTR FM NORMAL 15 LOWEST SLP 29.35 ON 2
[REMARKS]
#FINAL-05-21#