000
CXUS53 KOAX 011000
CF6TQE
PRELIMINARY LOCAL CLIMATOLOGICAL DATA (WS FORM: F-6)
STATION: TEKAMAH NE
MONTH: APRIL
YEAR: 2020
LATITUDE: 41 46 N
LONGITUDE: 96 11 W
TEMPERATURE IN F: :PCPN: SNOW: WIND :SUNSHINE: SKY :PK WND
================================================================================
1 2 3 4 5 6A 6B 7 8 9 10 11 12 13 14 15 16 17 18
12Z AVG MX 2MIN
DY MAX MIN AVG DEP HDD CDD WTR SNW DPTH SPD SPD DIR MIN PSBL S-S WX SPD DR
================================================================================
1 74 43 59 14 6 0 T M M 15.7 25 170 M M 2 31 170
2 57 25 41 -5 24 0 0.02 M M 17.4 29 340 M M 9 16 37 330
3 31 23 27 -19 38 0 T M M 17.8 30 330 M M 10 6 37 340
4 51 26 39 -8 26 0 0.00 M M 8.2 16 140 M M 6 21 120
5 62 24 43 -4 22 0 0.00 M M 9.9 22 150 M M 1 27 120
6 72 49 61 14 4 0 0.00 M M 12.9 23 190 M M 7 1 28 180
7 86 43 65 17 0 0 0.00 M M 8.7 26 270 M M 2 12 35 280
8 70 38 54 6 11 0 0.00 M M 14.2 36 360 M M 2 49 360
9 50 26 38 -10 27 0 0.00 M M 19.6 41 330 M M 1 53 320
10 59 18 39 -10 26 0 0.00 M M 10.8 25 180 M M 2 8 32 210
11 69 38 54 5 11 0 T M M 9.8 26 350 M M 4 8 31 350
12 46 27 37 -13 28 0 0.39 M M 28.2 44 360 M M 9 13 57 350
13 37 22 30 -20 35 0 0.00 M M 15.1 29 290 M M 1 38 290
14 44 21 33 -17 32 0 T M M 10.9 22 290 M M 4 8 36 280
15 49 16 33 -18 32 0 0.00 M M 8.2 18 60 M M 3 24 310
16 40 32 36 -15 29 0 0.01 M M 7.1 20 120 M M 10 18 25 130
17 52 28 40 -12 25 0 0.00 M M 10.9 25 220 M M 4 18 34 210
18 75 34 55 3 10 0 0.00 M M 15.4 30 210 M M 1 8 37 210
19 60 36 48 -4 17 0 T M M 8.6 18 10 M M 4 24 10
20 72 42 57 4 8 0 0.02 M M 12.1 32 320 M M 6 46 300
21 75 31 53 0 12 0 0.00 M M 6.9 21 260 M M 0 26 240
22 80 51 66 13 0 1 0.00 M M 13.5 26 270 M M 1 34 240
23 83 38 61 7 4 0 0.05 M M 7.8 30 300 M M 4 45 300
24 63 47 55 1 10 0 T M M 10.4 22 360 M M 5 27 30
25 70 36 53 -1 12 0 0.05 M M 7.9 23 320 M M 2 13 31 320
26 73 36 55 0 10 0 0.08 M M 8.4 22 180 M M 2 3 28 180
27 83 50 67 12 0 2 T M M 9.3 31 180 M M 0 3 37 170
28 73 50 62 6 3 0 0.02 M M 17.2 38 310 M M 5 3 50 310
29 72 51 62 6 3 0 T M M 22.1 36 350 M M 5 8 51 330
30 76 42 59 3 6 0 0.00 M M 7.0 14 140 M M 0 18 170
================================================================================
SM 1904 1043 471 3 0.64 M 372.0 M 112
================================================================================
AV 63.5 34.8 12.4 FASTST M M 4 MAX(MPH)
MISC ----> # 44 360 # 57 350
================================================================================
NOTES:
# LAST OF SEVERAL OCCURRENCES
COLUMN 17 PEAK WIND IN M.P.H.
PRELIMINARY LOCAL CLIMATOLOGICAL DATA (WS FORM: F-6) , PAGE 2
STATION: TEKAMAH NE
MONTH: APRIL
YEAR: 2020
LATITUDE: 41 46 N
LONGITUDE: 96 11 W
[TEMPERATURE DATA] [PRECIPITATION DATA] SYMBOLS USED IN COLUMN 16
AVERAGE MONTHLY: 49.1 TOTAL FOR MONTH: 0.64 1 = FOG OR MIST
DPTR FM NORMAL: -1.8 DPTR FM NORMAL: -2.64 2 = FOG REDUCING VISIBILITY
HIGHEST: 86 ON 7 GRTST 24HR 0.39 ON 12-12 TO 1/4 MILE OR LESS
LOWEST: 16 ON 15 3 = THUNDER
SNOW, ICE PELLETS, HAIL 4 = ICE PELLETS
TOTAL MONTH: M 5 = HAIL
GRTST 24HR M ON M 6 = FREEZING RAIN OR DRIZZLE
GRTST DEPTH: M ON M 7 = DUSTSTORM OR SANDSTORM:
VSBY 1/2 MILE OR LESS
8 = SMOKE OR HAZE
[NO. OF DAYS WITH] [WEATHER - DAYS WITH] 9 = BLOWING SNOW
X = TORNADO
MAX 32 OR BELOW: 1 0.01 INCH OR MORE: 8
MAX 90 OR ABOVE: 0 0.10 INCH OR MORE: 1
MIN 32 OR BELOW: 13 0.50 INCH OR MORE: 0
MIN 0 OR BELOW: 0 1.00 INCH OR MORE: 0
[HDD (BASE 65) ]
TOTAL THIS MO. 471 CLEAR (SCALE 0-3) 15
DPTR FM NORMAL 40 PTCLDY (SCALE 4-7) 11
TOTAL FM JUL 1 6041 CLOUDY (SCALE 8-10) 4
DPTR FM NORMAL -288
[CDD (BASE 65) ]
TOTAL THIS MO. 3
DPTR FM NORMAL -5 [PRESSURE DATA]
TOTAL FM JAN 1 3 HIGHEST SLP 30.34 ON 4
DPTR FM NORMAL -5 LOWEST SLP 29.55 ON 11
[REMARKS]
#FINAL-04-20#